000
CDUS43 KARX 180640
CLILSE


CLIMATE REPORT
NATIONAL WEATHER SERVICE LA CROSSE WI
139 AM CDT SAT APR 18 2015


...................................

...THE LA CROSSE WI CLIMATE SUMMARY FOR APRIL 17 2015...

CLIMATE NORMAL PERIOD 1981 TO 2010
CLIMATE RECORD PERIOD 1873 TO 2015


WEATHER ITEM   OBSERVED TIME   RECORD YEAR NORMAL DEPARTURE LAST
                VALUE   (LST)  VALUE       VALUE  FROM      YEAR
                                                  NORMAL
..................................................................
TEMPERATURE (F)
 YESTERDAY
  MAXIMUM         81    326 PM  82    1985  60     21       50
                                      1958
  MINIMUM         50    528 AM  15    1875  39     11       37
  AVERAGE         66                        49     17       44

PRECIPITATION (IN)
  YESTERDAY        0.00          1.59 1976   0.12  -0.12      T
  MONTH TO DATE    3.23                      1.78   1.45     3.74
  SINCE MAR 1      4.04                      3.82   0.22     5.05
  SINCE JAN 1      5.25                      5.99  -0.74     7.41

SNOWFALL (IN)
  YESTERDAY        0.0           1.6  1965   0.1   -0.1      0.0
  MONTH TO DATE    0.4                       1.3   -0.9      2.3
  SINCE JUL 1     38.7                      42.9   -4.2     48.9
  SNOW DEPTH       0

DEGREE DAYS
 HEATING
  YESTERDAY        0                        16    -16       21
  MONTH TO DATE  226                       330   -104      377
  SINCE JUL 1   6718                      6783    -65     7722

 COOLING
  YESTERDAY        1                         0      1        0
  MONTH TO DATE    1                         0      1        0
  SINCE JAN 1      1                         0      1        0
..................................................................


WIND (MPH)
  HIGHEST WIND SPEED    12   HIGHEST WIND DIRECTION     N (340)
  HIGHEST GUST SPEED    14   HIGHEST GUST DIRECTION     N (340)
  AVERAGE WIND SPEED     4.0


SKY COVER
  POSSIBLE SUNSHINE  MM
  AVERAGE SKY COVER 0.1


WEATHER CONDITIONS
 THE FOLLOWING WEATHER WAS RECORDED YESTERDAY.
  NO SIGNIFICANT WEATHER WAS OBSERVED.


RELATIVE HUMIDITY (PERCENT)
 HIGHEST    77           500 AM
 LOWEST     26           300 PM
 AVERAGE    52

..........................................................


THE LA CROSSE WI CLIMATE NORMALS FOR TODAY
                         NORMAL    RECORD    YEAR
 MAXIMUM TEMPERATURE (F)   61        89      1985
 MINIMUM TEMPERATURE (F)   39        20      1983


SUNRISE AND SUNSET
APRIL 18 2015.........SUNRISE   617 AM CDT   SUNSET   752 PM CDT
APRIL 19 2015.........SUNRISE   616 AM CDT   SUNSET   753 PM CDT


-  INDICATES NEGATIVE NUMBERS.
R  INDICATES RECORD WAS SET OR TIED.
MM INDICATES DATA IS MISSING.
T  INDICATES TRACE AMOUNT.




$$
