000
CDUS43 KARX 010637
CLIRST


CLIMATE REPORT
NATIONAL WEATHER SERVICE LA CROSSE WI
135 AM CDT WED APR 1 2015


...................................

...THE ROCHESTER MN CLIMATE SUMMARY FOR MARCH 31 2015...

CLIMATE NORMAL PERIOD 1981 TO 2010
CLIMATE RECORD PERIOD 1886 TO 2015


WEATHER ITEM   OBSERVED TIME   RECORD YEAR NORMAL DEPARTURE LAST
                VALUE   (LST)  VALUE       VALUE  FROM      YEAR
                                                  NORMAL
..................................................................
TEMPERATURE (F)
 YESTERDAY
  MAXIMUM         62    359 PM  78    1986  49     13       60
                                      1978
  MINIMUM         32    536 AM  -2    1934  30      2       27
  AVERAGE         47                        40      7       44

PRECIPITATION (IN)
  YESTERDAY        0.00          1.81 1993   0.08  -0.08     0.18
  MONTH TO DATE    1.07                      1.88  -0.81     1.15
  SINCE MAR 1      1.07                      1.88  -0.81     1.15
  SINCE JAN 1      2.43                      3.57  -1.14     3.91

SNOWFALL (IN)
  YESTERDAY        0.0           9.0  1929   0.2   -0.2      0.0
  MONTH TO DATE   10.9                       8.7    2.2      6.2
  SINCE JUL 1     48.9                      48.6    0.3     54.0
  SNOW DEPTH       0

DEGREE DAYS
 HEATING
  YESTERDAY       18                        26     -8       21
  MONTH TO DATE 1003                      1010     -7     1255
  SINCE JUL 1   7298                      6872    426     7980

 COOLING
  YESTERDAY        0                         0      0        0
  MONTH TO DATE    0                         0      0        0
  SINCE JAN 1      0                         0      0        0
..................................................................


WIND (MPH)
  HIGHEST WIND SPEED    20   HIGHEST WIND DIRECTION    NW (320)
  HIGHEST GUST SPEED    24   HIGHEST GUST DIRECTION    NW (300)
  AVERAGE WIND SPEED     9.6


SKY COVER
  POSSIBLE SUNSHINE  MM
  AVERAGE SKY COVER 0.0


WEATHER CONDITIONS
 THE FOLLOWING WEATHER WAS RECORDED YESTERDAY.
  FOG
  HAZE


RELATIVE HUMIDITY (PERCENT)
 HIGHEST    92          1200 AM
 LOWEST     36           700 PM
 AVERAGE    64

..........................................................


THE ROCHESTER MN CLIMATE NORMALS FOR TODAY
                         NORMAL    RECORD    YEAR
 MAXIMUM TEMPERATURE (F)   49        83      2010
 MINIMUM TEMPERATURE (F)   31        10      1975


SUNRISE AND SUNSET
APRIL  1 2015.........SUNRISE   652 AM CDT   SUNSET   737 PM CDT
APRIL  2 2015.........SUNRISE   650 AM CDT   SUNSET   738 PM CDT


-  INDICATES NEGATIVE NUMBERS.
R  INDICATES RECORD WAS SET OR TIED.
MM INDICATES DATA IS MISSING.
T  INDICATES TRACE AMOUNT.




$$
