000
CDUS43 KARX 220646
CLIRST


CLIMATE REPORT
NATIONAL WEATHER SERVICE LA CROSSE WI
145 AM CDT WED APR 22 2015


...................................

...THE ROCHESTER MN CLIMATE SUMMARY FOR APRIL 21 2015...

CLIMATE NORMAL PERIOD 1981 TO 2010
CLIMATE RECORD PERIOD 1886 TO 2015


WEATHER ITEM   OBSERVED TIME   RECORD YEAR NORMAL DEPARTURE LAST
                VALUE   (LST)  VALUE       VALUE  FROM      YEAR
                                                  NORMAL
..................................................................
TEMPERATURE (F)
 YESTERDAY
  MAXIMUM         41    328 PM  91    1980  60    -19       68
  MINIMUM         33   1159 PM  18    1934  39     -6       43
  AVERAGE         37                        49    -12       56

PRECIPITATION (IN)
  YESTERDAY        T             0.80 1972   0.11  -0.11     0.56
  MONTH TO DATE    4.61                      2.14   2.47     3.00
  SINCE MAR 1      5.68                      4.02   1.66     4.15
  SINCE JAN 1      7.04                      5.71   1.33     6.91

SNOWFALL (IN)
  YESTERDAY        T             4.0  2002   0.1   -0.1      0.0
  MONTH TO DATE    1.5                       2.7   -1.2      5.1
  SINCE JUL 1     50.4                      51.3   -0.9     59.1
  SNOW DEPTH       0

DEGREE DAYS
 HEATING
  YESTERDAY       28                        16     12        9
  MONTH TO DATE  359                       429    -70      478
  SINCE JUL 1   7657                      7301    356     8458

 COOLING
  YESTERDAY        0                         0      0        0
  MONTH TO DATE    0                         0      0        0
  SINCE JAN 1      0                         0      0        0
..................................................................


WIND (MPH)
  HIGHEST WIND SPEED    36   HIGHEST WIND DIRECTION     W (290)
  HIGHEST GUST SPEED    46   HIGHEST GUST DIRECTION     W (290)
  AVERAGE WIND SPEED    23.3


SKY COVER
  POSSIBLE SUNSHINE  MM
  AVERAGE SKY COVER 1.0


WEATHER CONDITIONS
 THE FOLLOWING WEATHER WAS RECORDED YESTERDAY.
  HAZE


RELATIVE HUMIDITY (PERCENT)
 HIGHEST    82          1200 AM
 LOWEST     59           200 PM
 AVERAGE    71

..........................................................


THE ROCHESTER MN CLIMATE NORMALS FOR TODAY
                         NORMAL    RECORD    YEAR
 MAXIMUM TEMPERATURE (F)   60        91      1980
 MINIMUM TEMPERATURE (F)   39        20      1936


SUNRISE AND SUNSET
APRIL 22 2015.........SUNRISE   616 AM CDT   SUNSET   802 PM CDT
APRIL 23 2015.........SUNRISE   614 AM CDT   SUNSET   803 PM CDT


-  INDICATES NEGATIVE NUMBERS.
R  INDICATES RECORD WAS SET OR TIED.
MM INDICATES DATA IS MISSING.
T  INDICATES TRACE AMOUNT.




$$
