000
CDUS43 KARX 300634
CLIRST


CLIMATE REPORT
NATIONAL WEATHER SERVICE LA CROSSE WI
133 AM CDT THU APR 30 2015


...................................

...THE ROCHESTER MN CLIMATE SUMMARY FOR APRIL 29 2015...

CLIMATE NORMAL PERIOD 1981 TO 2010
CLIMATE RECORD PERIOD 1886 TO 2015


WEATHER ITEM   OBSERVED TIME   RECORD YEAR NORMAL DEPARTURE LAST
                VALUE   (LST)  VALUE       VALUE  FROM      YEAR
                                                  NORMAL
..................................................................
TEMPERATURE (F)
 YESTERDAY
  MAXIMUM         66    357 PM  89    1952  63      3       41
  MINIMUM         42    607 AM  17    1956  42      0       33
  AVERAGE         54                        52      2       37

PRECIPITATION (IN)
  YESTERDAY        0.00          1.34 1984   0.12  -0.12     0.66
  MONTH TO DATE    4.93                      3.11   1.82     5.37
  SINCE MAR 1      6.00                      4.99   1.01     6.52
  SINCE JAN 1      7.36                      6.68   0.68     9.28

SNOWFALL (IN)
  YESTERDAY        0.0           7.1  1956   0.1   -0.1      1.2
  MONTH TO DATE    1.5                       3.3   -1.8      6.3
  SINCE JUL 1     50.4                      51.9   -1.5     60.3
  SNOW DEPTH       0

DEGREE DAYS
 HEATING
  YESTERDAY       11                        13     -2       28
  MONTH TO DATE  502                       541    -39      647
  SINCE JUL 1   7800                      7413    387     8627

 COOLING
  YESTERDAY        0                         0      0        0
  MONTH TO DATE    0                         0      0        0
  SINCE JAN 1      0                         0      0        0
..................................................................


WIND (MPH)
  HIGHEST WIND SPEED    22   HIGHEST WIND DIRECTION     N (10)
  HIGHEST GUST SPEED    29   HIGHEST GUST DIRECTION     N (360)
  AVERAGE WIND SPEED    11.3


SKY COVER
  POSSIBLE SUNSHINE  MM
  AVERAGE SKY COVER 0.0


WEATHER CONDITIONS
 THE FOLLOWING WEATHER WAS RECORDED YESTERDAY.
  NO SIGNIFICANT WEATHER WAS OBSERVED.


RELATIVE HUMIDITY (PERCENT)
 HIGHEST    82           400 AM
 LOWEST     26           100 PM
 AVERAGE    54

..........................................................


THE ROCHESTER MN CLIMATE NORMALS FOR TODAY
                         NORMAL    RECORD    YEAR
 MAXIMUM TEMPERATURE (F)   64        90      1952
 MINIMUM TEMPERATURE (F)   42        11      1956


SUNRISE AND SUNSET
APRIL 30 2015.........SUNRISE   604 AM CDT   SUNSET   812 PM CDT
MAY  1 2015...........SUNRISE   602 AM CDT   SUNSET   813 PM CDT


-  INDICATES NEGATIVE NUMBERS.
R  INDICATES RECORD WAS SET OR TIED.
MM INDICATES DATA IS MISSING.
T  INDICATES TRACE AMOUNT.




$$
