000
CDUS43 KARX 270712
CLIRST


CLIMATE REPORT
NATIONAL WEATHER SERVICE LA CROSSE WI
211 AM CDT FRI MAR 27 2015


...................................

...THE ROCHESTER MN CLIMATE SUMMARY FOR MARCH 26 2015...

CLIMATE NORMAL PERIOD 1981 TO 2010
CLIMATE RECORD PERIOD 1886 TO 2015


WEATHER ITEM   OBSERVED TIME   RECORD YEAR NORMAL DEPARTURE LAST
                VALUE   (LST)  VALUE       VALUE  FROM      YEAR
                                                  NORMAL
..................................................................
TEMPERATURE (F)
 YESTERDAY
  MAXIMUM         32    405 PM  77    2007  46    -14       39
  MINIMUM         20   1159 PM  -4    1996  28     -8       10
                                      1937
  AVERAGE         26                        37    -11       25

PRECIPITATION (IN)
  YESTERDAY        0.00          1.17 1920   0.07  -0.07     0.00
  MONTH TO DATE    1.06                      1.49  -0.43     0.68
  SINCE MAR 1      1.06                      1.49  -0.43     0.68
  SINCE JAN 1      2.42                      3.18  -0.76     3.44

SNOWFALL (IN)
  YESTERDAY        0.0           2.3  1974   0.2   -0.2      0.0
  MONTH TO DATE   10.9                       7.7    3.2      6.1
  SINCE JUL 1     48.9                      47.6    1.3     53.9
  SNOW DEPTH       7

DEGREE DAYS
 HEATING
  YESTERDAY       39                        28     11       40
  MONTH TO DATE  857                       878    -21     1123
  SINCE JUL 1   7152                      6739    413     7848

 COOLING
  YESTERDAY        0                         0      0        0
  MONTH TO DATE    0                         0      0        0
  SINCE JAN 1      0                         0      0        0
..................................................................


WIND (MPH)
  HIGHEST WIND SPEED    21   HIGHEST WIND DIRECTION    NW (310)
  HIGHEST GUST SPEED    25   HIGHEST GUST DIRECTION    NW (310)
  AVERAGE WIND SPEED    15.6


SKY COVER
  POSSIBLE SUNSHINE  MM
  AVERAGE SKY COVER 0.6


WEATHER CONDITIONS
 THE FOLLOWING WEATHER WAS RECORDED YESTERDAY.
  NO SIGNIFICANT WEATHER WAS OBSERVED.


RELATIVE HUMIDITY (PERCENT)
 HIGHEST    81           100 AM
 LOWEST     62          1100 PM
 AVERAGE    72

..........................................................


THE ROCHESTER MN CLIMATE NORMALS FOR TODAY
                         NORMAL    RECORD    YEAR
 MAXIMUM TEMPERATURE (F)   46        74      1946
 MINIMUM TEMPERATURE (F)   29         2      1964


SUNRISE AND SUNSET
MARCH 27 2015.........SUNRISE   701 AM CDT   SUNSET   731 PM CDT
MARCH 28 2015.........SUNRISE   659 AM CDT   SUNSET   732 PM CDT


-  INDICATES NEGATIVE NUMBERS.
R  INDICATES RECORD WAS SET OR TIED.
MM INDICATES DATA IS MISSING.
T  INDICATES TRACE AMOUNT.




$$
