000
CDUS43 KARX 120702
CLIRST


CLIMATE REPORT
NATIONAL WEATHER SERVICE LA CROSSE WI
202 AM CDT SUN APR 12 2015


...................................

...THE ROCHESTER MN CLIMATE SUMMARY FOR APRIL 11 2015...

CLIMATE NORMAL PERIOD 1981 TO 2010
CLIMATE RECORD PERIOD 1886 TO 2015


WEATHER ITEM   OBSERVED TIME   RECORD YEAR NORMAL DEPARTURE LAST
                VALUE   (LST)  VALUE       VALUE  FROM      YEAR
                                                  NORMAL
..................................................................
TEMPERATURE (F)
 YESTERDAY
  MAXIMUM         63    349 PM  82    1977  55      8       64
  MINIMUM         35    511 AM  12    1973  35      0       35
  AVERAGE         49                        45      4       50

PRECIPITATION (IN)
  YESTERDAY        0.00          3.75 2001   0.10  -0.10     0.01
  MONTH TO DATE    3.11                      1.02   2.09     0.85
  SINCE MAR 1      4.18                      2.90   1.28     2.00
  SINCE JAN 1      5.54                      4.59   0.95     4.76

SNOWFALL (IN)
  YESTERDAY        0.0           5.7  2007   0.2   -0.2      0.0
  MONTH TO DATE    1.5                       1.6   -0.1      3.2
  SINCE JUL 1     50.4                      50.2    0.2     57.2
  SNOW DEPTH       0

DEGREE DAYS
 HEATING
  YESTERDAY       16                        20     -4       15
  MONTH TO DATE  234                       250    -16      263
  SINCE JUL 1   7532                      7122    410     8243

 COOLING
  YESTERDAY        0                         0      0        0
  MONTH TO DATE    0                         0      0        0
  SINCE JAN 1      0                         0      0        0
..................................................................


WIND (MPH)
  HIGHEST WIND SPEED    23   HIGHEST WIND DIRECTION     S (200)
  HIGHEST GUST SPEED    28   HIGHEST GUST DIRECTION     S (200)
  AVERAGE WIND SPEED    14.5


SKY COVER
  POSSIBLE SUNSHINE  MM
  AVERAGE SKY COVER 0.0


WEATHER CONDITIONS
 THE FOLLOWING WEATHER WAS RECORDED YESTERDAY.
  NO SIGNIFICANT WEATHER WAS OBSERVED.


RELATIVE HUMIDITY (PERCENT)
 HIGHEST    89           600 AM
 LOWEST     46           400 PM
 AVERAGE    68

..........................................................


THE ROCHESTER MN CLIMATE NORMALS FOR TODAY
                         NORMAL    RECORD    YEAR
 MAXIMUM TEMPERATURE (F)   56        81      1931
 MINIMUM TEMPERATURE (F)   35        14      1940
                                             1939


SUNRISE AND SUNSET
APRIL 12 2015.........SUNRISE   632 AM CDT   SUNSET   750 PM CDT
APRIL 13 2015.........SUNRISE   631 AM CDT   SUNSET   751 PM CDT


-  INDICATES NEGATIVE NUMBERS.
R  INDICATES RECORD WAS SET OR TIED.
MM INDICATES DATA IS MISSING.
T  INDICATES TRACE AMOUNT.




$$
