000
CDUS43 KARX 170644
CLIRST


CLIMATE REPORT
NATIONAL WEATHER SERVICE LA CROSSE WI
143 AM CDT FRI APR 17 2015


...................................

...THE ROCHESTER MN CLIMATE SUMMARY FOR APRIL 16 2015...

CLIMATE NORMAL PERIOD 1981 TO 2010
CLIMATE RECORD PERIOD 1886 TO 2015


WEATHER ITEM   OBSERVED TIME   RECORD YEAR NORMAL DEPARTURE LAST
                VALUE   (LST)  VALUE       VALUE  FROM      YEAR
                                                  NORMAL
..................................................................
TEMPERATURE (F)
 YESTERDAY
  MAXIMUM         71    237 PM  84    2004  58     13       52
                                      2002
                                      1977
  MINIMUM         46    623 AM  18    1983  37      9       31
                                      1949
  AVERAGE         59                        47     12       42

PRECIPITATION (IN)
  YESTERDAY        0.00          1.20 2006   0.11  -0.11     0.03
  MONTH TO DATE    3.14                      1.58   1.56     2.14
  SINCE MAR 1      4.21                      3.46   0.75     3.29
  SINCE JAN 1      5.57                      5.15   0.42     6.05

SNOWFALL (IN)
  YESTERDAY        0.0           2.8  1961   0.1   -0.1      0.0
  MONTH TO DATE    1.5                       2.2   -0.7      5.1
  SINCE JUL 1     50.4                      50.8   -0.4     59.1
  SNOW DEPTH       0

DEGREE DAYS
 HEATING
  YESTERDAY        6                        18    -12       23
  MONTH TO DATE  287                       345    -58      400
  SINCE JUL 1   7585                      7217    368     8380

 COOLING
  YESTERDAY        0                         0      0        0
  MONTH TO DATE    0                         0      0        0
  SINCE JAN 1      0                         0      0        0
..................................................................


WIND (MPH)
  HIGHEST WIND SPEED    14   HIGHEST WIND DIRECTION    SW (220)
  HIGHEST GUST SPEED    18   HIGHEST GUST DIRECTION     W (250)
  AVERAGE WIND SPEED     8.7


SKY COVER
  POSSIBLE SUNSHINE  MM
  AVERAGE SKY COVER 0.6


WEATHER CONDITIONS
 THE FOLLOWING WEATHER WAS RECORDED YESTERDAY.
  NO SIGNIFICANT WEATHER WAS OBSERVED.


RELATIVE HUMIDITY (PERCENT)
 HIGHEST    67          1000 PM
 LOWEST     28           200 PM
 AVERAGE    48

..........................................................


THE ROCHESTER MN CLIMATE NORMALS FOR TODAY
                         NORMAL    RECORD    YEAR
 MAXIMUM TEMPERATURE (F)   58        84      1985
 MINIMUM TEMPERATURE (F)   37        17      1983


SUNRISE AND SUNSET
APRIL 17 2015.........SUNRISE   624 AM CDT   SUNSET   756 PM CDT
APRIL 18 2015.........SUNRISE   622 AM CDT   SUNSET   757 PM CDT


-  INDICATES NEGATIVE NUMBERS.
R  INDICATES RECORD WAS SET OR TIED.
MM INDICATES DATA IS MISSING.
T  INDICATES TRACE AMOUNT.




$$
