000
CDUS43 KARX 280638
CLIRST


CLIMATE REPORT
NATIONAL WEATHER SERVICE LA CROSSE WI
137 AM CDT TUE APR 28 2015


...................................

...THE ROCHESTER MN CLIMATE SUMMARY FOR APRIL 27 2015...

CLIMATE NORMAL PERIOD 1981 TO 2010
CLIMATE RECORD PERIOD 1886 TO 2015


WEATHER ITEM   OBSERVED TIME   RECORD YEAR NORMAL DEPARTURE LAST
                VALUE   (LST)  VALUE       VALUE  FROM      YEAR
                                                  NORMAL
..................................................................
TEMPERATURE (F)
 YESTERDAY
  MAXIMUM         66    434 PM  86    1977  63      3       46
  MINIMUM         36    434 AM  19    1933  41     -5       40
  AVERAGE         51                        52     -1       43

PRECIPITATION (IN)
  YESTERDAY        0.00          1.33 1975   0.12  -0.12     0.42
  MONTH TO DATE    4.93                      2.86   2.07     4.32
  SINCE MAR 1      6.00                      4.74   1.26     5.47
  SINCE JAN 1      7.36                      6.43   0.93     8.23

SNOWFALL (IN)
  YESTERDAY        0.0           1.0  2002   0.0    0.0      0.0
  MONTH TO DATE    1.5                       3.1   -1.6      5.1
  SINCE JUL 1     50.4                      51.7   -1.3     59.1
  SNOW DEPTH       0

DEGREE DAYS
 HEATING
  YESTERDAY       14                        13      1       22
  MONTH TO DATE  483                       515    -32      597
  SINCE JUL 1   7781                      7387    394     8577

 COOLING
  YESTERDAY        0                         0      0        0
  MONTH TO DATE    0                         0      0        0
  SINCE JAN 1      0                         0      0        0
..................................................................


WIND (MPH)
  HIGHEST WIND SPEED    17   HIGHEST WIND DIRECTION     N (360)
  HIGHEST GUST SPEED    23   HIGHEST GUST DIRECTION     N (10)
  AVERAGE WIND SPEED     8.8


SKY COVER
  POSSIBLE SUNSHINE  MM
  AVERAGE SKY COVER 0.0


WEATHER CONDITIONS
 THE FOLLOWING WEATHER WAS RECORDED YESTERDAY.
  NO SIGNIFICANT WEATHER WAS OBSERVED.


RELATIVE HUMIDITY (PERCENT)
 HIGHEST    64           300 AM
 LOWEST     28           500 PM
 AVERAGE    46

..........................................................


THE ROCHESTER MN CLIMATE NORMALS FOR TODAY
                         NORMAL    RECORD    YEAR
 MAXIMUM TEMPERATURE (F)   63        87      2004
                                             1952
 MINIMUM TEMPERATURE (F)   41        25      1913


SUNRISE AND SUNSET
APRIL 28 2015.........SUNRISE   607 AM CDT   SUNSET   809 PM CDT
APRIL 29 2015.........SUNRISE   605 AM CDT   SUNSET   810 PM CDT


-  INDICATES NEGATIVE NUMBERS.
R  INDICATES RECORD WAS SET OR TIED.
MM INDICATES DATA IS MISSING.
T  INDICATES TRACE AMOUNT.




$$
