000
CDUS43 KARX 040639
CLIRST


CLIMATE REPORT
NATIONAL WEATHER SERVICE LA CROSSE WI
137 AM CDT MON MAY 4 2015


...................................

...THE ROCHESTER MN CLIMATE SUMMARY FOR MAY 3 2015...

CLIMATE NORMAL PERIOD 1981 TO 2010
CLIMATE RECORD PERIOD 1886 TO 2015


WEATHER ITEM   OBSERVED TIME   RECORD YEAR NORMAL DEPARTURE LAST
                VALUE   (LST)  VALUE       VALUE  FROM      YEAR
                                                  NORMAL
..................................................................
TEMPERATURE (F)
 YESTERDAY
  MAXIMUM         83    419 PM  91    1949  65     18       61
  MINIMUM         53    610 AM  21    1967  43     10       39
                                      1910
  AVERAGE         68                        54     14       50

PRECIPITATION (IN)
  YESTERDAY        0.66          1.61 1888   0.12   0.54     0.00
  MONTH TO DATE    0.66                      0.35   0.31     0.17
  SINCE MAR 1      6.66                      5.47   1.19     6.96
  SINCE JAN 1      8.02                      7.16   0.86     9.72

SNOWFALL (IN)
  YESTERDAY        0.0           T    2008   0.0    0.0      0.0
  MONTH TO DATE    0.0                       0.1   -0.1      0.0
  SINCE JUL 1     50.4                      52.0   -1.6     60.5
  SNOW DEPTH       0

DEGREE DAYS
 HEATING
  YESTERDAY        0                        11    -11       15
  MONTH TO DATE   14                        35    -21       52
  SINCE JUL 1   7826                      7460    366     8707

 COOLING
  YESTERDAY        3                         0      3        0
  MONTH TO DATE    4                         0      4        0
  SINCE JAN 1      4                         4      0        0
..................................................................


WIND (MPH)
  HIGHEST WIND SPEED    28   HIGHEST WIND DIRECTION     N (350)
  HIGHEST GUST SPEED    35   HIGHEST GUST DIRECTION     N (350)
  AVERAGE WIND SPEED    10.3


SKY COVER
  POSSIBLE SUNSHINE  MM
  AVERAGE SKY COVER 0.1


WEATHER CONDITIONS
 THE FOLLOWING WEATHER WAS RECORDED YESTERDAY.
  THUNDERSTORM
  HEAVY RAIN
  RAIN
  LIGHT RAIN
  FOG


RELATIVE HUMIDITY (PERCENT)
 HIGHEST    93          1100 PM
 LOWEST     33           400 PM
 AVERAGE    63

..........................................................


THE ROCHESTER MN CLIMATE NORMALS FOR TODAY
                         NORMAL    RECORD    YEAR
 MAXIMUM TEMPERATURE (F)   65        91      1918
 MINIMUM TEMPERATURE (F)   44        24      1910


SUNRISE AND SUNSET
MAY  4 2015...........SUNRISE   558 AM CDT   SUNSET   816 PM CDT
MAY  5 2015...........SUNRISE   557 AM CDT   SUNSET   818 PM CDT


-  INDICATES NEGATIVE NUMBERS.
R  INDICATES RECORD WAS SET OR TIED.
MM INDICATES DATA IS MISSING.
T  INDICATES TRACE AMOUNT.




$$
