000
CDUS43 KARX 240639
CLIRST


CLIMATE REPORT
NATIONAL WEATHER SERVICE LA CROSSE WI
137 AM CDT FRI APR 24 2015


...................................

...THE ROCHESTER MN CLIMATE SUMMARY FOR APRIL 23 2015...

CLIMATE NORMAL PERIOD 1981 TO 2010
CLIMATE RECORD PERIOD 1886 TO 2015


WEATHER ITEM   OBSERVED TIME   RECORD YEAR NORMAL DEPARTURE LAST
                VALUE   (LST)  VALUE       VALUE  FROM      YEAR
                                                  NORMAL
..................................................................
TEMPERATURE (F)
 YESTERDAY
  MAXIMUM         54    510 PM  84    1960  61     -7       47
  MINIMUM         25    531 AM  20    1956  39    -14       38
                                      1930
                                      1910
  AVERAGE         40                        50    -10       43

PRECIPITATION (IN)
  YESTERDAY        0.00          3.81 1990   0.12  -0.12     0.01
  MONTH TO DATE    4.61                      2.38   2.23     3.01
  SINCE MAR 1      5.68                      4.26   1.42     4.16
  SINCE JAN 1      7.04                      5.95   1.09     6.92

SNOWFALL (IN)
  YESTERDAY        0.0           1.1  1988   0.1   -0.1      0.0
  MONTH TO DATE    1.5                       2.9   -1.4      5.1
  SINCE JUL 1     50.4                      51.5   -1.1     59.1
  SNOW DEPTH       0

DEGREE DAYS
 HEATING
  YESTERDAY       25                        15     10       22
  MONTH TO DATE  410                       459    -49      519
  SINCE JUL 1   7708                      7331    377     8499

 COOLING
  YESTERDAY        0                         0      0        0
  MONTH TO DATE    0                         0      0        0
  SINCE JAN 1      0                         0      0        0
..................................................................


WIND (MPH)
  HIGHEST WIND SPEED    18   HIGHEST WIND DIRECTION    NW (320)
  HIGHEST GUST SPEED    26   HIGHEST GUST DIRECTION    NW (330)
  AVERAGE WIND SPEED     8.3


SKY COVER
  POSSIBLE SUNSHINE  MM
  AVERAGE SKY COVER 0.0


WEATHER CONDITIONS
 THE FOLLOWING WEATHER WAS RECORDED YESTERDAY.
  HAZE


RELATIVE HUMIDITY (PERCENT)
 HIGHEST    68           400 AM
 LOWEST     18           400 PM
 AVERAGE    43

..........................................................


THE ROCHESTER MN CLIMATE NORMALS FOR TODAY
                         NORMAL    RECORD    YEAR
 MAXIMUM TEMPERATURE (F)   61        92      2009
 MINIMUM TEMPERATURE (F)   40        17      1956


SUNRISE AND SUNSET
APRIL 24 2015.........SUNRISE   613 AM CDT   SUNSET   804 PM CDT
APRIL 25 2015.........SUNRISE   611 AM CDT   SUNSET   806 PM CDT


-  INDICATES NEGATIVE NUMBERS.
R  INDICATES RECORD WAS SET OR TIED.
MM INDICATES DATA IS MISSING.
T  INDICATES TRACE AMOUNT.




$$
