000
CDUS43 KARX 160640
CLIRST


CLIMATE REPORT
NATIONAL WEATHER SERVICE LA CROSSE WI
140 AM CDT THU APR 16 2015


...................................

...THE ROCHESTER MN CLIMATE SUMMARY FOR APRIL 15 2015...

CLIMATE NORMAL PERIOD 1981 TO 2010
CLIMATE RECORD PERIOD 1886 TO 2015


WEATHER ITEM   OBSERVED TIME   RECORD YEAR NORMAL DEPARTURE LAST
                VALUE   (LST)  VALUE       VALUE  FROM      YEAR
                                                  NORMAL
..................................................................
TEMPERATURE (F)
 YESTERDAY
  MAXIMUM         66    439 PM  87    2002  57      9       36
  MINIMUM         39    433 AM  18    1962  36      3       21
                                      1935
  AVERAGE         53                        47      6       29

PRECIPITATION (IN)
  YESTERDAY        0.00          1.28 1992   0.11  -0.11     0.00
  MONTH TO DATE    3.14                      1.47   1.67     2.11
  SINCE MAR 1      4.21                      3.35   0.86     3.26
  SINCE JAN 1      5.57                      5.04   0.53     6.02

SNOWFALL (IN)
  YESTERDAY        0.0           4.7  1947   0.2   -0.2      0.0
  MONTH TO DATE    1.5                       2.1   -0.6      5.1
  SINCE JUL 1     50.4                      50.7   -0.3     59.1
  SNOW DEPTH       0

DEGREE DAYS
 HEATING
  YESTERDAY       12                        19     -7       36
  MONTH TO DATE  281                       327    -46      377
  SINCE JUL 1   7579                      7199    380     8357

 COOLING
  YESTERDAY        0                         0      0        0
  MONTH TO DATE    0                         0      0        0
  SINCE JAN 1      0                         0      0        0
..................................................................


WIND (MPH)
  HIGHEST WIND SPEED    28   HIGHEST WIND DIRECTION    SE (140)
  HIGHEST GUST SPEED    32   HIGHEST GUST DIRECTION    SE (130)
  AVERAGE WIND SPEED    13.5


SKY COVER
  POSSIBLE SUNSHINE  MM
  AVERAGE SKY COVER 0.0


WEATHER CONDITIONS
 THE FOLLOWING WEATHER WAS RECORDED YESTERDAY.
  NO SIGNIFICANT WEATHER WAS OBSERVED.


RELATIVE HUMIDITY (PERCENT)
 HIGHEST    58           700 AM
 LOWEST     23           100 PM
 AVERAGE    41

..........................................................


THE ROCHESTER MN CLIMATE NORMALS FOR TODAY
                         NORMAL    RECORD    YEAR
 MAXIMUM TEMPERATURE (F)   58        84      2004
                                             2002
                                             1977
 MINIMUM TEMPERATURE (F)   37        18      1983
                                             1949


SUNRISE AND SUNSET
APRIL 16 2015.........SUNRISE   626 AM CDT   SUNSET   755 PM CDT
APRIL 17 2015.........SUNRISE   624 AM CDT   SUNSET   756 PM CDT


-  INDICATES NEGATIVE NUMBERS.
R  INDICATES RECORD WAS SET OR TIED.
MM INDICATES DATA IS MISSING.
T  INDICATES TRACE AMOUNT.




$$
