000
CDUS43 KARX 152132
CLIRST


CLIMATE REPORT
NATIONAL WEATHER SERVICE LA CROSSE WI
430 PM CDT SUN MAR 15 2015


...................................

...THE ROCHESTER MN CLIMATE SUMMARY FOR MARCH 15 2015...
VALID TODAY AS OF 0400 PM LOCAL TIME.

CLIMATE NORMAL PERIOD 1981 TO 2010
CLIMATE RECORD PERIOD 1886 TO 2015


WEATHER ITEM   OBSERVED TIME   RECORD YEAR NORMAL DEPARTURE LAST
                VALUE   (LST)  VALUE       VALUE  FROM      YEAR
                                                  NORMAL
..................................................................
TEMPERATURE (F)
 TODAY
  MAXIMUM         61    249 PM  74    2012  40     21       30
  MINIMUM         32   1200 AM -12    1956  24      8       20
  AVERAGE         47                        32     15       25

PRECIPITATION (IN)
  TODAY            0.00          1.19 1945   0.05  -0.05     0.00
  MONTH TO DATE    0.04                      0.75  -0.71     0.64
  SINCE MAR 1      0.04                      0.75  -0.71     0.64
  SINCE JAN 1      1.40                      2.44  -1.04     3.40

SNOWFALL (IN)
  TODAY            0.0           2.1  1998   0.3   -0.3      0.0
  MONTH TO DATE    0.3                       5.0   -4.7      5.5
  SINCE JUL 1     38.3                      44.9   -6.6     53.3
  SNOW DEPTH       0

DEGREE DAYS
 HEATING
  TODAY           18                        33    -15       40
  MONTH TO DATE  525                       545    -20      687
  SINCE JUL 1   6820                      6406    414     7412

 COOLING
  TODAY            0                         0      0        0
  MONTH TO DATE    0                         0      0        0
  SINCE JAN 1      0                         0      0        0
..................................................................


WIND (MPH)
  HIGHEST WIND SPEED    33   HIGHEST WIND DIRECTION    SW (230)
  HIGHEST GUST SPEED    43   HIGHEST GUST DIRECTION    SW (210)
  AVERAGE WIND SPEED    17.4


SKY COVER
  POSSIBLE SUNSHINE  MM
  AVERAGE SKY COVER 0.0


WEATHER CONDITIONS
 THE FOLLOWING WEATHER WAS RECORDED TODAY.
  NO SIGNIFICANT WEATHER WAS OBSERVED.


RELATIVE HUMIDITY (PERCENT)
 HIGHEST    85          1200 AM
 LOWEST     46           300 PM
 AVERAGE    66

..........................................................


THE ROCHESTER MN CLIMATE NORMALS FOR TOMORROW
                         NORMAL    RECORD    YEAR
 MAXIMUM TEMPERATURE (F)   40        78      2012
 MINIMUM TEMPERATURE (F)   24        -9      1956


SUNRISE AND SUNSET
MARCH 15 2015.........SUNRISE   723 AM CDT   SUNSET   716 PM CDT
MARCH 16 2015.........SUNRISE   721 AM CDT   SUNSET   717 PM CDT


-  INDICATES NEGATIVE NUMBERS.
R  INDICATES RECORD WAS SET OR TIED.
MM INDICATES DATA IS MISSING.
T  INDICATES TRACE AMOUNT.




$$
