000
CDUS43 KARX 180640
CLIRST


CLIMATE REPORT
NATIONAL WEATHER SERVICE LA CROSSE WI
139 AM CDT SAT APR 18 2015


...................................

...THE ROCHESTER MN CLIMATE SUMMARY FOR APRIL 17 2015...

CLIMATE NORMAL PERIOD 1981 TO 2010
CLIMATE RECORD PERIOD 1886 TO 2015


WEATHER ITEM   OBSERVED TIME   RECORD YEAR NORMAL DEPARTURE LAST
                VALUE   (LST)  VALUE       VALUE  FROM      YEAR
                                                  NORMAL
..................................................................
TEMPERATURE (F)
 YESTERDAY
  MAXIMUM         77    343 PM  84    1985  58     19       44
  MINIMUM         49    542 AM  17    1983  37     12       30
  AVERAGE         63                        48     15       37

PRECIPITATION (IN)
  YESTERDAY        0.00          1.42 1959   0.11  -0.11     0.01
  MONTH TO DATE    3.14                      1.69   1.45     2.15
  SINCE MAR 1      4.21                      3.57   0.64     3.30
  SINCE JAN 1      5.57                      5.26   0.31     6.06

SNOWFALL (IN)
  YESTERDAY        0.0           3.0  1910   0.1   -0.1      0.0
  MONTH TO DATE    1.5                       2.3   -0.8      5.1
  SINCE JUL 1     50.4                      50.9   -0.5     59.1
  SNOW DEPTH       0

DEGREE DAYS
 HEATING
  YESTERDAY        2                        18    -16       28
  MONTH TO DATE  289                       363    -74      428
  SINCE JUL 1   7587                      7235    352     8408

 COOLING
  YESTERDAY        0                         0      0        0
  MONTH TO DATE    0                         0      0        0
  SINCE JAN 1      0                         0      0        0
..................................................................


WIND (MPH)
  HIGHEST WIND SPEED    15   HIGHEST WIND DIRECTION     W (290)
  HIGHEST GUST SPEED    22   HIGHEST GUST DIRECTION     W (270)
  AVERAGE WIND SPEED     7.8


SKY COVER
  POSSIBLE SUNSHINE  MM
  AVERAGE SKY COVER 0.1


WEATHER CONDITIONS
 THE FOLLOWING WEATHER WAS RECORDED YESTERDAY.
  NO SIGNIFICANT WEATHER WAS OBSERVED.


RELATIVE HUMIDITY (PERCENT)
 HIGHEST    80           500 AM
 LOWEST     33           300 PM
 AVERAGE    57

..........................................................


THE ROCHESTER MN CLIMATE NORMALS FOR TODAY
                         NORMAL    RECORD    YEAR
 MAXIMUM TEMPERATURE (F)   59        89      1985
 MINIMUM TEMPERATURE (F)   37        16      1983


SUNRISE AND SUNSET
APRIL 18 2015.........SUNRISE   622 AM CDT   SUNSET   757 PM CDT
APRIL 19 2015.........SUNRISE   621 AM CDT   SUNSET   758 PM CDT


-  INDICATES NEGATIVE NUMBERS.
R  INDICATES RECORD WAS SET OR TIED.
MM INDICATES DATA IS MISSING.
T  INDICATES TRACE AMOUNT.




$$
