000
CDUS43 KARX 230656
CLIRST


CLIMATE REPORT
NATIONAL WEATHER SERVICE LA CROSSE WI
154 AM CDT THU APR 23 2015


...................................

...THE ROCHESTER MN CLIMATE SUMMARY FOR APRIL 22 2015...

CLIMATE NORMAL PERIOD 1981 TO 2010
CLIMATE RECORD PERIOD 1886 TO 2015


WEATHER ITEM   OBSERVED TIME   RECORD YEAR NORMAL DEPARTURE LAST
                VALUE   (LST)  VALUE       VALUE  FROM      YEAR
                                                  NORMAL
..................................................................
TEMPERATURE (F)
 YESTERDAY
  MAXIMUM         48    327 PM  91    1980  60    -12       57
  MINIMUM         30    625 AM  20    1936  39     -9       35
  AVERAGE         39                        50    -11       46

PRECIPITATION (IN)
  YESTERDAY        0.00          1.50 1999   0.12  -0.12     0.00
  MONTH TO DATE    4.61                      2.26   2.35     3.00
  SINCE MAR 1      5.68                      4.14   1.54     4.15
  SINCE JAN 1      7.04                      5.83   1.21     6.91

SNOWFALL (IN)
  YESTERDAY        0.0           2.2  1963   0.1   -0.1      0.0
  MONTH TO DATE    1.5                       2.8   -1.3      5.1
  SINCE JUL 1     50.4                      51.4   -1.0     59.1
  SNOW DEPTH       0

DEGREE DAYS
 HEATING
  YESTERDAY       26                        15     11       19
  MONTH TO DATE  385                       444    -59      497
  SINCE JUL 1   7683                      7316    367     8477

 COOLING
  YESTERDAY        0                         0      0        0
  MONTH TO DATE    0                         0      0        0
  SINCE JAN 1      0                         0      0        0
..................................................................


WIND (MPH)
  HIGHEST WIND SPEED    30   HIGHEST WIND DIRECTION    NW (300)
  HIGHEST GUST SPEED    37   HIGHEST GUST DIRECTION    NW (330)
  AVERAGE WIND SPEED    18.3


SKY COVER
  POSSIBLE SUNSHINE  MM
  AVERAGE SKY COVER 0.3


WEATHER CONDITIONS
 THE FOLLOWING WEATHER WAS RECORDED YESTERDAY.
  NO SIGNIFICANT WEATHER WAS OBSERVED.


RELATIVE HUMIDITY (PERCENT)
 HIGHEST    75          1200 AM
 LOWEST     26           500 PM
 AVERAGE    51

..........................................................


THE ROCHESTER MN CLIMATE NORMALS FOR TODAY
                         NORMAL    RECORD    YEAR
 MAXIMUM TEMPERATURE (F)   61        84      1960
 MINIMUM TEMPERATURE (F)   39        20      1956
                                             1930
                                             1910


SUNRISE AND SUNSET
APRIL 23 2015.........SUNRISE   614 AM CDT   SUNSET   803 PM CDT
APRIL 24 2015.........SUNRISE   613 AM CDT   SUNSET   804 PM CDT


-  INDICATES NEGATIVE NUMBERS.
R  INDICATES RECORD WAS SET OR TIED.
MM INDICATES DATA IS MISSING.
T  INDICATES TRACE AMOUNT.




$$
