000
CDUS43 KARX 020641
CLIRST


CLIMATE REPORT
NATIONAL WEATHER SERVICE LA CROSSE WI
140 AM CDT SAT MAY 2 2015


...................................

...THE ROCHESTER MN CLIMATE SUMMARY FOR MAY 1 2015...

CLIMATE NORMAL PERIOD 1981 TO 2010
CLIMATE RECORD PERIOD 1886 TO 2015


WEATHER ITEM   OBSERVED TIME   RECORD YEAR NORMAL DEPARTURE LAST
                VALUE   (LST)  VALUE       VALUE  FROM      YEAR
                                                  NORMAL
..................................................................
TEMPERATURE (F)
 YESTERDAY
  MAXIMUM         65    139 PM  89    1992  64      1       45
  MINIMUM         37    404 AM  25    1966  42     -5       38
                                      1961
                                      1943
  AVERAGE         51                        53     -2       42

PRECIPITATION (IN)
  YESTERDAY        T             1.20 1936   0.12  -0.12     0.12
  MONTH TO DATE    T                         0.12  -0.12     0.12
  SINCE MAR 1      6.00                      5.24   0.76     6.91
  SINCE JAN 1      7.36                      6.93   0.43     9.67

SNOWFALL (IN)
  YESTERDAY       MM             1.0  1893   0.0   MM        0.0
  MONTH TO DATE   MM                         0.0   MM        0.0
  SINCE JUL 1     50.4                      51.9   -1.5     60.5
  SNOW DEPTH       0

DEGREE DAYS
 HEATING
  YESTERDAY       14                        12      2       23
  MONTH TO DATE   14                        12      2       23
  SINCE JUL 1   7826                      7437    389     8678

 COOLING
  YESTERDAY        0                         0      0        0
  MONTH TO DATE    0                         0      0        0
  SINCE JAN 1      0                         4     -4        0
..................................................................


WIND (MPH)
  HIGHEST WIND SPEED    22   HIGHEST WIND DIRECTION    SW (210)
  HIGHEST GUST SPEED    27   HIGHEST GUST DIRECTION    SW (210)
  AVERAGE WIND SPEED    12.0


SKY COVER
  POSSIBLE SUNSHINE  MM
  AVERAGE SKY COVER 0.4


WEATHER CONDITIONS
 THE FOLLOWING WEATHER WAS RECORDED YESTERDAY.
  LIGHT RAIN


RELATIVE HUMIDITY (PERCENT)
 HIGHEST    76           400 AM
 LOWEST     34          1000 AM
 AVERAGE    55

..........................................................


THE ROCHESTER MN CLIMATE NORMALS FOR TODAY
                         NORMAL    RECORD    YEAR
 MAXIMUM TEMPERATURE (F)   64        90      1959
 MINIMUM TEMPERATURE (F)   43        26      1990
                                             1909


SUNRISE AND SUNSET
MAY  2 2015...........SUNRISE   601 AM CDT   SUNSET   814 PM CDT
MAY  3 2015...........SUNRISE   559 AM CDT   SUNSET   815 PM CDT


-  INDICATES NEGATIVE NUMBERS.
R  INDICATES RECORD WAS SET OR TIED.
MM INDICATES DATA IS MISSING.
T  INDICATES TRACE AMOUNT.




$$
