000
CDUS43 KARX 100651
CLIRST


CLIMATE REPORT
NATIONAL WEATHER SERVICE LA CROSSE WI
151 AM CDT FRI APR 10 2015


...................................

...THE ROCHESTER MN CLIMATE SUMMARY FOR APRIL 9 2015...

CLIMATE NORMAL PERIOD 1981 TO 2010
CLIMATE RECORD PERIOD 1886 TO 2015


WEATHER ITEM   OBSERVED TIME   RECORD YEAR NORMAL DEPARTURE LAST
                VALUE   (LST)  VALUE       VALUE  FROM      YEAR
                                                  NORMAL
..................................................................
TEMPERATURE (F)
 YESTERDAY
  MAXIMUM         41    239 PM  76    1955  54    -13       65
                                      1930
  MINIMUM         33   1037 PM  13    1997  34     -1       30
  AVERAGE         37                        44     -7       48

PRECIPITATION (IN)
  YESTERDAY        1.34          1.72 2013   0.10   1.24     0.00
  MONTH TO DATE    3.10                      0.81   2.29     0.84
  SINCE MAR 1      4.17                      2.69   1.48     1.99
  SINCE JAN 1      5.53                      4.38   1.15     4.75

SNOWFALL (IN)
  YESTERDAY       MM             6.4  1973   0.1   MM        0.0
  MONTH TO DATE    0.0                       1.3   -1.3      3.2
  SINCE JUL 1     48.9                      49.9   -1.0     57.2
  SNOW DEPTH       0

DEGREE DAYS
 HEATING
  YESTERDAY       28                        21      7       17
  MONTH TO DATE  195                       209    -14      233
  SINCE JUL 1   7493                      7081    412     8213

 COOLING
  YESTERDAY        0                         0      0        0
  MONTH TO DATE    0                         0      0        0
  SINCE JAN 1      0                         0      0        0
..................................................................


WIND (MPH)
  HIGHEST WIND SPEED    31   HIGHEST WIND DIRECTION     N (360)
  HIGHEST GUST SPEED    37   HIGHEST GUST DIRECTION     N (360)
  AVERAGE WIND SPEED    14.2


SKY COVER
  POSSIBLE SUNSHINE  MM
  AVERAGE SKY COVER 0.9


WEATHER CONDITIONS
 THE FOLLOWING WEATHER WAS RECORDED YESTERDAY.
  THUNDERSTORM
  HEAVY RAIN
  RAIN
  LIGHT RAIN
  SNOW
  LIGHT SNOW
  FOG
  FOG W/VISIBILITY <= 1/4 MILE


RELATIVE HUMIDITY (PERCENT)
 HIGHEST   100           300 AM
 LOWEST     85           500 PM
 AVERAGE    93

..........................................................


THE ROCHESTER MN CLIMATE NORMALS FOR TODAY
                         NORMAL    RECORD    YEAR
 MAXIMUM TEMPERATURE (F)   54        85      1977
 MINIMUM TEMPERATURE (F)   34        13      1973


SUNRISE AND SUNSET
APRIL 10 2015.........SUNRISE   636 AM CDT   SUNSET   748 PM CDT
APRIL 11 2015.........SUNRISE   634 AM CDT   SUNSET   749 PM CDT


-  INDICATES NEGATIVE NUMBERS.
R  INDICATES RECORD WAS SET OR TIED.
MM INDICATES DATA IS MISSING.
T  INDICATES TRACE AMOUNT.




$$
