000
CDUS43 KARX 200653
CLIRST


CLIMATE REPORT
NATIONAL WEATHER SERVICE LA CROSSE WI
152 AM CDT MON APR 20 2015


...................................

...THE ROCHESTER MN CLIMATE SUMMARY FOR APRIL 19 2015...

CLIMATE NORMAL PERIOD 1981 TO 2010
CLIMATE RECORD PERIOD 1886 TO 2015


WEATHER ITEM   OBSERVED TIME   RECORD YEAR NORMAL DEPARTURE LAST
                VALUE   (LST)  VALUE       VALUE  FROM      YEAR
                                                  NORMAL
..................................................................
TEMPERATURE (F)
 YESTERDAY
  MAXIMUM         62    129 PM  84    1985  59      3       69
  MINIMUM         44   1159 PM  20    1988  38      6       36
  AVERAGE         53                        48      5       53

PRECIPITATION (IN)
  YESTERDAY        1.19          1.75 1993   0.11   1.08     0.00
  MONTH TO DATE    4.38                      1.91   2.47     2.15
  SINCE MAR 1      5.45                      3.79   1.66     3.30
  SINCE JAN 1      6.81                      5.48   1.33     6.06

SNOWFALL (IN)
  YESTERDAY        0.0           3.8  2011   0.1   -0.1      0.0
  MONTH TO DATE    1.5                       2.5   -1.0      5.1
  SINCE JUL 1     50.4                      51.1   -0.7     59.1
  SNOW DEPTH       0

DEGREE DAYS
 HEATING
  YESTERDAY       12                        17     -5       12
  MONTH TO DATE  306                       397    -91      464
  SINCE JUL 1   7604                      7269    335     8444

 COOLING
  YESTERDAY        0                         0      0        0
  MONTH TO DATE    0                         0      0        0
  SINCE JAN 1      0                         0      0        0
..................................................................


WIND (MPH)
  HIGHEST WIND SPEED    26   HIGHEST WIND DIRECTION    NW (320)
  HIGHEST GUST SPEED    31   HIGHEST GUST DIRECTION    NW (320)
  AVERAGE WIND SPEED    13.8


SKY COVER
  POSSIBLE SUNSHINE  MM
  AVERAGE SKY COVER 0.9


WEATHER CONDITIONS
 THE FOLLOWING WEATHER WAS RECORDED YESTERDAY.
  HEAVY RAIN
  RAIN
  LIGHT RAIN
  FOG


RELATIVE HUMIDITY (PERCENT)
 HIGHEST    96           400 PM
 LOWEST     71           900 AM
 AVERAGE    84

..........................................................


THE ROCHESTER MN CLIMATE NORMALS FOR TODAY
                         NORMAL    RECORD    YEAR
 MAXIMUM TEMPERATURE (F)   60        85      1987
 MINIMUM TEMPERATURE (F)   38        21      1956


SUNRISE AND SUNSET
APRIL 20 2015.........SUNRISE   619 AM CDT   SUNSET   800 PM CDT
APRIL 21 2015.........SUNRISE   617 AM CDT   SUNSET   801 PM CDT


-  INDICATES NEGATIVE NUMBERS.
R  INDICATES RECORD WAS SET OR TIED.
MM INDICATES DATA IS MISSING.
T  INDICATES TRACE AMOUNT.




$$
