000
CDUS43 KARX 122128
CLIRST


CLIMATE REPORT
NATIONAL WEATHER SERVICE LA CROSSE WI
426 PM CDT SUN APR 12 2015


...................................

...THE ROCHESTER MN CLIMATE SUMMARY FOR APRIL 12 2015...
VALID TODAY AS OF 0400 PM LOCAL TIME.

CLIMATE NORMAL PERIOD 1981 TO 2010
CLIMATE RECORD PERIOD 1886 TO 2015


WEATHER ITEM   OBSERVED TIME   RECORD YEAR NORMAL DEPARTURE LAST
                VALUE   (LST)  VALUE       VALUE  FROM      YEAR
                                                  NORMAL
..................................................................
TEMPERATURE (F)
 TODAY
  MAXIMUM         69    205 PM  81    1931  56     13       53
  MINIMUM         47    653 AM  14    1940  35     12       42
                                      1939
  AVERAGE         58                        45     13       48

PRECIPITATION (IN)
  TODAY            T             0.86 1960   0.11  -0.11     0.73
  MONTH TO DATE    3.11                      1.13   1.98     1.58
  SINCE MAR 1      4.18                      3.01   1.17     2.73
  SINCE JAN 1      5.54                      4.70   0.84     5.49

SNOWFALL (IN)
  TODAY            0.0           7.2  1962   0.1   -0.1       T
  MONTH TO DATE    1.5                       1.7   -0.2      3.2
  SINCE JUL 1     50.4                      50.3    0.1     57.2
  SNOW DEPTH       0

DEGREE DAYS
 HEATING
  TODAY            7                        20    -13       17
  MONTH TO DATE  241                       270    -29      280
  SINCE JUL 1   7539                      7142    397     8260

 COOLING
  TODAY            0                         0      0        0
  MONTH TO DATE    0                         0      0        0
  SINCE JAN 1      0                         0      0        0
..................................................................


WIND (MPH)
  HIGHEST WIND SPEED    35   HIGHEST WIND DIRECTION     S (190)
  HIGHEST GUST SPEED    44   HIGHEST GUST DIRECTION     S (190)
  AVERAGE WIND SPEED    20.8


SKY COVER
  POSSIBLE SUNSHINE  MM
  AVERAGE SKY COVER 0.2


WEATHER CONDITIONS
 THE FOLLOWING WEATHER WAS RECORDED TODAY.
  NO SIGNIFICANT WEATHER WAS OBSERVED.


RELATIVE HUMIDITY (PERCENT)
 HIGHEST    71           500 AM
 LOWEST     44           200 PM
 AVERAGE    58

..........................................................


THE ROCHESTER MN CLIMATE NORMALS FOR TOMORROW
                         NORMAL    RECORD    YEAR
 MAXIMUM TEMPERATURE (F)   56        82      2006
 MINIMUM TEMPERATURE (F)   35        13      1962


SUNRISE AND SUNSET
APRIL 12 2015.........SUNRISE   632 AM CDT   SUNSET   750 PM CDT
APRIL 13 2015.........SUNRISE   631 AM CDT   SUNSET   751 PM CDT


-  INDICATES NEGATIVE NUMBERS.
R  INDICATES RECORD WAS SET OR TIED.
MM INDICATES DATA IS MISSING.
T  INDICATES TRACE AMOUNT.




$$
