000
CDUS43 KARX 070727
CLIRST


CLIMATE REPORT
NATIONAL WEATHER SERVICE LA CROSSE WI
223 AM CDT TUE APR 7 2015

...THE ROCHESTER MN CLIMATE SUMMARY FOR APRIL 6 2015...

CLIMATE NORMAL PERIOD 1981 TO 2010
CLIMATE RECORD PERIOD 1886 TO 2015

WEATHER ITEM   OBSERVED TIME   RECORD YEAR NORMAL DEPARTURE LAST
                VALUE   (LST)  VALUE       VALUE  FROM      YEAR
                                                  NORMAL
..................................................................
TEMPERATURE (F)
 YESTERDAY
  MAXIMUM         57    228 PM  89    1991  52      5       60
  MINIMUM         34    430 AM   5    1982  33      1       38
  AVERAGE         46                        42      4       49

PRECIPITATION (IN)
  YESTERDAY        T             0.80 1919   0.09  -0.09     0.21
  MONTH TO DATE    0.66                      0.52   0.14     0.82
  SINCE MAR 1      1.73                      2.40  -0.67     1.97
  SINCE JAN 1      3.09                      4.09  -1.00     4.73

SNOWFALL (IN)
  YESTERDAY        0.0           2.5  1938   0.1   -0.1      0.0
  MONTH TO DATE    0.0                       0.9   -0.9      3.2
  SINCE JUL 1     48.9                      49.5   -0.6     57.2
  SNOW DEPTH       0

DEGREE DAYS
 HEATING
  YESTERDAY       19                        23     -4       16
  MONTH TO DATE  115                       144    -29      177
  SINCE JUL 1   7413                      7016    397     8157

 COOLING
  YESTERDAY        0                         0      0        0
  MONTH TO DATE    0                         0      0        0
  SINCE JAN 1      0                         0      0        0
..................................................................

WIND (MPH)
  HIGHEST WIND SPEED    24   HIGHEST WIND DIRECTION     E (80)
  HIGHEST GUST SPEED    30   HIGHEST GUST DIRECTION    NE (60)
  AVERAGE WIND SPEED    13.2

SKY COVER
  POSSIBLE SUNSHINE  MM
  AVERAGE SKY COVER 0.6

WEATHER CONDITIONS
 THE FOLLOWING WEATHER WAS RECORDED YESTERDAY.
  FOG

RELATIVE HUMIDITY (PERCENT)
 HIGHEST    92           700 AM
 LOWEST     54           400 PM
 AVERAGE    73
..........................................................

THE ROCHESTER MN CLIMATE NORMALS FOR TODAY
                         NORMAL    RECORD    YEAR
 MAXIMUM TEMPERATURE (F)   53        83      1991
 MINIMUM TEMPERATURE (F)   33         9      1936

SUNRISE AND SUNSET
APRIL  7 2015.........SUNRISE   641 AM CDT   SUNSET   744 PM CDT
APRIL  8 2015.........SUNRISE   639 AM CDT   SUNSET   745 PM CDT

-  INDICATES NEGATIVE NUMBERS.
R  INDICATES RECORD WAS SET OR TIED.
MM INDICATES DATA IS MISSING.
T  INDICATES TRACE AMOUNT.

$$

BOYNE
