000
CDUS43 KARX 080723
CLIRST


CLIMATE REPORT
NATIONAL WEATHER SERVICE LA CROSSE WI
221 AM CDT WED APR 8 2015

...THE ROCHESTER MN CLIMATE SUMMARY FOR APRIL 7 2015...

CLIMATE NORMAL PERIOD 1981 TO 2010
CLIMATE RECORD PERIOD 1886 TO 2015

WEATHER ITEM   OBSERVED TIME   RECORD YEAR NORMAL DEPARTURE LAST
                VALUE   (LST)  VALUE       VALUE  FROM      YEAR
                                                  NORMAL
..................................................................
TEMPERATURE (F)
 YESTERDAY
  MAXIMUM         40    853 PM  83    1991  53    -13       59
  MINIMUM         36    517 PM   9    1936  33      3       37
  AVERAGE         38                        43     -5       48

PRECIPITATION (IN)
  YESTERDAY        0.84          1.52 2006   0.09   0.75     0.02
  MONTH TO DATE    1.50                      0.61   0.89     0.84
  SINCE MAR 1      2.57                      2.49   0.08     1.99
  SINCE JAN 1      3.93                      4.18  -0.25     4.75

SNOWFALL (IN)
  YESTERDAY        0.0           5.5  2003   0.1   -0.1      0.0
  MONTH TO DATE    0.0                       1.0   -1.0      3.2
  SINCE JUL 1     48.9                      49.6   -0.7     57.2
  SNOW DEPTH       0

DEGREE DAYS
 HEATING
  YESTERDAY       27                        22      5       17
  MONTH TO DATE  142                       166    -24      194
  SINCE JUL 1   7440                      7038    402     8174

 COOLING
  YESTERDAY        0                         0      0        0
  MONTH TO DATE    0                         0      0        0
  SINCE JAN 1      0                         0      0        0
..................................................................

WIND (MPH)
  HIGHEST WIND SPEED    30   HIGHEST WIND DIRECTION     E (100)
  HIGHEST GUST SPEED    35   HIGHEST GUST DIRECTION     E (90)
  AVERAGE WIND SPEED    16.1

SKY COVER
  POSSIBLE SUNSHINE  MM
  AVERAGE SKY COVER 1.0

WEATHER CONDITIONS
 THE FOLLOWING WEATHER WAS RECORDED YESTERDAY.
  THUNDERSTORM
  HEAVY RAIN
  RAIN
  LIGHT RAIN
  FOG
  HAZE

RELATIVE HUMIDITY (PERCENT)
 HIGHEST    92           600 AM
 LOWEST     79          1200 AM
 AVERAGE    86

..........................................................

THE ROCHESTER MN CLIMATE NORMALS FOR TODAY
                         NORMAL    RECORD    YEAR
 MAXIMUM TEMPERATURE (F)   53        84      1931
 MINIMUM TEMPERATURE (F)   33         9      1997
                                             1972

SUNRISE AND SUNSET
APRIL  8 2015.........SUNRISE   639 AM CDT   SUNSET   745 PM CDT
APRIL  9 2015.........SUNRISE   638 AM CDT   SUNSET   746 PM CDT

-  INDICATES NEGATIVE NUMBERS.
R  INDICATES RECORD WAS SET OR TIED.
MM INDICATES DATA IS MISSING.
T  INDICATES TRACE AMOUNT.

$$

BOYNE
