000
CXUS53 KARX 011035
CLMRST


CLIMATE REPORT
NATIONAL WEATHER SERVICE LA CROSSE WI
428 AM CST SUN MAR 1 2015

...................................

...THE ROCHESTER MN CLIMATE SUMMARY FOR THE MONTH OF FEBRUARY 2015...

CLIMATE NORMAL PERIOD 1981 TO 2010
CLIMATE RECORD PERIOD 1886 TO 2015

WEATHER         OBSERVED          NORMAL  DEPART  LAST YEAR`S
                 VALUE   DATE(S)  VALUE   FROM    VALUE  DATE(S)
                                          NORMAL
................................................................
TEMPERATURE (F)
RECORD
 HIGH              63   02/17/1981
 LOW              -35   02/02/1996
HIGHEST            36   02/07        MM      MM       38  02/18
LOWEST            -17   02/05        MM      MM      -19  02/11
AVG. MAXIMUM     17.1              28.1   -11.0     15.7
AVG. MINIMUM     -1.6              12.4   -14.0     -2.4
MEAN              7.8              20.3   -12.5      6.7
DAYS MAX >= 90      0               0.0     0.0        0
DAYS MAX <= 32     25              16.3     8.7       25
DAYS MIN <= 32     28              26.3     1.7       28
DAYS MIN <= 0      16               6.0    10.0       17

PRECIPITATION (INCHES)
RECORD
 MAXIMUM         2.30   1915
 MINIMUM         0.04   1964
TOTALS           0.65              0.83   -0.18     1.76
DAILY AVG.       0.02              0.03   -0.01     0.06
DAYS >= .01         7               7.9    -0.9        6
DAYS >= .10         3               2.3     0.7        4
DAYS >= .50         0               0.3    -0.3        1
DAYS >= 1.00        0               0.0     0.0        1
GREATEST
 24 HR. TOTAL    0.33   01/31 TO 02/01           02/20 TO 02/20
                                                          02/20 TO 02/20
                                                          02/20 TO 02/20

SNOWFALL (INCHES)
RECORDS
 TOTAL           20.1   2007
 24 HR TOTAL       MM
TOTALS           10.6               8.5     2.1     18.6
SINCE 7/1        38.0              39.9    -1.9     47.8
SNOWDEPTH AVG.      8                 6       2       16
DAYS >= TRACE      12               7.5     4.5       14
DAYS >= 1.0         4               2.7     1.3        4
GREATEST
 SNOW DEPTH        10   02/07                         21
                        02/06
                        02/05
 24 HR TOTAL      3.9   MM                           8.8

DEGREE_DAYS
HEATING TOTAL    1594              1253     341     1628
 SINCE 7/1       6295              5861     434     6725
COOLING TOTAL       0                 0       0        0
 SINCE 1/1          0                 0       0        0
.................................................

WIND (MPH)
AVERAGE WIND SPEED              13.3
HIGHEST WIND SPEED/DIRECTION    39/310    DATE  02/24
HIGHEST GUST SPEED/DIRECTION    45/320    DATE  02/24

SKY COVER
POSSIBLE SUNSHINE (PERCENT)   MM
AVERAGE SKY COVER           0.40
NUMBER OF DAYS FAIR           13
NUMBER OF DAYS PC              8
NUMBER OF DAYS CLOUDY          7

AVERAGE RH (PERCENT)     74

WEATHER CONDITIONS. NUMBER OF DAYS WITH
THUNDERSTORM              0     MIXED PRECIP               0
HEAVY RAIN                0     RAIN                       0
LIGHT RAIN                0     FREEZING RAIN              0
LT FREEZING RAIN          3     HAIL                       0
HEAVY SNOW                2     SNOW                       4
LIGHT SNOW               12     SLEET                      1
FOG                      15     FOG W/VIS <= 1/4 MILE      3
HAZE                     19

-  INDICATES NEGATIVE NUMBERS.
R  INDICATES RECORD WAS SET OR TIED.
MM INDICATES DATA IS MISSING.
T  INDICATES TRACE AMOUNT.

$$
