000
CXAK56 PADQ 170910
CF6ADQ

PRELIMINARY LOCAL CLIMATOLOGICAL DATA (WS FORM: F-6)

                                          STATION:   KODIAK
                                          MONTH:     04
                                          YEAR:      2015
                                          LATITUDE:   57 45 N
                                          LONGITUDE: 152 30 W

  TEMPERATURE IN F:       :PCPN:    SNOW:  WIND      :SUNSHINE: SKY     :PK WND
================================================================================
1   2   3   4   5  6A  6B    7     8   9   10  11  12  13   14  15   16  17  18
                                      12Z  AVG MX 2MIN
DY MAX MIN AVG DEP HDD CDD  WTR   SNW DPTH SPD SPD DIR MIN PSBL S-S WX   SPD DR
================================================================================

 1  44  31  38   3  27   0  0.22    T   0 14.2 29   30   M    M   M 1     40  30
 2  47  39  43   8  22   0     T  0.0   0 14.4 26  310   M    M   M       37 310
 3  49  29  39   4  26   0  0.00  0.0   0 11.3 24  290   M    M   M       29 290
 4  44  27  36   1  29   0     T    T   0  5.9 18  280   M    M   M       23 270
 5  44  30  37   2  28   0  0.01    T   0  7.1 16  170   M    M   M 1     19 170
 6  47  38  43   8  22   0  1.08  0.0   0 10.9 26  110   M    M   M 1     35 140
 7  45  30  38   2  27   0  0.10  0.0   0 10.1 30  240   M    M   M 1     39 240
 8  44  28  36   0  29   0  0.36  0.0   0 10.2 22  120   M    M   M 1     27 140
 9  44  35  40   4  25   0  0.06    T   0  8.9 23  260   M    M   M 1     30 260
10  41  34  38   2  27   0  0.10  0.3   0 12.1 24  290   M    M   M 1     32 300
11  37  29  33  -3  32   0  0.00  0.0   0 13.7 22  290   M    M   M       30 300
12  42  23  33  -4  32   0  0.00  0.0   0  6.8 15  300   M    M   M       19 290
13  40  29  35  -2  30   0  0.05  0.7   T 10.1 21  150   M    M   M 1     27 120
14  43  32  38   1  27   0  0.67  0.6   0 17.1 36   40   M    M   M 1     48  40
15  43  31  37   0  28   0     T  0.0   0  9.9 20  290   M    M   M       27 290
16  41  29  35  -3  30   0  0.17  1.0   0  4.1 13  100   M    M   M 1     14 330
================================================================================
SM  695  494       441   0  2.82 2.6    166.8           M        M
================================================================================
AV 43.4 30.9                             10.4 FASTST  PSBL  %   M    MAX(MPH)
                                 MISC ---->     36   40                 48  40
================================================================================
NOTES:
# LAST OF SEVERAL OCCURRENCES

COLUMN 17 PEAK WIND IN M.P.H.

PRELIMINARY LOCAL CLIMATOLOGICAL DATA (WS FORM: F-6) , PAGE 2

                                          STATION:   KODIAK
                                          MONTH:     04
                                          YEAR:      2015
                                          LATITUDE:  57 45 N
                                          LONGITUDE: 152 30 W

[TEMPERATURE DATA]      [PRECIPITATION DATA]       SYMBOLS USED IN COLUMN 16

AVERAGE MONTHLY:37.2   TOTAL FOR MONTH: 2.82       1 = FOG
DPTR FM NORMAL:  1.2   DPTR FM NORMAL: -0.34       2 = FOG REDUCING VISIBILITY
HIGHEST:    49 ON  3    GRTST 24HR   1.08 ON  6        TO 1/4 MILE OR LESS
LOWEST:     23 ON 12                               3 = THUNDER
                        SNOW, ICE PELLETS, HAIL    4 = ICE PELLETS
                        TOTAL MONTH: 2.6 INCHES  5 = HAIL
                        GRTST 24HR   1.0 ON 16     6 = GLAZE OR RIME
                        GRTST DEPTH:   T ON 13    7 = BLOWING DUST OR SAND:
                                                       VSBY 1/2 MILE OR LESS
                                                   8 = SMOKE OR HAZE
[NO. OF DAYS WITH]      [WEATHER - DAYS WITH]      9 = BLOWING SNOW
                                                   X = TORNADO
MAX 32 OR BELOW:   0    0.01 INCH OR MORE:  10
MAX 70 OR ABOVE:   0    0.10 INCH OR MORE:   7
MIN 32 OR BELOW:  12    0.50 INCH OR MORE:   2
MIN  0 OR BELOW:   0    1.00 INCH OR MORE:   1

[HDD (BASE 65) ]
TOTAL THIS MO.   441    CLEAR  (SCALE 0-3)   M
DPTR FM NORMAL   -23    PTCLDY (SCALE 4-7)   M
SEASONAL TOTAL  6235    CLOUDY (SCALE 8-10)  M
DPTR FM NORMAL -1100

[CDD (BASE 65) ]
TOTAL THIS MO.     0
DPTR FM NORMAL     0    [PRESSURE DATA]
SEASONAL TOTAL     0    HIGHEST SLP     M
DPTR FM NORMAL     0    LOWEST  SLP     M

[REMARKS]
