000
CXUS54 KLCH 280111
CF6AEX
PRELIMINARY LOCAL CLIMATOLOGICAL DATA (WS FORM: F-6)

                                          STATION:   ALEXANDRIA
                                          MONTH:     APRIL
                                          YEAR:      2015
                                          LATITUDE:   31 19 N
                                          LONGITUDE:  92 33 W

  TEMPERATURE IN F:       :PCPN:    SNOW:  WIND      :SUNSHINE: SKY     :PK WND
================================================================================
1   2   3   4   5  6A  6B    7    8   9   10  11  12  13   14  15   16   17  18
                                     12Z  AVG MX 2MIN
DY MAX MIN AVG DEP HDD CDD  WTR  SNW DPTH SPD SPD DIR MIN PSBL S-S WX    SPD DR
================================================================================

 1  81  63  72   9   0   7    T  0.0    0  7.8 17 190   M    M   4 18     22 200
 2  84  70  77  14   0  12 0.00  0.0    0 12.2 23 200   M    M   6 8      28 190
 3  83  61  72   9   0   7 0.36  0.0    0 11.7 23  20   M    M   6 138    32 360
 4  70  49  60  -3   5   0 0.10    M    0  9.0 18  30   M    M   4 1      27  20
 5  62  49  56  -8   9   0 1.08    M    0  6.2 15 100   M    M   7 13     18 100
 6  80  60  70   6   0   5    T  0.0    0  7.9 22 150   M    M   6 12     27 150
 7  83  64  74  10   0   9    T  0.0    0  6.7 15 180   M    M   1 1      19 200
 8  84  65  75  11   0  10 0.00  0.0    0  7.8 17 210   M    M   5 1      23 140
 9   M   M   M   M   M   M    M    M    M   M   M   M   M    M   M 1       M  M
10  75  58  67   2   0   2    T  0.0    0  6.6 14  10   M    M   9 18     19 350
11  79  53  66   1   0   1 0.00  0.0    0  4.4 10  70   M    M   1        15  20
12  79  64  72   7   0   7 0.27  0.0    0  6.9 18 150   M    M   7 1      24 150
13  80  67  74   8   0   9 0.43  0.0    0  8.1 18 180   M    M   7 13     23 190
14  74  63  69   3   0   4 0.05  0.0    0  3.9 13 180   M    M   5 13     17 180
15  78  61  70   4   0   5    T  0.0    0  2.9  9 260   M    M   4 18     12 220
16  75  62  69   3   0   4 2.80  0.0    0  4.9 24 100   M    M   6 13     29 100
17  81  63  72   5   0   7 0.04  0.0    0  3.1 23 120   M    M   3        28 120
18  71  67  69   2   0   4 0.02  0.0    0  3.7 10 100   M    M   7 13     13 150
19  82  60  71   4   0   6 0.86  0.0    0  6.4 36 310   M    M   4 13     46 310
20  71  55  63  -4   2   0 0.00  0.0    0  7.5 20 320   M    M   0 1      25 320
21  76  53  65  -3   0   0 0.01  0.0    0  5.9 15 100   M    M   2        18 110
22  84  55  70   2   0   5 0.00  0.0    0  2.8  8  30   M    M   4        13 170
23  81  65  73   5   0   8 0.01  0.0    0  5.7 12  50   M    M   4 1      16  90
24  80  64  72   3   0   7 0.17  0.0    0  8.1 26  90   M    M   8 138    32  80
25  82  69  76   7   0  11 0.04  0.0    0  8.3 21 130   M    M   2 13     24 130
26  85  64  75   6   0  10 0.00  0.0    0  3.6 13 130   M    M   2 128    16 140
================================================================================
SM 1960 1524        16 140  6.24     0.0 162.1          M      114
================================================================================
AV 78.4 61.0                               6.5 FASTST   M    M   5    MAX(MPH)
                                 MISC ---->  # 36 310               # 46  310
================================================================================
NOTES:
# LAST OF SEVERAL OCCURRENCES

COLUMN 17 PEAK WIND IN M.P.H.

PRELIMINARY LOCAL CLIMATOLOGICAL DATA (WS FORM: F-6) , PAGE 2

                                          STATION:  ALEXANDRIA
                                          MONTH:    APRIL
                                          YEAR:     2015
                                          LATITUDE:   31 19 N
                                          LONGITUDE:  92 33 W

[TEMPERATURE DATA]      [PRECIPITATION DATA]       SYMBOLS USED IN COLUMN 16

AVERAGE MONTHLY: 69.7   TOTAL FOR MONTH:   6.24    1 = FOG OR MIST
DPTR FM NORMAL:   3.9   DPTR FM NORMAL:    2.23    2 = FOG REDUCING VISIBILITY
HIGHEST:    85 ON 26    GRTST 24HR  2.84 ON 16-17      TO 1/4 MILE OR LESS
LOWEST:     49 ON  5, 4                            3 = THUNDER
                        SNOW, ICE PELLETS, HAIL    4 = ICE PELLETS
                        TOTAL MONTH:   0.0 INCH    5 = HAIL
                        GRTST 24HR     0.0         6 = FREEZING RAIN OR DRIZZLE
                        GRTST DEPTH:   0           7 = DUSTSTORM OR SANDSTORM:
                                                       VSBY 1/2 MILE OR LESS
                                                   8 = SMOKE OR HAZE
[NO. OF DAYS WITH]      [WEATHER - DAYS WITH]      9 = BLOWING SNOW
                                                   X = TORNADO
MAX 32 OR BELOW:   0    0.01 INCH OR MORE:  14
MAX 90 OR ABOVE:   0    0.10 INCH OR MORE:   8
MIN 32 OR BELOW:   0    0.50 INCH OR MORE:   3
MIN  0 OR BELOW:   0    1.00 INCH OR MORE:   2

[HDD (BASE 65) ]
TOTAL THIS MO.    16    CLEAR  (SCALE 0-3)   6
DPTR FM NORMAL   -48    PTCLDY (SCALE 4-7)  18
TOTAL FM JUL 1  2048    CLOUDY (SCALE 8-10)  1
DPTR FM NORMAL   104

[CDD (BASE 65) ]
TOTAL THIS MO.   140
DPTR FM NORMAL    56    [PRESSURE DATA]
TOTAL FM JAN 1   185    HIGHEST SLP M ON M
DPTR FM NORMAL    48    LOWEST  SLP 29.66 ON 26

[REMARKS]
