000
CXUS54 KCRP 201300
CF6ALI
PRELIMINARY LOCAL CLIMATOLOGICAL DATA (WS FORM: F-6)

                                          STATION:   ALICE
                                          MONTH:     APRIL
                                          YEAR:      2015
                                          LATITUDE:   27 44 N
                                          LONGITUDE:  98  1 W

  TEMPERATURE IN F:       :PCPN:    SNOW:  WIND      :SUNSHINE: SKY     :PK WND
================================================================================
1   2   3   4   5  6A  6B    7    8   9   10  11  12  13   14  15   16   17  18
                                     12Z  AVG MX 2MIN
DY MAX MIN AVG DEP HDD CDD  WTR  SNW DPTH SPD SPD DIR MIN PSBL S-S WX    SPD DR
================================================================================

 1  86  67  77   8   0  12 0.01  0.0    0 11.5 25 140   M    M   5 13     33 130
 2  90  71  81  12   0  16 0.00  0.0    0 10.6 20 150   M    M   6 1      27 120
 3  91  70  81  11   0  16 0.00  0.0    0  9.2 18 170   M    M   8 18     30 170
 4  74  64  69  -1   0   4 0.09  0.0    0 11.5 22  40   M    M  10 1      28  30
 5  86  64  75   5   0  10 0.03  0.0    0  9.9 31 180   M    M   6 1      38 180
 6  89  69  79   9   0  14 0.00  0.0    0 10.6 21 130   M    M   6 1      27 150
 7  91  70  81  11   0  16 0.00  0.0    0 13.1 21 140   M    M   6 1      27 140
 8  90  73  82  11   0  17 0.00  0.0    0 13.1 23 160   M    M   6        29 160
 9  91  70  81  10   0  16 0.00  0.0    0 10.9 30 160   M    M   4 18     38 160
10  78  71  75   4   0  10 0.04  0.0    0  6.9 21  40   M    M  10 128    26  30
11  83  69  76   4   0  11 0.33  0.0    0  8.8 16 100   M    M  10 138    34  70
12  84  68  76   4   0  11 1.39  0.0    0  9.1 26 230   M    M   7 138    30 230
13  88  66  77   5   0  12 0.13  0.0    0  6.6 17  70   M    M   5 13     23  70
14  80  63  72   0   0   7 2.65  0.0    0  7.0 35 320   M    M   9 13     45 330
15  76  65  71  -1   0   6 0.05  0.0    0  4.9 13 130   M    M  10 1      18  20
16  88  69  79   6   0  14 0.07  0.0    0  6.2 32 350   M    M   9 138    66 150
17  84  68  76   3   0  11 0.59  0.0    0 11.6 45 320   M    M  10 138    62 320
18  80  68  74   1   0   9 0.07  0.0    0  7.3 22 350   M    M   5 13     30 340
19  87  65  76   2   0  11 0.00  0.0    0  4.2 13 120   M    M   7 128    66  90
================================================================================
SM 1616 1290         0 223  5.45     0.0 173.0          M      139
================================================================================
AV 85.1 67.9                               9.1 FASTST   M    M   7    MAX(MPH)
                                 MISC ---->  # 45 320               # 66  150
================================================================================
NOTES:
# LAST OF SEVERAL OCCURRENCES

COLUMN 17 PEAK WIND IN M.P.H.

PRELIMINARY LOCAL CLIMATOLOGICAL DATA (WS FORM: F-6) , PAGE 2

                                          STATION:  ALICE
                                          MONTH:    APRIL
                                          YEAR:     2015
                                          LATITUDE:   27 44 N
                                          LONGITUDE:  98  1 W

[TEMPERATURE DATA]      [PRECIPITATION DATA]       SYMBOLS USED IN COLUMN 16

AVERAGE MONTHLY: 76.5   TOTAL FOR MONTH:   5.45    1 = FOG OR MIST
DPTR FM NORMAL:   5.2   DPTR FM NORMAL:    4.57    2 = FOG REDUCING VISIBILITY
HIGHEST:    91 ON  9, 7 GRTST 24HR  2.65 ON 14-14      TO 1/4 MILE OR LESS
LOWEST:     63 ON 14                               3 = THUNDER
                        SNOW, ICE PELLETS, HAIL    4 = ICE PELLETS
                        TOTAL MONTH:   0.0 INCH    5 = HAIL
                        GRTST 24HR     0.0         6 = FREEZING RAIN OR DRIZZLE
                        GRTST DEPTH:   0           7 = DUSTSTORM OR SANDSTORM:
                                                       VSBY 1/2 MILE OR LESS
                                                   8 = SMOKE OR HAZE
[NO. OF DAYS WITH]      [WEATHER - DAYS WITH]      9 = BLOWING SNOW
                                                   X = TORNADO
MAX 32 OR BELOW:   0    0.01 INCH OR MORE:  12
MAX 90 OR ABOVE:   5    0.10 INCH OR MORE:   5
MIN 32 OR BELOW:   0    0.50 INCH OR MORE:   3
MIN  0 OR BELOW:   0    1.00 INCH OR MORE:   2

[HDD (BASE 65) ]
TOTAL THIS MO.     0    CLEAR  (SCALE 0-3)   0
DPTR FM NORMAL   -16    PTCLDY (SCALE 4-7)  12
TOTAL FM JUL 1   994    CLOUDY (SCALE 8-10)  7
DPTR FM NORMAL    95

[CDD (BASE 65) ]
TOTAL THIS MO.   223
DPTR FM NORMAL    86    [PRESSURE DATA]
TOTAL FM JAN 1   349    HIGHEST SLP M ON M
DPTR FM NORMAL     0    LOWEST  SLP 29.72 ON 19

[REMARKS]
