000
CXUS54 KLCH 191210
CF6ARA
PRELIMINARY LOCAL CLIMATOLOGICAL DATA (WS FORM: F-6)

                                          STATION:   NEW IBERIA
                                          MONTH:     APRIL
                                          YEAR:      2015
                                          LATITUDE:   30  1 N
                                          LONGITUDE:  91 53 W

  TEMPERATURE IN F:       :PCPN:    SNOW:  WIND      :SUNSHINE: SKY     :PK WND
================================================================================
1   2   3   4   5  6A  6B    7    8   9   10  11  12  13   14  15   16   17  18
                                     12Z  AVG MX 2MIN
DY MAX MIN AVG DEP HDD CDD  WTR  SNW DPTH SPD SPD DIR MIN PSBL S-S WX    SPD DR
================================================================================

 1  82  60  71   6   0   6 0.00  0.0    0  8.2 21 190   M    M   4 12     26 190
 2  85  65  75  10   0  10    T  0.0    0 12.5 25 170   M    M   3 1      32 170
 3  85  63  74   9   0   9 0.00  0.0    0  9.9 23 200   M    M   3 12     29 210
 4  75  57  66   1   0   1    T  0.0    0 12.8 25  30   M    M   5 12     33  20
 5  78  56  67   1   0   2 0.18  0.0    0  9.9 20  40   M    M   6 1      25  50
 6  80  64  72   6   0   7    T  0.0    0  7.4 16 180   M    M   5 1      20 170
 7  85  64  75   9   0  10 0.00  0.0    0  6.8 16 180   M    M   3 12     22 190
 8  86  66  76  10   0  11 0.00  0.0    0  8.0 21 180   M    M   5 12     26 190
 9   M   M   M   M   M   M    M    M    M   M   M   M   M    M   M 12      M  M
10  84  64  74   7   0   9 1.65  0.0    0  6.5 18  20   M    M   6 123    23  30
11  79  65  72   5   0   7 2.33  0.0    0  6.8 15 130   M    M   9 1238   18 130
12  76  68  72   5   0   7 0.90  0.0    0  6.9 21 190   M    M   8 13     27 130
13  82  69  76   9   0  11 0.82  0.0    0  8.7 31 200   M    M   5 13     40 200
14  74  66  70   2   0   5 0.00  0.0    0  5.7 23 280   M    M   7 13     28 280
15  82  65  74   6   0   9 0.06  0.0    0  3.6 12 220   M    M   4 12     16 240
16  76  69  73   5   0   8 0.62  0.0    0  6.4 16  40   M    M   7 13     19  40
17  82  66  74   6   0   9 0.16  0.0    0  6.0 17 140   M    M   5 13     22 140
18  79  70  75   7   0  10 1.15  0.0    0  9.8 24 240   M    M   6 13     31 240
================================================================================
SM 1370 1097         0 131  7.87     0.0 135.9          M       91
================================================================================
AV 80.6 64.5                               8.0 FASTST   M    M   5    MAX(MPH)
                                 MISC ---->  # 31 200               # 40  200
================================================================================
NOTES:
# LAST OF SEVERAL OCCURRENCES

COLUMN 17 PEAK WIND IN M.P.H.

PRELIMINARY LOCAL CLIMATOLOGICAL DATA (WS FORM: F-6) , PAGE 2

                                          STATION:  NEW IBERIA
                                          MONTH:    APRIL
                                          YEAR:     2015
                                          LATITUDE:   30  1 N
                                          LONGITUDE:  91 53 W

[TEMPERATURE DATA]      [PRECIPITATION DATA]       SYMBOLS USED IN COLUMN 16

AVERAGE MONTHLY: 72.6   TOTAL FOR MONTH:   7.87    1 = FOG OR MIST
DPTR FM NORMAL:   6.0   DPTR FM NORMAL:    5.20    2 = FOG REDUCING VISIBILITY
HIGHEST:    86 ON  8    GRTST 24HR  2.45 ON 11-12      TO 1/4 MILE OR LESS
LOWEST:     56 ON  5                               3 = THUNDER
                        SNOW, ICE PELLETS, HAIL    4 = ICE PELLETS
                        TOTAL MONTH:   0.0 INCH    5 = HAIL
                        GRTST 24HR     0.0         6 = FREEZING RAIN OR DRIZZLE
                        GRTST DEPTH:   0           7 = DUSTSTORM OR SANDSTORM:
                                                       VSBY 1/2 MILE OR LESS
                                                   8 = SMOKE OR HAZE
[NO. OF DAYS WITH]      [WEATHER - DAYS WITH]      9 = BLOWING SNOW
                                                   X = TORNADO
MAX 32 OR BELOW:   0    0.01 INCH OR MORE:   9
MAX 90 OR ABOVE:   0    0.10 INCH OR MORE:   8
MIN 32 OR BELOW:   0    0.50 INCH OR MORE:   6
MIN  0 OR BELOW:   0    1.00 INCH OR MORE:   3

[HDD (BASE 65) ]
TOTAL THIS MO.     0    CLEAR  (SCALE 0-3)   3
DPTR FM NORMAL   -38    PTCLDY (SCALE 4-7)  13
TOTAL FM JUL 1  1415    CLOUDY (SCALE 8-10)  1
DPTR FM NORMAL    13

[CDD (BASE 65) ]
TOTAL THIS MO.   131
DPTR FM NORMAL    65    [PRESSURE DATA]
TOTAL FM JAN 1   227    HIGHEST SLP M ON M
DPTR FM NORMAL    78    LOWEST  SLP 29.77 ON 18

[REMARKS]
