000
CXUS55 KBOU 011342
CF6BDU
PRELIMINARY LOCAL CLIMATOLOGICAL DATA (WS FORM: F-6)

                                          STATION:   Boulder Airport
                                          MONTH:     MARCH
                                          YEAR:      2015
                                          LATITUDE:   40  2 N
                                          LONGITUDE: 105 14 W

  TEMPERATURE IN F:       :PCPN:    SNOW:  WIND      :SUNSHINE: SKY     :PK WND
================================================================================
1   2   3   4   5  6A  6B    7    8   9   10  11  12  13   14  15   16   17  18
                                     12Z  AVG MX 2MIN
DY MAX MIN AVG DEP HDD CDD  WTR  SNW DPTH SPD SPD DIR MIN PSBL S-S WX    SPD DR
================================================================================

 1  27  18  23   M  42   0    M    M    M  0.9  5  60   M    M  10 1       M  M
 2  41  19  30   M  35   0    M    M    M  2.3  5 230   M    M   4 18      M  M
 3  45  14  30   M  35   0    M    M    M  7.0 20  40   M    M   8        32 260
 4  21  10  16   M  49   0    M    M    M  2.7  7  20   M    M   7         M  M
 5  32   7  20   M  45   0    M    M    M  2.1  6 200   M    M   0         M  M
 6  48  23  36   M  29   0    M    M    M  3.0  7 350   M    M   0         M  M
 7  50  30  40   M  25   0    M    M    M  3.5  6 230   M    M   0         M  M
 8  50  32  41   M  24   0    M    M    M  2.0  7 220   M    M   0         M  M
 9  59  32  46   M  19   0    M    M    M  3.5  8 240   M    M   0         M  M
10  61  32  47   M  18   0    M    M    M  3.1  7 220   M    M   0         M  M
11  66  34  50   M  15   0    M    M    M  1.7  7 270   M    M   0         M  M
12  64  43  54   M  11   0    M    M    M  4.2 10  40   M    M   3        24  40
13  59  43  51   M  14   0    M    M    M  4.5 13 320   M    M   6         M  M
14  68  37  53   M  12   0    M    M    M  3.7  9 240   M    M   0         M  M
15  79  46  63   M   2   0    M    M    M  4.2  9 220   M    M   0         M  M
16  81  46  64   M   1   0    M    M    M  5.9 20  40   M    M   2        27  40
17  50  39  45   M  20   0    M    M    M  4.1  9 360   M    M   5         M  M
18  63  36  50   M  15   0    M    M    M  1.7  8  20   M    M   5         M  M
19  48  39  44   M  21   0    M    M    M  3.7  8 170   M    M   7         M  M
20  66  32  49   M  16   0    M    M    M  3.6  9 230   M    M   0         M  M
21  72  37  55   M  10   0    M    M    M  3.6  9  90   M    M   0         M  M
22  72  45  59   M   6   0    M    M    M  5.7 17 250   M    M   3        28 250
23  70  37  54   M  11   0    M    M    M  6.2 24 260   M    M   1        41 260
24  61  43  52   M  13   0    M    M    M  8.8 40 250   M    M   3        52 250
25  45  32  39   M  26   0    M    M    M  3.5 16  30   M    M   7        22  50
26  63  30  47   M  18   0    M    M    M  7.8 23 280   M    M   2        30 280
27  70  43  57   M   8   0    M    M    M  6.5 14 280   M    M   3        22 290
28  77  46  62   M   3   0    M    M    M  7.9 24 260   M    M   0        31 260
29  63  43  53   M  12   0    M    M    M  7.3 13 140   M    M   0        23 310
30  75  37  56   M   9   0    M    M    M  6.7 27 280   M    M   0        35 280
31  77  43  60   M   5   0    M    M    M  4.8 14 250   M    M   0        21 290
================================================================================
SM 1823 1048       569   0    M     M    136.2          M       76
================================================================================
AV 58.8 33.8                               4.4 FASTST   M    M   2    MAX(MPH)
                                 MISC ---->    40   M                 52    M
================================================================================
NOTES:
# LAST OF SEVERAL OCCURRENCES

COLUMN 17 PEAK WIND IN M.P.H.

PRELIMINARY LOCAL CLIMATOLOGICAL DATA (WS FORM: F-6) , PAGE 2

                                          STATION:  Boulder Airport
                                          MONTH:    MARCH
                                          YEAR:     2015
                                          LATITUDE:   40  2 N
                                          LONGITUDE: 105 14 W

[TEMPERATURE DATA]      [PRECIPITATION DATA]       SYMBOLS USED IN COLUMN 16

AVERAGE MONTHLY: 46.3   TOTAL FOR MONTH:      M    1 = FOG OR MIST
DPTR FM NORMAL:     M   DPTR FM NORMAL:       M    2 = FOG REDUCING VISIBILITY
HIGHEST:    81 ON 16    GRTST 24HR    M  ON   M        TO 1/4 MILE OR LESS
LOWEST:      7 ON  5                               3 = THUNDER
                        SNOW, ICE PELLETS, HAIL    4 = ICE PELLETS
                        TOTAL MONTH:    M          5 = HAIL
                        GRTST 24HR    M  ON   M    6 = FREEZING RAIN OR DRIZZLE
                        GRTST DEPTH:  M  ON   M    7 = DUSTSTORM OR SANDSTORM:
                                                       VSBY 1/2 MILE OR LESS
                                                   8 = SMOKE OR HAZE
[NO. OF DAYS WITH]      [WEATHER - DAYS WITH]      9 = BLOWING SNOW
                                                   X = TORNADO
MAX 32 OR BELOW:   3    0.01 INCH OR MORE:   0
MAX 90 OR ABOVE:   0    0.10 INCH OR MORE:   0
MIN 32 OR BELOW:  13    0.50 INCH OR MORE:   0
MIN  0 OR BELOW:   0    1.00 INCH OR MORE:   0

[HDD (BASE 65) ]
TOTAL THIS MO.   569    CLEAR  (SCALE 0-3)  22
DPTR FM NORMAL     M    PTCLDY (SCALE 4-7)   8
TOTAL FM JUL 1  4428    CLOUDY (SCALE 8-10)  1
DPTR FM NORMAL     M

[CDD (BASE 65) ]
TOTAL THIS MO.     0
DPTR FM NORMAL     M    [PRESSURE DATA]
TOTAL FM JAN 1     0    HIGHEST SLP M ON M
DPTR FM NORMAL     M    LOWEST  SLP M ON M

[REMARKS]
