000
CXUS54 KAMA 241015
CF6BGD
PRELIMINARY LOCAL CLIMATOLOGICAL DATA (WS FORM: F-6)

                                          STATION:   BORGER
                                          MONTH:     APRIL
                                          YEAR:      2015
                                          LATITUDE:   35 42 N
                                          LONGITUDE: 101 24 W

  TEMPERATURE IN F:       :PCPN:    SNOW:  WIND      :SUNSHINE: SKY     :PK WND
================================================================================
1   2   3   4   5  6A  6B    7    8   9   10  11  12  13   14  15   16   17  18
                                     12Z  AVG MX 2MIN
DY MAX MIN AVG DEP HDD CDD  WTR  SNW DPTH SPD SPD DIR MIN PSBL S-S WX    SPD DR
================================================================================

 1  90  54  72  17   0   7 0.00  0.0    0 13.1 20 240   M    M   0        26 230
 2  84  51  68  13   0   3 0.00  0.0    0 10.7 30 300   M    M   1 8      45 300
 3  57  42  50  -5  15   0 0.00  0.0    0 16.1 37 340   M    M   6 8      46 340
 4  68  38  53  -2  12   0 0.00  0.0    0 11.6 22 190   M    M   0        28 180
 5  85  50  68  12   0   3 0.00  0.0    0 13.8 24 170   M    M   0        33 170
 6  88  54  71  15   0   6 0.00  0.0    0 17.0 30 240   M    M   0        43 240
 7  88  56  72  16   0   7 0.00  0.0    0  9.8 20 220   M    M   0        29 240
 8  91  57  74  17   0   9    T  0.0    0 13.4 32 230   M    M   0        51 200
 9  71  44  58   1   7   0 0.00  0.0    0 13.9 28 350   M    M   0        36  10
10  72  35  54  -3  11   0 0.00  0.0    0  8.0 18 170   M    M   1        27 170
11  74  48  61   4   4   0 0.27  0.0    0 14.7 25 140   M    M   3 13     35 140
12  79  59  69  11   0   4    T  0.0    0 10.7 25 160   M    M   3        35 170
13  67  50  59   1   6   0    T  0.0    0 15.3 29  70   M    M   3        37  70
14  70  41  56  -2   9   0 0.00  0.0    0  6.9 17 140   M    M   0        23 140
15  84  48  66   8   0   1 0.06  0.0    0 13.7 33 220   M    M   1 3      49 230
16  72  52  62   3   3   0 0.60  0.0    0  7.2 20  30   M    M   4 13     24  50
17  71  50  61   2   4   0    T  0.0    0  8.6 24 140   M    M   5 13     31 140
18  75  48  62   3   3   0 0.08  0.0    0  7.7 30 290   M    M   3 13     39 280
19  62  45  54  -6  11   0 0.00  0.0    0 15.4 35 350   M    M   5        42 360
20  70  42  56  -4   9   0 0.22  0.0    0  6.2 20 200   M    M   6        28 190
21  77  46  62   2   3   0 0.02  0.0    0  5.7 28 220   M    M   1 3      38 240
22  69  54  62   2   3   0    T  0.0    0 11.9 23  80   M    M   2        28  80
23  73  54  64   3   1   0 0.00  0.0    0 11.5 23 170   M    M   6 1      30 180
================================================================================
SM 1737 1118       101  40  1.25     0.0 262.9          M       50
================================================================================
AV 75.5 48.6                              11.4 FASTST   M    M   2    MAX(MPH)
                                 MISC ---->  # 37 340               # 51  200
================================================================================
NOTES:
# LAST OF SEVERAL OCCURRENCES

COLUMN 17 PEAK WIND IN M.P.H.

PRELIMINARY LOCAL CLIMATOLOGICAL DATA (WS FORM: F-6) , PAGE 2

                                          STATION:  BORGER
                                          MONTH:    APRIL
                                          YEAR:     2015
                                          LATITUDE:   35 42 N
                                          LONGITUDE: 101 24 W

[TEMPERATURE DATA]      [PRECIPITATION DATA]       SYMBOLS USED IN COLUMN 16

AVERAGE MONTHLY: 62.1   TOTAL FOR MONTH:   1.25    1 = FOG OR MIST
DPTR FM NORMAL:   4.4   DPTR FM NORMAL:   -0.03    2 = FOG REDUCING VISIBILITY
HIGHEST:    91 ON  8    GRTST 24HR  0.60 ON 16-16      TO 1/4 MILE OR LESS
LOWEST:     35 ON 10                               3 = THUNDER
                        SNOW, ICE PELLETS, HAIL    4 = ICE PELLETS
                        TOTAL MONTH:   0.0 INCH    5 = HAIL
                        GRTST 24HR     0.0         6 = FREEZING RAIN OR DRIZZLE
                        GRTST DEPTH:   0           7 = DUSTSTORM OR SANDSTORM:
                                                       VSBY 1/2 MILE OR LESS
                                                   8 = SMOKE OR HAZE
[NO. OF DAYS WITH]      [WEATHER - DAYS WITH]      9 = BLOWING SNOW
                                                   X = TORNADO
MAX 32 OR BELOW:   0    0.01 INCH OR MORE:   6
MAX 90 OR ABOVE:   2    0.10 INCH OR MORE:   3
MIN 32 OR BELOW:   0    0.50 INCH OR MORE:   1
MIN  0 OR BELOW:   0    1.00 INCH OR MORE:   0

[HDD (BASE 65) ]
TOTAL THIS MO.   101    CLEAR  (SCALE 0-3)  14
DPTR FM NORMAL   -91    PTCLDY (SCALE 4-7)   9
TOTAL FM JUL 1  3333    CLOUDY (SCALE 8-10)  0
DPTR FM NORMAL  -336

[CDD (BASE 65) ]
TOTAL THIS MO.    40
DPTR FM NORMAL    17    [PRESSURE DATA]
TOTAL FM JAN 1    47    HIGHEST SLP M ON M
DPTR FM NORMAL    17    LOWEST  SLP 29.46 ON  8

[REMARKS]
