000
CXUS55 KDVN 301100
CF6BRL
PRELIMINARY LOCAL CLIMATOLOGICAL DATA (WS FORM: F-6)

                                          STATION:   BURLINGTON IA
                                          MONTH:     MARCH
                                          YEAR:      2015
                                          LATITUDE:   40 46 N
                                          LONGITUDE:  91  7 W

  TEMPERATURE IN F:       :PCPN:    SNOW:  WIND      :SUNSHINE: SKY     :PK WND
================================================================================
1   2   3   4   5  6A  6B    7    8   9   10  11  12  13   14  15   16   17  18
                                     12Z  AVG MX 2MIN
DY MAX MIN AVG DEP HDD CDD  WTR  SNW DPTH SPD SPD DIR MIN PSBL S-S WX    SPD DR
================================================================================

 1  28  13  21 -14  44   0 0.08    M    M  3.3  9 310   M    M   7 128    13 320
 2  29  14  22 -13  43   0 0.00    M    M  5.9 13 140   M    M   3 1      17 150
 3  37  23  30  -6  35   0 0.03    M    M 12.1 23 180   M    M   9 16     28 340
 4  22  11  17 -19  48   0 0.00    M    M 11.0 21 330   M    M   4        29 340
 5  16   2   9 -28  56   0 0.00    M    M  6.6 16 360   M    M   2        19 360
 6  43   1  22 -15  43   0 0.00    M    M 11.2 24 180   M    M   1        31 190
 7  53  30  42   4  23   0 0.00    M    M  8.5 22 300   M    M   1        32 310
 8  49  28  39   1  26   0 0.00    M    M  6.0 13 120   M    M   2        17 120
 9  54  27  41   3  24   0 0.00    M    M  5.3 14 130   M    M   2 12     19 150
10  62  35  49  10  16   0 0.00    M    M  4.0  9 210   M    M   3 128    13 210
11  60  37  49  10  16   0 0.00    M    M  8.3 15  30   M    M   0        19  30
12  63  36  50  10  15   0 0.00    M    M  7.8 14 120   M    M   0 18     18 140
13  68  36  52  12  13   0 0.00    M    M  3.5 12 350   M    M   0        15 350
14  63  34  49   8  16   0 0.00    M    M  9.4 18 360   M    M   0        24 360
15  68  32  50   9  15   0 0.00    M    M 10.2 23 230   M    M   0        29 230
16  79  47  63  21   2   0 0.00    M    M 12.4 24 220   M    M   0 8      30 210
17  55  32  44   2  21   0 0.00    M    M 12.8 28  30   M    M   1 8      35  10
18  49  32  41  -1  24   0 0.00    M    M  6.7 14 150   M    M   1        17 140
19  46  36  41  -2  24   0 0.00    M    M  5.5 13 130   M    M   9        15 130
20  56  35  46   3  19   0 0.00    M    M  8.7 18 210   M    M   6 18     23 210
21  62  38  50   6  15   0 0.00    M    M  8.4 16  30   M    M   0 1      20  20
22  55  34  45   1  20   0 0.00    M    M 12.3 20 110   M    M   0        27 100
23  38  32  35 -10  30   0 0.05    M    M 12.9 21 110   M    M  10 16     28 120
24  42  30  36  -9  29   0 0.06    M    M 11.8 23 120   M    M  10 18     29 130
25  46  35  41  -5  24   0 0.00    M    M  8.6 16 350   M    M  10 1      23 360
26  50  30  40  -6  25   0 0.00    M    M 12.4 22 320   M    M   2        29 320
27  40  27  34 -12  31   0 0.00    M    M  8.6 18 350   M    M   3        23 360
28  44  24  34 -13  31   0 0.00    M    M  7.3 14 160   M    M   0        20 150
29  59  32  46  -1  19   0 0.08    M    M 13.6 26 210   M    M   3 1      32 210
================================================================================
SM 1436  823       747   0  0.30    M    255.1          M       89
================================================================================
AV 49.5 28.4                               8.8 FASTST   M    M   3    MAX(MPH)
                                 MISC ---->  # 28  30               # 35   10
================================================================================
NOTES:
# LAST OF SEVERAL OCCURRENCES

COLUMN 17 PEAK WIND IN M.P.H.

PRELIMINARY LOCAL CLIMATOLOGICAL DATA (WS FORM: F-6) , PAGE 2

                                          STATION:  BURLINGTON IA
                                          MONTH:    MARCH
                                          YEAR:     2015
                                          LATITUDE:   40 46 N
                                          LONGITUDE:  91  7 W

[TEMPERATURE DATA]      [PRECIPITATION DATA]       SYMBOLS USED IN COLUMN 16

AVERAGE MONTHLY: 38.9   TOTAL FOR MONTH:   0.30    1 = FOG OR MIST
DPTR FM NORMAL:  -2.2   DPTR FM NORMAL:   -2.29    2 = FOG REDUCING VISIBILITY
HIGHEST:    79 ON 16    GRTST 24HR  0.08 ON 29-29      TO 1/4 MILE OR LESS
LOWEST:      1 ON  6                               3 = THUNDER
                        SNOW, ICE PELLETS, HAIL    4 = ICE PELLETS
                        TOTAL MONTH:    M          5 = HAIL
                        GRTST 24HR    M  ON   M    6 = FREEZING RAIN OR DRIZZLE
                        GRTST DEPTH:  M  ON   M    7 = DUSTSTORM OR SANDSTORM:
                                                       VSBY 1/2 MILE OR LESS
                                                   8 = SMOKE OR HAZE
[NO. OF DAYS WITH]      [WEATHER - DAYS WITH]      9 = BLOWING SNOW
                                                   X = TORNADO
MAX 32 OR BELOW:   4    0.01 INCH OR MORE:   5
MAX 90 OR ABOVE:   0    0.10 INCH OR MORE:   0
MIN 32 OR BELOW:  18    0.50 INCH OR MORE:   0
MIN  0 OR BELOW:   0    1.00 INCH OR MORE:   0

[HDD (BASE 65) ]
TOTAL THIS MO.   747    CLEAR  (SCALE 0-3)  19
DPTR FM NORMAL    53    PTCLDY (SCALE 4-7)   5
TOTAL FM JUL 1  5678    CLOUDY (SCALE 8-10)  5
DPTR FM NORMAL   606

[CDD (BASE 65) ]
TOTAL THIS MO.     0
DPTR FM NORMAL     0    [PRESSURE DATA]
TOTAL FM JAN 1     0    HIGHEST SLP M ON M
DPTR FM NORMAL     0    LOWEST  SLP 29.69 ON  3

[REMARKS]
