000
CXUS54 KLZK 251330
CF6CCA
PRELIMINARY LOCAL CLIMATOLOGICAL DATA (WS FORM: F-6)

                                          STATION:   Clinton
                                          MONTH:     APRIL
                                          YEAR:      2015
                                          LATITUDE:   35 32 N
                                          LONGITUDE:  92 22 W

  TEMPERATURE IN F:       :PCPN:    SNOW:  WIND      :SUNSHINE: SKY     :PK WND
================================================================================
1   2   3   4   5  6A  6B    7    8   9   10  11  12  13   14  15   16   17  18
                                     12Z  AVG MX 2MIN
DY MAX MIN AVG DEP HDD CDD  WTR  SNW DPTH SPD SPD DIR MIN PSBL S-S WX    SPD DR
================================================================================

 1  75  54  65   M   0   0 0.23  0.0    0  1.6  6 170   M    M   8 123     M  M
 2  73  57  65   M   0   0 0.09  0.0    0  3.3 12 180   M    M   9 13     18 170
 3  73  50  62   M   3   0 0.01  0.0    0  8.4 21 310   M    M   6 1      29 310
 4  63  36  50   M  15   0 0.00  0.0    0  3.3  8  80   M    M   0        17 350
 5  55  34  45   M  20   0 0.02    M    0  1.4  5 120   M    M   6         M  M
 6  70  50  60   M   5   0 0.00  0.0    0  1.5  8 150   M    M   9 18      M  M
 7  77  59  68   M   0   3 0.00  0.0    0  5.1 17 190   M    M   6 138    23 190
 8  82  57  70   M   0   5 0.00  0.0    0  5.7 15 190   M    M   2 13     22 220
 9  82  59  71   M   0   6 0.35  0.0    0  6.4 14 190   M    M   6 138    18 190
10  72  45  59   M   6   0 0.00  0.0    0  3.4  8 310   M    M   0 1      20 310
11  73  39  56   M   9   0 0.00  0.0    0  2.4  8 130   M    M   0 1       M  M
12  79  41  60   M   5   0 0.00  0.0    0  2.5 10 110   M    M   2 1       M  M
13  72  57  65   M   0   0 1.63  0.0    0  2.7 10  10   M    M  10 1      22  10
14  68  54  61   M   4   0 0.08  0.0    0  3.2  9  60   M    M  10 18      M  M
15  64  55  60   M   5   0 0.18  0.0    0  0.8  5  90   M    M  10 12      M  M
16  77  57  67   M   0   2 0.00  0.0    0  2.5  7 120   M    M   5 1       M  M
17  73  57  65   M   0   0 0.14  0.0    0  1.1  8 110   M    M   3 13      M  M
18  73  55  64   M   1   0 0.00  0.0    0  1.4  8 120   M    M   7 1       M  M
19  79  54  67   M   0   2 0.00  0.0    0  3.7 17 270   M    M   4 13     24 270
20  68  41  55   M  10   0 0.00  0.0    0  5.9 15 300   M    M   2        23 300
21  70  37  54   M  11   0 0.00  0.0    0  4.1 15 190   M    M   1 1      22 200
22  66  45  56   M   9   0 0.00  0.0    0  1.2  7 300   M    M   3 1       M  M
23  63  46  55   M  10   0 0.00  0.0    0  2.1  8 120   M    M   7 1       M  M
24  59  50  55   M  10   0 0.00  0.0    0  0.4  5  80   M    M   9 13      M  M
================================================================================
SM 1706 1189       123  18  2.73     0.0  74.1          M      125
================================================================================
AV 71.1 49.5                               3.1 FASTST   M    M   5    MAX(MPH)
                                 MISC ---->    21   M                 29    M
================================================================================
NOTES:
# LAST OF SEVERAL OCCURRENCES

COLUMN 17 PEAK WIND IN M.P.H.

PRELIMINARY LOCAL CLIMATOLOGICAL DATA (WS FORM: F-6) , PAGE 2

                                          STATION:  Clinton
                                          MONTH:    APRIL
                                          YEAR:     2015
                                          LATITUDE:   35 32 N
                                          LONGITUDE:  92 22 W

[TEMPERATURE DATA]      [PRECIPITATION DATA]       SYMBOLS USED IN COLUMN 16

AVERAGE MONTHLY: 60.3   TOTAL FOR MONTH:   2.73    1 = FOG OR MIST
DPTR FM NORMAL:     M   DPTR FM NORMAL:       M    2 = FOG REDUCING VISIBILITY
HIGHEST:    82 ON  9, 8 GRTST 24HR  1.63 ON 13-13      TO 1/4 MILE OR LESS
LOWEST:     34 ON  5                               3 = THUNDER
                        SNOW, ICE PELLETS, HAIL    4 = ICE PELLETS
                        TOTAL MONTH:   0.0 INCH    5 = HAIL
                        GRTST 24HR     0.0         6 = FREEZING RAIN OR DRIZZLE
                        GRTST DEPTH:   0           7 = DUSTSTORM OR SANDSTORM:
                                                       VSBY 1/2 MILE OR LESS
                                                   8 = SMOKE OR HAZE
[NO. OF DAYS WITH]      [WEATHER - DAYS WITH]      9 = BLOWING SNOW
                                                   X = TORNADO
MAX 32 OR BELOW:   0    0.01 INCH OR MORE:   9
MAX 90 OR ABOVE:   0    0.10 INCH OR MORE:   5
MIN 32 OR BELOW:   0    0.50 INCH OR MORE:   1
MIN  0 OR BELOW:   0    1.00 INCH OR MORE:   1

[HDD (BASE 65) ]
TOTAL THIS MO.   123    CLEAR  (SCALE 0-3)   8
DPTR FM NORMAL     M    PTCLDY (SCALE 4-7)  10
TOTAL FM JUL 1  3678    CLOUDY (SCALE 8-10)  6
DPTR FM NORMAL     M

[CDD (BASE 65) ]
TOTAL THIS MO.    18
DPTR FM NORMAL     M    [PRESSURE DATA]
TOTAL FM JAN 1    18    HIGHEST SLP M ON M
DPTR FM NORMAL     M    LOWEST  SLP M ON M

[REMARKS]
