000
CXUS52 KMLB 251342
CF6DAB
PRELIMINARY LOCAL CLIMATOLOGICAL DATA (WS FORM: F-6)

                                          STATION:   DAYTONA BEACH
                                          MONTH:     APRIL
                                          YEAR:      2015
                                          LATITUDE:   29 10 N
                                          LONGITUDE:  81  3 W

  TEMPERATURE IN F:       :PCPN:    SNOW:  WIND      :SUNSHINE: SKY     :PK WND
================================================================================
1   2   3   4   5  6A  6B    7    8   9   10  11  12  13   14  15   16   17  18
                                     12Z  AVG MX 2MIN
DY MAX MIN AVG DEP HDD CDD  WTR  SNW DPTH SPD SPD DIR MIN PSBL S-S WX    SPD DR
================================================================================

 1  85  63  74   7   0   9 0.00  0.0    0  9.7 18 250   M    M   4 1      27 280
 2  81  64  73   6   0   8 0.00  0.0    0  5.8 15  80   M    M   5 1      21  80
 3  85  63  74   7   0   9 0.00  0.0    0  5.3 14 210   M    M   2 1      18 110
 4  88  62  75   8   0  10 0.02  0.0    0  6.4 16 240   M    M   5 1      22 220
 5  78  68  73   6   0   8    T  0.0    0 12.2 21  70   M    M   7        28  60
 6  81  67  74   7   0   9 0.00  0.0    0  4.7 14  60   M    M   5 1      20  80
 7  84  64  74   6   0   9 0.00  0.0    0  4.3 14  80   M    M   6 18     18  80
 8  83  64  74   6   0   9 0.00  0.0    0  3.5 14  70   M    M   3 18     17  70
 9  84  63  74   6   0   9 0.00  0.0    0  5.1 15  80   M    M   2 18     21  70
10  87  63  75   7   0  10 0.00  0.0    0  4.8 13  80   M    M   3 1      17 100
11  87  68  78  10   0  13 0.16  0.0    0  5.2 14 330   M    M   6 13     17 330
12  86  68  77   9   0  12 2.12  0.0    0  4.0 17  80   M    M   8 123    22  70
13  81  70  76   8   0  11 0.99  0.0    0  3.2 20  50   M    M   8 138    22  50
14  86  66  76   7   0  11 0.00  0.0    0  5.4 13 200   M    M   4 1      15 200
15  87  70  79  10   0  14 1.01  0.0    0  3.8 23 270   M    M   8 138    28 270
16  80  69  75   6   0  10 0.02  0.0    0  8.4 18  20   M    M   8        23  10
17  76  69  73   4   0   8    T  0.0    0  5.3  9  50   M    M   9 1      13  50
18  88  69  79  10   0  14 0.00  0.0    0  3.5 14  70   M    M   8 1      19 270
19  90  71  81  12   0  16 0.23  0.0    0  5.0 24 250   M    M   9 138    34 250
20  84  66  75   5   0  10 0.57  0.0    0  6.4 29 310   M    M   9 13     40 320
21  83  66  75   5   0  10 0.00  0.0    0  5.2 12  70   M    M   7        15  70
22  80  66  73   3   0   8 0.00  0.0    0  5.5 15  20   M    M   4        19  20
23  86  65  76   6   0  11 0.05  0.0    0  4.7 13  60   M    M   4 1      17  50
24  79  69  74   4   0   9 0.00  0.0    0  8.4 21  10   M    M   4        26  20
================================================================================
SM 2009 1593         0 247  5.17     0.0 135.8          M      138
================================================================================
AV 83.7 66.4                               5.7 FASTST   M    M   6    MAX(MPH)
                                 MISC ---->  # 29 310               # 40  320
================================================================================
NOTES:
# LAST OF SEVERAL OCCURRENCES

COLUMN 17 PEAK WIND IN M.P.H.

PRELIMINARY LOCAL CLIMATOLOGICAL DATA (WS FORM: F-6) , PAGE 2

                                          STATION:  DAYTONA BEACH
                                          MONTH:    APRIL
                                          YEAR:     2015
                                          LATITUDE:   29 10 N
                                          LONGITUDE:  81  3 W

[TEMPERATURE DATA]      [PRECIPITATION DATA]       SYMBOLS USED IN COLUMN 16

AVERAGE MONTHLY: 75.0   TOTAL FOR MONTH:   5.17    1 = FOG OR MIST
DPTR FM NORMAL:   6.6   DPTR FM NORMAL:    3.32    2 = FOG REDUCING VISIBILITY
HIGHEST:    90 ON 19    GRTST 24HR  2.77 ON 12-13      TO 1/4 MILE OR LESS
LOWEST:     62 ON  4                               3 = THUNDER
                        SNOW, ICE PELLETS, HAIL    4 = ICE PELLETS
                        TOTAL MONTH:   0.0 INCH    5 = HAIL
                        GRTST 24HR     0.0         6 = FREEZING RAIN OR DRIZZLE
                        GRTST DEPTH:   0           7 = DUSTSTORM OR SANDSTORM:
                                                       VSBY 1/2 MILE OR LESS
                                                   8 = SMOKE OR HAZE
[NO. OF DAYS WITH]      [WEATHER - DAYS WITH]      9 = BLOWING SNOW
                                                   X = TORNADO
MAX 32 OR BELOW:   0    0.01 INCH OR MORE:   9
MAX 90 OR ABOVE:   1    0.10 INCH OR MORE:   6
MIN 32 OR BELOW:   0    0.50 INCH OR MORE:   4
MIN  0 OR BELOW:   0    1.00 INCH OR MORE:   2

[HDD (BASE 65) ]
TOTAL THIS MO.     0    CLEAR  (SCALE 0-3)   3
DPTR FM NORMAL   -27    PTCLDY (SCALE 4-7)  16
TOTAL FM JUL 1   682    CLOUDY (SCALE 8-10)  5
DPTR FM NORMAL  -124

[CDD (BASE 65) ]
TOTAL THIS MO.   247
DPTR FM NORMAL   140    [PRESSURE DATA]
TOTAL FM JAN 1   477    HIGHEST SLP M ON M
DPTR FM NORMAL   228    LOWEST  SLP 29.82 ON 19

[REMARKS]
