000
CXUS52 KTAE 170800
CF6DHN
PRELIMINARY LOCAL CLIMATOLOGICAL DATA (WS FORM: F-6)

                                          STATION:   DOTHAN
                                          MONTH:     APRIL
                                          YEAR:      2015
                                          LATITUDE:   31 19 N
                                          LONGITUDE:  85 27 W

  TEMPERATURE IN F:       :PCPN:    SNOW:  WIND      :SUNSHINE: SKY     :PK WND
================================================================================
1   2   3   4   5  6A  6B    7    8   9   10  11  12  13   14  15   16   17  18
                                     12Z  AVG MX 2MIN
DY MAX MIN AVG DEP HDD CDD  WTR  SNW DPTH SPD SPD DIR MIN PSBL S-S WX    SPD DR
================================================================================

 1  84  63  74  12   0   9 0.00  0.0    0  7.4 14 210   M    M   2 8      17 210
 2  80  60  70   8   0   5 0.00  0.0    0  5.9 12 150   M    M   2 12     15 140
 3  84  59  72  10   0   7 0.00  0.0    0 10.3 22 190   M    M   3 12     30 190
 4  77  50  64   2   1   0    T  0.0    0  9.5 17 350   M    M   5 1      22 330
 5  77  47  62  -1   3   0    T    M    0  7.9 18  90   M    M   2        24 110
 6  81  64  73  10   0   8    T  0.0    0  6.3 14 170   M    M   9        18 120
 7  88  62  75  12   0  10 0.00  0.0    0  4.8 12 300   M    M   2 1      14 170
 8  89  60  75  11   0  10 0.00  0.0    0  4.9 13 220   M    M   1        17 230
 9  87  62  75  11   0  10 0.00  0.0    0  6.4 16 190   M    M   3 12     22 190
10  84  67  76  12   0  11 0.20  0.0    0  6.8 16 200   M    M   8 138    21 190
11  76  64  70   6   0   5 0.00  0.0    0  2.5  9  40   M    M   6 1      12  30
12  76  63  70   6   0   5 0.35  0.0    0  5.2 12 110   M    M   8 12     20 110
13  76  68  72   7   0   7 0.70  0.0    0  7.7 15 240   M    M   8 1      20 250
14  84  66  75  10   0  10 1.82  0.0    0  7.2 20 350   M    M   8 138    23  10
15  79  67  73   8   0   8 0.95  0.0    0  5.6 22 220   M    M   7 12     29 220
16  71  62  67   1   0   2 1.09  0.0    0  7.8 14  60   M    M   9 13     19  70
================================================================================
SM 1293  984         4 107  5.11     0.0 106.2          M       83
================================================================================
AV 80.8 61.5                               6.6 FASTST   M    M   5    MAX(MPH)
                                 MISC ---->  # 22 190               # 30  190
================================================================================
NOTES:
# LAST OF SEVERAL OCCURRENCES

COLUMN 17 PEAK WIND IN M.P.H.

PRELIMINARY LOCAL CLIMATOLOGICAL DATA (WS FORM: F-6) , PAGE 2

                                          STATION:  DOTHAN
                                          MONTH:    APRIL
                                          YEAR:     2015
                                          LATITUDE:   31 19 N
                                          LONGITUDE:  85 27 W

[TEMPERATURE DATA]      [PRECIPITATION DATA]       SYMBOLS USED IN COLUMN 16

AVERAGE MONTHLY: 71.2   TOTAL FOR MONTH:   5.11    1 = FOG OR MIST
DPTR FM NORMAL:   7.5   DPTR FM NORMAL:    2.98    2 = FOG REDUCING VISIBILITY
HIGHEST:    89 ON  8    GRTST 24HR  2.77 ON 14-15      TO 1/4 MILE OR LESS
LOWEST:     47 ON  5                               3 = THUNDER
                        SNOW, ICE PELLETS, HAIL    4 = ICE PELLETS
                        TOTAL MONTH:   0.0 INCH    5 = HAIL
                        GRTST 24HR     0.0         6 = FREEZING RAIN OR DRIZZLE
                        GRTST DEPTH:   0           7 = DUSTSTORM OR SANDSTORM:
                                                       VSBY 1/2 MILE OR LESS
                                                   8 = SMOKE OR HAZE
[NO. OF DAYS WITH]      [WEATHER - DAYS WITH]      9 = BLOWING SNOW
                                                   X = TORNADO
MAX 32 OR BELOW:   0    0.01 INCH OR MORE:   6
MAX 90 OR ABOVE:   0    0.10 INCH OR MORE:   6
MIN 32 OR BELOW:   0    0.50 INCH OR MORE:   4
MIN  0 OR BELOW:   0    1.00 INCH OR MORE:   2

[HDD (BASE 65) ]
TOTAL THIS MO.     4    CLEAR  (SCALE 0-3)   5
DPTR FM NORMAL   -48    PTCLDY (SCALE 4-7)   9
TOTAL FM JUL 1  1819    CLOUDY (SCALE 8-10)  2
DPTR FM NORMAL    -3

[CDD (BASE 65) ]
TOTAL THIS MO.   107
DPTR FM NORMAL    75    [PRESSURE DATA]
TOTAL FM JAN 1   190    HIGHEST SLP M ON M
DPTR FM NORMAL   127    LOWEST  SLP 30.01 ON 15

[REMARKS]
