000
CXUS54 KEPZ 281200
CF6DMN
PRELIMINARY LOCAL CLIMATOLOGICAL DATA (WS FORM: F-6)

                                          STATION:   DEMING
                                          MONTH:     APRIL
                                          YEAR:      2015
                                          LATITUDE:   32 15 N
                                          LONGITUDE: 107 42 W

  TEMPERATURE IN F:       :PCPN:    SNOW:  WIND      :SUNSHINE: SKY     :PK WND
================================================================================
1   2   3   4   5  6A  6B    7    8   9   10  11  12  13   14  15   16   17  18
                                     12Z  AVG MX 2MIN
DY MAX MIN AVG DEP HDD CDD  WTR  SNW DPTH SPD SPD DIR MIN PSBL S-S WX    SPD DR
================================================================================

 1  80  46  63   8   2   0 0.00  0.0    0 11.3 28 280   M    M   0        37 270
 2  81  44  63   8   2   0 0.00  0.0    0 12.4 26 270   M    M   0        36 270
 3  77  40  59   3   6   0 0.00  0.0    0  6.0 16 110   M    M   0        22 100
 4  73  47  60   4   5   0 0.00  0.0    0 11.1 20  90   M    M   0        24  90
 5  80  41  61   5   4   0 0.00  0.0    0  7.4 23 260   M    M   0        29 230
 6  81  44  63   7   2   0 0.00  0.0    0 11.4 30 240   M    M   0        43 230
 7  81  42  62   5   3   0 0.00  0.0    0 11.4 33 250   M    M   0        49 250
 8  80  47  64   7   1   0 0.00  0.0    0 13.7 36 240   M    M   0 8      47 240
 9  76  41  59   1   6   0 0.00  0.0    0  5.9 17 240   M    M   0        23 250
10  82  39  61   3   4   0 0.00  0.0    0  8.8 26 250   M    M   0        36 280
11  82  45  64   6   1   0 0.00  0.0    0  8.7 22 250   M    M   0        30 250
12  67  50  59   1   6   0 0.08  0.0    0  8.1 18 260   M    M   7 1      24 200
13  70  45  58  -1   7   0 0.00  0.0    0 11.8 32  30   M    M   3        43  40
14  72  36  54  -5  11   0 0.00  0.0    0  5.2 14 190   M    M   0        22 180
15  80  42  61   1   4   0 0.00  0.0    0 13.3 33 240   M    M   3 8      50 250
16  71  41  56  -4   9   0 0.00  0.0    0 13.5 33 280   M    M   1        43 280
17  69  28  49 -11  16   0 0.00  0.0    0  9.3 25 260   M    M   0        34 280
18  74  32  53  -8  12   0 0.00  0.0    0  9.7 26 300   M    M   0        36 260
19  80  40  60  -1   5   0 0.00  0.0    0  8.0 22 350   M    M   0        27 230
20  81  41  61   0   4   0 0.00  0.0    0  6.3 17 210   M    M   0        24 220
21  82  42  62   0   3   0 0.00  0.0    0  8.5 18 220   M    M   0        27 230
22  79  41  60  -2   5   0 0.00  0.0    0  9.6 21 270   M    M   0        31 270
23  79  43  61  -1   4   0    T    M    0 10.8 31 250   M    M   3 3      40 250
24  71  44  58  -5   7   0 0.01    M    0 14.0 31 270   M    M   3        43 250
25  77  40  59  -4   6   0 0.00  0.0    0 11.2 25 260   M    M   0        34 220
26  63  40  52 -11  13   0 0.19    M    0 17.3 36 260   M    M   5 18     52 260
27  71  41  56  -8   9   0 0.00  0.0    0 13.5 31  20   M    M   3        45  60
================================================================================
SM 2059 1122       157   0  0.28     0.0 278.2          M       28
================================================================================
AV 76.3 41.6                              10.3 FASTST   M    M   1    MAX(MPH)
                                 MISC ---->  # 36 240               # 52  260
================================================================================
NOTES:
# LAST OF SEVERAL OCCURRENCES

COLUMN 17 PEAK WIND IN M.P.H.

PRELIMINARY LOCAL CLIMATOLOGICAL DATA (WS FORM: F-6) , PAGE 2

                                          STATION:  DEMING
                                          MONTH:    APRIL
                                          YEAR:     2015
                                          LATITUDE:   32 15 N
                                          LONGITUDE: 107 42 W

[TEMPERATURE DATA]      [PRECIPITATION DATA]       SYMBOLS USED IN COLUMN 16

AVERAGE MONTHLY: 58.9   TOTAL FOR MONTH:   0.28    1 = FOG OR MIST
DPTR FM NORMAL:  -0.4   DPTR FM NORMAL:   -0.05    2 = FOG REDUCING VISIBILITY
HIGHEST:    82 ON 21,11 GRTST 24HR  0.19 ON 26-26      TO 1/4 MILE OR LESS
LOWEST:     28 ON 17                               3 = THUNDER
                        SNOW, ICE PELLETS, HAIL    4 = ICE PELLETS
                        TOTAL MONTH:   0.0 INCH    5 = HAIL
                        GRTST 24HR     0.0         6 = FREEZING RAIN OR DRIZZLE
                        GRTST DEPTH:   0           7 = DUSTSTORM OR SANDSTORM:
                                                       VSBY 1/2 MILE OR LESS
                                                   8 = SMOKE OR HAZE
[NO. OF DAYS WITH]      [WEATHER - DAYS WITH]      9 = BLOWING SNOW
                                                   X = TORNADO
MAX 32 OR BELOW:   0    0.01 INCH OR MORE:   3
MAX 90 OR ABOVE:   0    0.10 INCH OR MORE:   1
MIN 32 OR BELOW:   2    0.50 INCH OR MORE:   0
MIN  0 OR BELOW:   0    1.00 INCH OR MORE:   0

[HDD (BASE 65) ]
TOTAL THIS MO.   157    CLEAR  (SCALE 0-3)  22
DPTR FM NORMAL   -11    PTCLDY (SCALE 4-7)   5
TOTAL FM JUL 1  2690    CLOUDY (SCALE 8-10)  0
DPTR FM NORMAL  -449

[CDD (BASE 65) ]
TOTAL THIS MO.     0
DPTR FM NORMAL   -11    [PRESSURE DATA]
TOTAL FM JAN 1     4    HIGHEST SLP M ON M
DPTR FM NORMAL    -7    LOWEST  SLP 29.54 ON  8

[REMARKS]
