000
CXUS56 KSLC 271220
CF6EVW
PRELIMINARY LOCAL CLIMATOLOGICAL DATA (WS FORM: F-6)

                                          STATION:   EVANSTON WY
                                          MONTH:     APRIL
                                          YEAR:      2015
                                          LATITUDE:   41 16 N
                                          LONGITUDE: 111  2 W

  TEMPERATURE IN F:       :PCPN:    SNOW:  WIND      :SUNSHINE: SKY     :PK WND
================================================================================
1   2   3   4   5  6A  6B    7    8   9   10  11  12  13   14  15   16   17  18
                                     12Z  AVG MX 2MIN
DY MAX MIN AVG DEP HDD CDD  WTR  SNW DPTH SPD SPD DIR MIN PSBL S-S WX    SPD DR
================================================================================

 1  44  27  36   1  29   0 0.00  0.0    0 13.1 24 250   M    M   1        35 250
 2  42  20  31  -5  34   0    T    M    0  9.0 28 270   M    M   7 1      32 280
 3  46  16  31  -5  34   0 0.00  0.0    0  6.8 18 240   M    M   0        23 230
 4  56  26  41   5  24   0 0.00  0.0    0 12.4 31 230   M    M   0        43 230
 5  61  32  47  11  18   0 0.00  0.0    0 18.2 36 250   M    M   2        43 230
 6  54  30  42   5  23   0    T    M    0 16.2 36 210   M    M   5 1      43 210
 7  52  29  41   4  24   0    T    M    0  8.9 30 180   M    M   7        43 190
 8  46  29  38   1  27   0    T    M    0 15.2 29 220   M    M   7        36 230
 9  51  28  40   3  25   0 0.01    M    0  8.1 18 250   M    M   7 1      23 220
10  57  26  42   4  23   0 0.00  0.0    0  6.6 21 240   M    M   0        32 240
11  60  33  47   9  18   0 0.00  0.0    0 14.5 33 250   M    M   2        41 250
12  51  29  40   2  25   0    T    M    0 13.9 26 260   M    M   2 1      32 260
13  64  30  47   9  18   0 0.00  0.0    0  8.8 24 250   M    M   0        33 250
14  65  21  43   4  22   0 0.01    M    0 20.3 44 230   M    M   5 18     55 210
15  30  18  24 -15  41   0 0.13    M    0 11.1 22 250   M    M   9 128    32 290
16  40  24  32  -7  33   0 0.01    M    0 17.0 31  80   M    M   8 18     37  80
17  45  29  37  -3  28   0    T    M    0  8.9 25  80   M    M   9 128    30  80
18  60  31  46   6  19   0 0.00  0.0    0 11.2 31 350   M    M   1        38 360
19  58  33  46   6  19   0    T    M    0  8.5 20 340   M    M   4        27 280
20  61  30  46   6  19   0 0.00  0.0    0  8.2 22 290   M    M   1        29 280
21  64  34  49   8  16   0 0.00  0.0    0  9.2 22 280   M    M   1        28 260
22  64  34  49   8  16   0 0.00  0.0    0  8.4 24 230   M    M   3        29 230
23  53  38  46   4  19   0 0.13    M    0  7.1 20 170   M    M   7 3      25 170
24  58  34  46   4  19   0 0.07    M    0 12.5 31 250   M    M   6 13     38 230
25  51  30  41  -1  24   0 0.08    M    0 10.6 18 230   M    M   6 128    23 220
26  39  31  35  -7  30   0 0.13    M    0  8.4 17 340   M    M  10 12     20 350
================================================================================
SM 1372  742       627   0  0.57     0.0 293.1          M      110
================================================================================
AV 52.8 28.5                              11.3 FASTST   M    M   4    MAX(MPH)
                                 MISC ---->  # 44 230               # 55  210
================================================================================
NOTES:
# LAST OF SEVERAL OCCURRENCES

COLUMN 17 PEAK WIND IN M.P.H.

PRELIMINARY LOCAL CLIMATOLOGICAL DATA (WS FORM: F-6) , PAGE 2

                                          STATION:  EVANSTON WY
                                          MONTH:    APRIL
                                          YEAR:     2015
                                          LATITUDE:   41 16 N
                                          LONGITUDE: 111  2 W

[TEMPERATURE DATA]      [PRECIPITATION DATA]       SYMBOLS USED IN COLUMN 16

AVERAGE MONTHLY: 40.7   TOTAL FOR MONTH:   0.57    1 = FOG OR MIST
DPTR FM NORMAL:   2.0   DPTR FM NORMAL:   -0.37    2 = FOG REDUCING VISIBILITY
HIGHEST:    65 ON 14    GRTST 24HR  0.21 ON 25-26      TO 1/4 MILE OR LESS
LOWEST:     16 ON  3                               3 = THUNDER
                        SNOW, ICE PELLETS, HAIL    4 = ICE PELLETS
                        TOTAL MONTH:   0.0 INCH    5 = HAIL
                        GRTST 24HR     0.0         6 = FREEZING RAIN OR DRIZZLE
                        GRTST DEPTH:   0           7 = DUSTSTORM OR SANDSTORM:
                                                       VSBY 1/2 MILE OR LESS
                                                   8 = SMOKE OR HAZE
[NO. OF DAYS WITH]      [WEATHER - DAYS WITH]      9 = BLOWING SNOW
                                                   X = TORNADO
MAX 32 OR BELOW:   1    0.01 INCH OR MORE:   8
MAX 90 OR ABOVE:   0    0.10 INCH OR MORE:   3
MIN 32 OR BELOW:  20    0.50 INCH OR MORE:   0
MIN  0 OR BELOW:   0    1.00 INCH OR MORE:   0

[HDD (BASE 65) ]
TOTAL THIS MO.   627    CLEAR  (SCALE 0-3)  11
DPTR FM NORMAL   -56    PTCLDY (SCALE 4-7)  12
TOTAL FM JUL 1  6366    CLOUDY (SCALE 8-10)  3
DPTR FM NORMAL -1385

[CDD (BASE 65) ]
TOTAL THIS MO.     0
DPTR FM NORMAL     0    [PRESSURE DATA]
TOTAL FM JAN 1     0    HIGHEST SLP M ON M
DPTR FM NORMAL     0    LOWEST  SLP 29.44 ON 14

[REMARKS]
