000
CXAK56 PAFG 171310
CF6FAI
PRELIMINARY LOCAL CLIMATOLOGICAL DATA (WS FORM: F-6)

                                          STATION:   FAIRBANKS AK
                                          MONTH:     APRIL
                                          YEAR:      2015
                                          LATITUDE:   64 49 N
                                          LONGITUDE: 147 52 W

  TEMPERATURE IN F:       :PCPN:    SNOW:  WIND      :SUNSHINE: SKY     :PK WND
================================================================================
1   2   3   4   5  6A  6B    7    8   9   10  11  12  13   14  15   16   17  18
                                     12Z  AVG MX 2MIN
DY MAX MIN AVG DEP HDD CDD  WTR  SNW DPTH SPD SPD DIR MIN PSBL S-S WX    SPD DR
================================================================================

 1  40  16  28   6  37   0 0.00  0.0   13  1.1  6 200   M    M   7         9 220
 2  32  18  25   3  40   0 0.01    T   13  2.1  7 310   M    M   9 1       8 200
 3  37  11  24   1  41   0    T    T   13  4.5 10 320   M    M   7        13 310
 4  34  20  27   3  38   0    T    T   13  2.7  9 350   M    M   7        11 350
 5  32  13  23  -2  42   0    T    T   13  3.3  8  10   M    M   5         9  10
 6  44  20  32   6  33   0 0.00  0.0   13  7.0 12  40   M    M   8        16  70
 7  52  30  41  15  24   0 0.00  0.0   12  7.7 17 250   M    M   7        22 250
 8  47  21  34   7  31   0 0.00  0.0   11  2.0 12 100   M    M   7        18 250
 9  47  26  37   9  28   0 0.00  0.0   10  5.4 14  70   M    M   7        17  70
10  48  22  35   6  30   0 0.00  0.0   10  4.1 15 320   M    M   7        19 340
11  35  29  32   2  33   0 0.09  1.5   11  5.7 16 280   M    M  10 1      20 310
12  40  27  34   4  31   0 0.06  0.6    9  2.0  8 350   M    M   9 1       9 130
13  43  28  36   5  29   0    T    T    9  4.5 12 290   M    M   7        13 270
14  46  20  33   1  32   0 0.00  0.0    8  4.3 10 110   M    M   4        15 110
15  49  21  35   3  30   0 0.00  0.0    7  4.6 12  80   M    M   7        15  70
16  50  26  38   5  27   0    T  0.0    6  1.8  9  10   M    M   8        10  40
================================================================================
SM  676  348       526   0  0.16     2.1  62.8          M      116
================================================================================
AV 42.2 21.8                               3.9 FASTST   M    M   7    MAX(MPH)
                                 MISC ---->  # 17 250               # 22  250
================================================================================
NOTES:
# LAST OF SEVERAL OCCURRENCES

COLUMN 17 PEAK WIND IN M.P.H.

PRELIMINARY LOCAL CLIMATOLOGICAL DATA (WS FORM: F-6) , PAGE 2

                                          STATION:  FAIRBANKS AK
                                          MONTH:    APRIL
                                          YEAR:     2015
                                          LATITUDE:   64 49 N
                                          LONGITUDE: 147 52 W

[TEMPERATURE DATA]      [PRECIPITATION DATA]       SYMBOLS USED IN COLUMN 16

AVERAGE MONTHLY: 32.0   TOTAL FOR MONTH:   0.16    1 = FOG OR MIST
DPTR FM NORMAL:   4.5   DPTR FM NORMAL:    0.03    2 = FOG REDUCING VISIBILITY
HIGHEST:    52 ON  7    GRTST 24HR  0.12 ON 11-12      TO 1/4 MILE OR LESS
LOWEST:     11 ON  3                               3 = THUNDER
                        SNOW, ICE PELLETS, HAIL    4 = ICE PELLETS
                        TOTAL MONTH:   2.1 INCHES  5 = HAIL
                        GRTST 24HR   1.5 ON 11-11  6 = FREEZING RAIN OR DRIZZLE
                        GRTST DEPTH:  13 ON  6, 5  7 = DUSTSTORM OR SANDSTORM:
                                                       VSBY 1/2 MILE OR LESS
                                                   8 = SMOKE OR HAZE
[NO. OF DAYS WITH]      [WEATHER - DAYS WITH]      9 = BLOWING SNOW
                                                   X = TORNADO
MAX 32 OR BELOW:   2    0.01 INCH OR MORE:   3
MAX 90 OR ABOVE:   0    0.10 INCH OR MORE:   0
MIN 32 OR BELOW:  16    0.50 INCH OR MORE:   0
MIN  0 OR BELOW:   0    1.00 INCH OR MORE:   0

[HDD (BASE 65) ]
TOTAL THIS MO.   526    CLEAR  (SCALE 0-3)   0
DPTR FM NORMAL   -75    PTCLDY (SCALE 4-7)  13
TOTAL FM JUL 1 11520    CLOUDY (SCALE 8-10)  3
DPTR FM NORMAL -1131

[CDD (BASE 65) ]
TOTAL THIS MO.     0
DPTR FM NORMAL     0    [PRESSURE DATA]
TOTAL FM JAN 1     0    HIGHEST SLP M ON M
DPTR FM NORMAL     0    LOWEST  SLP 29.00 ON 10

[REMARKS]
