000
CXUS53 KGID 260732
CF6HDE
PRELIMINARY LOCAL CLIMATOLOGICAL DATA (WS FORM: F-6)

                                          STATION:   HOLDREGE
                                          MONTH:     APRIL
                                          YEAR:      2015
                                          LATITUDE:   40 27 N
                                          LONGITUDE:  99 20 W

  TEMPERATURE IN F:       :PCPN:    SNOW:  WIND      :SUNSHINE: SKY     :PK WND
================================================================================
1   2   3   4   5  6A  6B    7    8   9   10  11  12  13   14  15   16   17  18
                                     12Z  AVG MX 2MIN
DY MAX MIN AVG DEP HDD CDD  WTR  SNW DPTH SPD SPD DIR MIN PSBL S-S WX    SPD DR
================================================================================

 1  85  50  68  24   0   3    T    M    M 16.5 25  10   M    M   1 3      38  10
 2  61  34  48   4  17   0 0.16    M    M 13.0 29  10   M    M   6        35  10
 3  51  31  41  -4  24   0 0.04    M    M 10.5 17 330   M    M   2        25 340
 4  65  32  49   4  16   0 0.00    M    M 15.3 27 200   M    M   0        39 200
 5  71  36  54   8  11   0 0.00    M    M 11.5 20 150   M    M   0        25 150
 6  62  48  55   9  10   0 0.00    M    M 13.2 20  30   M    M   9 12     25 170
 7  51  41  46   0  19   0 0.02    M    M 14.9 21 360   M    M  10 1      24  70
 8  44  40  42  -5  23   0    T    M    M 12.1 16  40   M    M  10 1      18  40
 9  45  34  40  -7  25   0 0.09    M    M 17.2 29 320   M    M   7 1      38 320
10  66  34  50   3  15   0 0.00    M    M  8.4 16 260   M    M   0        22 260
11  71  37  54   6  11   0 0.00    M    M 15.3 24 170   M    M   1        33 160
12  75  40  58  10   7   0    T    M    M 13.2 27 340   M    M   4        35 340
13  66  31  49   1  16   0 0.00    M    M  4.9 12 190   M    M   0         M  M
14  68  39  54   5  11   0 0.00    M    M 12.2 23 170   M    M   0        30 160
15  65  36  51   2  14   0 0.00    M    M 15.9 25 130   M    M   4 3      33 140
16  61  52  57   7   8   0 0.38    M    M 11.0 16  50   M    M   9 123    21  50
17  68  52  60  10   5   0 0.07    M    M  9.4 15  70   M    M   8 13     20  90
18  72  51  62  12   3   0 1.00    M    M  5.6 14 140   M    M   7 3       M  M
19  55  37  46  -5  19   0 0.22    M    M 15.8 32 360   M    M   7        44 350
20  57  33  45  -6  20   0 0.00    M    M 11.2 23 310   M    M   1        31 310
21  71  33  52   1  13   0 0.00    M    M 10.4 25  30   M    M   3        31  30
22  57  28  43  -9  22   0 0.00    M    M  6.9 13 160   M    M   1        21 160
23  65  38  52   0  13   0 0.00    M    M 14.9 23 170   M    M   4 3      31 160
24  67  46  57   5   8   0 0.19    M    M  8.5 17 180   M    M   7 12     24 180
25  60  46  53   0  12   0    T    M    M 10.9 18  40   M    M   9 123    22 350
================================================================================
SM 1579  979       342   3  2.17    M    298.7          M      110
================================================================================
AV 63.2 39.2                              11.9 FASTST   M    M   4    MAX(MPH)
                                 MISC ---->    32   M                 44    M
================================================================================
NOTES:
# LAST OF SEVERAL OCCURRENCES

COLUMN 17 PEAK WIND IN M.P.H.

PRELIMINARY LOCAL CLIMATOLOGICAL DATA (WS FORM: F-6) , PAGE 2

                                          STATION:  HOLDREGE
                                          MONTH:    APRIL
                                          YEAR:     2015
                                          LATITUDE:   40 27 N
                                          LONGITUDE:  99 20 W

[TEMPERATURE DATA]      [PRECIPITATION DATA]       SYMBOLS USED IN COLUMN 16

AVERAGE MONTHLY: 51.2   TOTAL FOR MONTH:   2.17    1 = FOG OR MIST
DPTR FM NORMAL:   2.7   DPTR FM NORMAL:    0.39    2 = FOG REDUCING VISIBILITY
HIGHEST:    85 ON  1    GRTST 24HR  1.00 ON 18-18      TO 1/4 MILE OR LESS
LOWEST:     28 ON 22                               3 = THUNDER
                        SNOW, ICE PELLETS, HAIL    4 = ICE PELLETS
                        TOTAL MONTH:    M          5 = HAIL
                        GRTST 24HR    M  ON   M    6 = FREEZING RAIN OR DRIZZLE
                        GRTST DEPTH:  M  ON   M    7 = DUSTSTORM OR SANDSTORM:
                                                       VSBY 1/2 MILE OR LESS
                                                   8 = SMOKE OR HAZE
[NO. OF DAYS WITH]      [WEATHER - DAYS WITH]      9 = BLOWING SNOW
                                                   X = TORNADO
MAX 32 OR BELOW:   0    0.01 INCH OR MORE:   9
MAX 90 OR ABOVE:   0    0.10 INCH OR MORE:   5
MIN 32 OR BELOW:   4    0.50 INCH OR MORE:   1
MIN  0 OR BELOW:   0    1.00 INCH OR MORE:   1

[HDD (BASE 65) ]
TOTAL THIS MO.   342    CLEAR  (SCALE 0-3)  11
DPTR FM NORMAL   -76    PTCLDY (SCALE 4-7)   9
TOTAL FM JUL 1  5552    CLOUDY (SCALE 8-10)  5
DPTR FM NORMAL  -426

[CDD (BASE 65) ]
TOTAL THIS MO.     3
DPTR FM NORMAL     3    [PRESSURE DATA]
TOTAL FM JAN 1     3    HIGHEST SLP M ON M
DPTR FM NORMAL     3    LOWEST  SLP M ON M

[REMARKS]
