000
CXUS55 KVEF 180940
CF6IGM
PRELIMINARY LOCAL CLIMATOLOGICAL DATA (WS FORM: F-6)

                                          STATION:   KINGMAN AZ
                                          MONTH:     APRIL
                                          YEAR:      2015
                                          LATITUDE:   35 16 N
                                          LONGITUDE: 113 57 W

  TEMPERATURE IN F:       :PCPN:    SNOW:  WIND      :SUNSHINE: SKY     :PK WND
================================================================================
1   2   3   4   5  6A  6B    7    8   9   10  11  12  13   14  15   16   17  18
                                     12Z  AVG MX 2MIN
DY MAX MIN AVG DEP HDD CDD  WTR  SNW DPTH SPD SPD DIR MIN PSBL S-S WX    SPD DR
================================================================================

 1  79  45  62   7   3   0 0.00  0.0    0  8.4 21 200   M    M   0        25 220
 2  70  40  55   0  10   0 0.00  0.0    0 12.8 24 350   M    M   0        30  10
 3  72  35  54  -1  11   0 0.00  0.0    0  9.6 20 350   M    M   0        25 350
 4  76  32  54  -1  11   0 0.00  0.0    0  7.9 21 220   M    M   0        30 270
 5  76  43  60   4   5   0 0.00  0.0    0 15.2 31 210   M    M   0        38 230
 6  69  41  55  -1  10   0 0.00  0.0    0 15.3 31 210   M    M   0        37 220
 7  69  45  57   1   8   0 0.00  0.0    0 14.7 30 200   M    M   0        36 200
 8  64  35  50  -6  15   0 0.00  0.0    0 10.4 21 280   M    M   0        26 280
 9  71  34  53  -4  12   0 0.00  0.0    0  8.3 17 220   M    M   0        24 220
10  73  34  54  -3  11   0 0.00  0.0    0  5.5 16 240   M    M   0        23 210
11  77  39  58   1   7   0 0.00  0.0    0  6.0 21 240   M    M   0        26 230
12  82  39  61   3   4   0 0.00  0.0    0  6.9 20 330   M    M   0        27 340
13  83  39  61   3   4   0 0.00  0.0    0  6.9 20 240   M    M   0        24 260
14  82  50  66   8   0   1 0.00  0.0    0 21.3 39 340   M    M   1        50 230
15  60  35  48 -10  17   0 0.00  0.0    0 17.0 31 340   M    M   0        39 340
16  64  28  46 -13  19   0 0.00  0.0    0  9.8 24 330   M    M   0        31 350
17  72  36  54  -5  11   0 0.00  0.0    0  8.6 23 350   M    M   1        31 350
================================================================================
SM 1239  650       158   1  0.00     0.0 184.6          M        2
================================================================================
AV 72.9 38.2                              10.9 FASTST   M    M   0    MAX(MPH)
                                 MISC ---->  # 39 340               # 50  230
================================================================================
NOTES:
# LAST OF SEVERAL OCCURRENCES

COLUMN 17 PEAK WIND IN M.P.H.

PRELIMINARY LOCAL CLIMATOLOGICAL DATA (WS FORM: F-6) , PAGE 2

                                          STATION:  KINGMAN AZ
                                          MONTH:    APRIL
                                          YEAR:     2015
                                          LATITUDE:   35 16 N
                                          LONGITUDE: 113 57 W

[TEMPERATURE DATA]      [PRECIPITATION DATA]       SYMBOLS USED IN COLUMN 16

AVERAGE MONTHLY: 55.6   TOTAL FOR MONTH:   0.00    1 = FOG OR MIST
DPTR FM NORMAL:  -1.2   DPTR FM NORMAL:   -0.28    2 = FOG REDUCING VISIBILITY
HIGHEST:    83 ON 13    GRTST 24HR  0.00 ON 17-17      TO 1/4 MILE OR LESS
LOWEST:     28 ON 16                               3 = THUNDER
                        SNOW, ICE PELLETS, HAIL    4 = ICE PELLETS
                        TOTAL MONTH:   0.0 INCH    5 = HAIL
                        GRTST 24HR     0.0         6 = FREEZING RAIN OR DRIZZLE
                        GRTST DEPTH:   0           7 = DUSTSTORM OR SANDSTORM:
                                                       VSBY 1/2 MILE OR LESS
                                                   8 = SMOKE OR HAZE
[NO. OF DAYS WITH]      [WEATHER - DAYS WITH]      9 = BLOWING SNOW
                                                   X = TORNADO
MAX 32 OR BELOW:   0    0.01 INCH OR MORE:   0
MAX 90 OR ABOVE:   0    0.10 INCH OR MORE:   0
MIN 32 OR BELOW:   2    0.50 INCH OR MORE:   0
MIN  0 OR BELOW:   0    1.00 INCH OR MORE:   0

[HDD (BASE 65) ]
TOTAL THIS MO.   158    CLEAR  (SCALE 0-3)  17
DPTR FM NORMAL     9    PTCLDY (SCALE 4-7)   0
TOTAL FM JUL 1  2386    CLOUDY (SCALE 8-10)  0
DPTR FM NORMAL  -594

[CDD (BASE 65) ]
TOTAL THIS MO.     1
DPTR FM NORMAL    -9    [PRESSURE DATA]
TOTAL FM JAN 1     3    HIGHEST SLP M ON M
DPTR FM NORMAL   -10    LOWEST  SLP 29.60 ON  5

[REMARKS]
