000
CXUS54 KJAN 271414
CF6JAN
PRELIMINARY LOCAL CLIMATOLOGICAL DATA (WS FORM: F-6)

                                          STATION:   JACKSON
                                          MONTH:     APRIL
                                          YEAR:      2015
                                          LATITUDE:   32 19 N
                                          LONGITUDE:  90  5 W

  TEMPERATURE IN F:       :PCPN:    SNOW:  WIND      :SUNSHINE: SKY     :PK WND
================================================================================
1   2   3   4   5  6A  6B    7    8   9   10  11  12  13   14  15   16   17  18
                                     12Z  AVG MX 2MIN
DY MAX MIN AVG DEP HDD CDD  WTR  SNW DPTH SPD SPD DIR MIN PSBL S-S WX    SPD DR
================================================================================

 1  80  59  70   9   0   5 0.00  0.0    0  7.4 16 150   M    M   5        21 180
 2  86  67  77  16   0  12    T  0.0    0 11.6 24 210   M    M   5        30 200
 3  88  59  74  13   0   9 0.48  0.0    0 12.8 23 330   M    M   4 13     34 330
 4  69  50  60  -1   5   0    T  0.0    0 11.5 23  10   M    M   4        31 360
 5  65  46  56  -5   9   0 0.08  0.0    0  5.8 13 150   M    M   7 1      17 140
 6  80  56  68   6   0   3 0.33  0.0    0  8.4 21 140   M    M   7 13     24 150
 7  80  67  74  12   0   9    T  0.0    0  8.6 15 170   M    M   6 1      18 170
 8  87  62  75  13   0  10 0.00  0.0    0  9.0 18 170   M    M   5 12     24 170
 9  86  70  78  16   0  13 0.00  0.0    0 12.4 22 180   M    M   6        28 190
10  74  57  66   3   0   1 0.17  0.0    0  6.6 14 350   M    M   8 1      19 320
11  80  51  66   3   0   1 0.00  0.0    0  6.2 14 360   M    M   2        19 360
12  80  57  69   6   0   4 0.01  0.0    0  5.6 20 160   M    M   6 1      25 160
13  78  68  73  10   0   8 0.42  0.0    0  7.7 20 240   M    M   9 1      31 220
14  74  65  70   6   0   5 0.01  0.0    0  6.1 15 170   M    M   8 1      17 170
15  81  65  73   9   0   8 0.31  0.0    0  6.3 18 210   M    M   8 13     24 220
16  77  64  71   7   0   6 0.36  0.0    0  4.8 23 230   M    M   8 13     30 220
17  80  63  72   8   0   7 0.02  0.0    0  4.8 17 340   M    M   7 1      22 340
18  72  65  69   4   0   4 0.91  0.0    0  6.1 12 230   M    M  10 13     17 270
19  80  65  73   8   0   8 0.33  0.0    0  9.6 29 220   M    M   5 13     41 220
20  72  52  62  -3   3   0 0.00  0.0    0  7.0 17 310   M    M   3        23 330
21  75  49  62  -3   3   0    T  0.0    0  2.7 12  40   M    M   2        17  60
22  82  52  67   1   0   2 0.03  0.0    0  2.8 12 220   M    M   5 3      15 220
23  74  59  67   1   0   2    T  0.0    0  5.8 17  10   M    M   6 1      22  10
24  77  59  68   2   0   3    T  0.0    0  8.1 16 150   M    M   8        20 160
25  81  65  73   7   0   8 0.29  0.0    0  8.9 25 290   M    M   6 13     35 280
26  88  63  76   9   0  11 0.00  0.0    0  5.5 15  30   M    M   3 1      19  30
================================================================================
SM 2046 1555        20 139  3.75     0.0 192.1          M      153
================================================================================
AV 78.7 59.8                               7.4 FASTST   M    M   6    MAX(MPH)
                                 MISC ---->  # 29 220               # 41  220
================================================================================
NOTES:
# LAST OF SEVERAL OCCURRENCES

COLUMN 17 PEAK WIND IN M.P.H.

PRELIMINARY LOCAL CLIMATOLOGICAL DATA (WS FORM: F-6) , PAGE 2

                                          STATION:  JACKSON
                                          MONTH:    APRIL
                                          YEAR:     2015
                                          LATITUDE:   32 19 N
                                          LONGITUDE:  90  5 W

[TEMPERATURE DATA]      [PRECIPITATION DATA]       SYMBOLS USED IN COLUMN 16

AVERAGE MONTHLY: 69.2   TOTAL FOR MONTH:   3.75    1 = FOG OR MIST
DPTR FM NORMAL:   5.7   DPTR FM NORMAL:   -0.67    2 = FOG REDUCING VISIBILITY
HIGHEST:    88 ON 26, 3 GRTST 24HR  1.24 ON 18-19      TO 1/4 MILE OR LESS
LOWEST:     46 ON  5                               3 = THUNDER
                        SNOW, ICE PELLETS, HAIL    4 = ICE PELLETS
                        TOTAL MONTH:   0.0 INCH    5 = HAIL
                        GRTST 24HR     0.0         6 = FREEZING RAIN OR DRIZZLE
                        GRTST DEPTH:   0           7 = DUSTSTORM OR SANDSTORM:
                                                       VSBY 1/2 MILE OR LESS
                                                   8 = SMOKE OR HAZE
[NO. OF DAYS WITH]      [WEATHER - DAYS WITH]      9 = BLOWING SNOW
                                                   X = TORNADO
MAX 32 OR BELOW:   0    0.01 INCH OR MORE:  14
MAX 90 OR ABOVE:   0    0.10 INCH OR MORE:   9
MIN 32 OR BELOW:   0    0.50 INCH OR MORE:   1
MIN  0 OR BELOW:   0    1.00 INCH OR MORE:   0

[HDD (BASE 65) ]
TOTAL THIS MO.    20    CLEAR  (SCALE 0-3)   4
DPTR FM NORMAL   -82    PTCLDY (SCALE 4-7)  19
TOTAL FM JUL 1  2341    CLOUDY (SCALE 8-10)  3
DPTR FM NORMAL   -31

[CDD (BASE 65) ]
TOTAL THIS MO.   139
DPTR FM NORMAL    75    [PRESSURE DATA]
TOTAL FM JAN 1   176    HIGHEST SLP M ON M
DPTR FM NORMAL    75    LOWEST  SLP 29.64 ON 25

[REMARKS]
