000
CXUS51 KOKX 280703
CF6JFK
PRELIMINARY LOCAL CLIMATOLOGICAL DATA (WS FORM: F-6)

                                          STATION:   KENNEDY NY
                                          MONTH:     APRIL
                                          YEAR:      2015
                                          LATITUDE:   40 39 N
                                          LONGITUDE:  73 47 W

  TEMPERATURE IN F:       :PCPN:    SNOW:  WIND      :SUNSHINE: SKY     :PK WND
================================================================================
1   2   3   4   5  6A  6B    7    8   9   10  11  12  13   14  15   16   17  18
                                     12Z  AVG MX 2MIN
DY MAX MIN AVG DEP HDD CDD  WTR  SNW DPTH SPD SPD DIR MIN PSBL S-S WX    SPD DR
================================================================================

 1  53  34  44  -2  21   0 0.00  0.0    0 11.5 21 320   M    M   4        29 300
 2  57  33  45  -2  20   0    T  0.0    0 14.2 33 190   M    M   5        43 190
 3  59  46  53   6  12   0 0.11  0.0    0  7.5 16 190   M    M   9 12     18 190
 4  56  44  50   2  15   0    T  0.0    0 20.8 38 300   M    M   4 12     47 320
 5  65  38  52   4  13   0 0.00  0.0    0 13.0 32 260   M    M   5        40 250
 6  60  39  50   2  15   0 0.00  0.0    0 10.4 26 190   M    M   5        32 190
 7  57  44  51   3  14   0 0.03  0.0    0  8.4 21  40   M    M  10        24  40
 8  49  36  43  -6  22   0 0.01  0.0    0 14.5 24  70   M    M  10 18     30  70
 9  44  38  41  -8  24   0    T  0.0    0 11.5 20  40   M    M   9 1      25  40
10  58  40  49  -1  16   0 0.19  0.0    0  8.2 22 100   M    M  10 128    25 100
11  61  45  53   3  12   0 0.00  0.0    0 16.7 26 320   M    M   5        36 310
12  61  43  52   2  13   0 0.00  0.0    0  9.0 18 180   M    M   1        23 170
13  62  43  53   3  12   0 0.00  0.0    0 14.3 29 180   M    M   6        38 180
14  66  50  58   7   7   0 0.04  0.0    0  5.9 16 360   M    M   9        22 190
15  72  50  61  10   4   0 0.00  0.0    0 12.0 26 350   M    M   7        35 350
16  60  48  54   2  11   0 0.00  0.0    0 10.9 20 120   M    M   8        24 100
17  69  52  61   9   4   0 0.11  0.0    0  9.8 21 200   M    M   8 1      25 200
18  73  51  62  10   3   0 0.00  0.0    0  9.1 26 190   M    M   5        32 190
19  62  47  55   3  10   0 0.00  0.0    0 12.0 22 120   M    M   8        25 130
20  58  47  53   0  12   0 0.87  0.0    0 15.7 37 100   M    M  10 123    48 100
21  67  50  59   6   6   0 0.06  0.0    0 12.1 24 270   M    M   4 13     30 270
22  63  46  55   2  10   0 0.19  0.0    0 13.8 36 240   M    M   5 3      47 240
23  54  42  48  -6  17   0    T  0.0    0 18.8 29 270   M    M   5        37 270
24  52  39  46  -8  19   0 0.00  0.0    0 21.7 30 350   M    M   5        39 330
25  59  39  49  -5  16   0 0.00  0.0    0 10.7 20 180   M    M   4        26 340
26  59  43  51  -4  14   0 0.00  0.0    0 10.4 17 190   M    M   6        22 320
27  63  49  56   1   9   0 0.00  0.0    0 14.7 24 330   M    M   7        30 330
================================================================================
SM 1619 1176       351   0  1.61     0.0 337.6          M      174
================================================================================
AV 60.0 43.6                              12.5 FASTST   M    M   6    MAX(MPH)
                                 MISC ---->  # 38 300               # 48  100
================================================================================
NOTES:
# LAST OF SEVERAL OCCURRENCES

COLUMN 17 PEAK WIND IN M.P.H.

PRELIMINARY LOCAL CLIMATOLOGICAL DATA (WS FORM: F-6) , PAGE 2

                                          STATION:  KENNEDY NY
                                          MONTH:    APRIL
                                          YEAR:     2015
                                          LATITUDE:   40 39 N
                                          LONGITUDE:  73 47 W

[TEMPERATURE DATA]      [PRECIPITATION DATA]       SYMBOLS USED IN COLUMN 16

AVERAGE MONTHLY: 51.8   TOTAL FOR MONTH:   1.61    1 = FOG OR MIST
DPTR FM NORMAL:   1.0   DPTR FM NORMAL:   -1.90    2 = FOG REDUCING VISIBILITY
HIGHEST:    73 ON 18    GRTST 24HR  0.91 ON 20-21      TO 1/4 MILE OR LESS
LOWEST:     33 ON  2                               3 = THUNDER
                        SNOW, ICE PELLETS, HAIL    4 = ICE PELLETS
                        TOTAL MONTH:   0.0 INCH    5 = HAIL
                        GRTST 24HR     0.0         6 = FREEZING RAIN OR DRIZZLE
                        GRTST DEPTH:   0           7 = DUSTSTORM OR SANDSTORM:
                                                       VSBY 1/2 MILE OR LESS
                                                   8 = SMOKE OR HAZE
[NO. OF DAYS WITH]      [WEATHER - DAYS WITH]      9 = BLOWING SNOW
                                                   X = TORNADO
MAX 32 OR BELOW:   0    0.01 INCH OR MORE:   9
MAX 90 OR ABOVE:   0    0.10 INCH OR MORE:   5
MIN 32 OR BELOW:   0    0.50 INCH OR MORE:   1
MIN  0 OR BELOW:   0    1.00 INCH OR MORE:   0

[HDD (BASE 65) ]
TOTAL THIS MO.   351    CLEAR  (SCALE 0-3)   1
DPTR FM NORMAL   -36    PTCLDY (SCALE 4-7)  18
TOTAL FM JUL 1  4880    CLOUDY (SCALE 8-10)  8
DPTR FM NORMAL   257

[CDD (BASE 65) ]
TOTAL THIS MO.     0
DPTR FM NORMAL     0    [PRESSURE DATA]
TOTAL FM JAN 1     0    HIGHEST SLP M ON M
DPTR FM NORMAL     0    LOWEST  SLP 29.46 ON  4

[REMARKS]
