000
CXUS54 KSHV 011300
CF6LFK
PRELIMINARY LOCAL CLIMATOLOGICAL DATA (WS FORM: F-6)

                                          STATION:   LUFKIN
                                          MONTH:     MARCH
                                          YEAR:      2015
                                          LATITUDE:   31 14 N
                                          LONGITUDE:  94 45 W

  TEMPERATURE IN F:       :PCPN:    SNOW:  WIND      :SUNSHINE: SKY     :PK WND
================================================================================
1   2   3   4   5  6A  6B    7    8   9   10  11  12  13   14  15   16   17  18
                                     12Z  AVG MX 2MIN
DY MAX MIN AVG DEP HDD CDD  WTR  SNW DPTH SPD SPD DIR MIN PSBL S-S WX    SPD DR
================================================================================

 1  52  47  50  -6  15   0 0.12  0.0    0  5.5 10  20   M    M   9 18     14 360
 2  51  47  49  -7  16   0 0.00  0.0    0  5.7 10  70   M    M  10 18     14  80
 3  77  49  63   7   2   0 0.00  0.0    0  7.4 17 180   M    M   9 12     23 190
 4  81  44  63   6   2   0 0.12  0.0    0  9.4 21 340   M    M  10 18     30 350
 5  48  33  41 -16  24   0 0.18  0.0    0 11.2 21 360   M    M   2 18     31 350
 6  57  27  42 -15  23   0 0.00  0.0    0  3.5 13  70   M    M   0        17 330
 7  64  29  47 -11  18   0 0.00  0.0    0  1.0  9  70   M    M   5 18     11  70
 8  55  47  51  -7  14   0 0.84  0.0    0  5.8 14 110   M    M  10 1      18 100
 9  65  50  58   0   7   0 2.14  0.0    0  7.2 13 140   M    M  10 1      17 140
10  59  53  56  -2   9   0    T  0.0    0  5.1 10 300   M    M   9 1      15 290
11  63  54  59   1   6   0 0.01  0.0    0  7.0 14  20   M    M   8        18  40
12  61  55  58  -1   7   0 0.59  0.0    0  5.9 13  20   M    M  10 1      17  20
13  62  58  60   1   5   0 0.12  0.0    0  3.5 13 250   M    M   9 128    15 250
14  72  57  65   6   0   0 0.00  0.0    0  6.3 15 280   M    M   8        20 280
15  73  55  64   5   1   0 0.00  0.0    0  3.2  9  30   M    M   7 18     11  10
16  83  51  67   7   0   2 0.00  0.0    0  3.5 12 210   M    M   3 12     16 290
17  84  58  71  11   0   6 0.00  0.0    0  3.5 13 250   M    M   2 18     15 250
18  75  62  69   9   0   4 0.56  0.0    0  2.4 10 260   M    M   4 1      14 270
19  79  64  72  12   0   7    T  0.0    0  4.2 10 140   M    M   8 1      13 180
20  78  63  71  11   0   6 0.41  0.0    0  4.6 14  80   M    M   9 18     20  20
21  64  62  63   2   2   0 1.08  0.0    0  5.8 13  80   M    M   9 1      18  80
22  68  59  64   3   1   0 0.00  0.0    0  5.7 13 360   M    M  10 1      16 360
23  79  51  65   4   0   0 0.00  0.0    0  3.2 10  40   M    M   4        15  30
24  82  54  68   7   0   3 0.00  0.0    0  6.9 14 200   M    M   3 128    17 170
25  84  58  71   9   0   6 0.00  0.0    0  7.0 18 150   M    M   2 12     26 150
26  67  52  60  -2   5   0    T  0.0    0  6.7 20 320   M    M   7 18     25  10
27  79  41  60  -2   5   0 0.00  0.0    0  6.2 17 320   M    M   0        25 320
28  84  46  65   3   0   0 0.00  0.0    0  6.2 16 190   M    M   0        23 170
29  85  56  71   9   0   6 0.00  0.0    0 10.5 21 190   M    M   3 1      29 150
30  84  61  73  10   0   8 0.00  0.0    0  5.8 14 200   M    M   5 18     19 200
31  86  65  76  13   0  11 0.00  0.0    0  8.7 16 180   M    M   3        22 180
================================================================================
SM 2201 1608       162  59  6.17     0.0 178.6          M      188
================================================================================
AV 71.0 51.9                               5.8 FASTST   M    M   6    MAX(MPH)
                                 MISC ---->  # 21 340               # 31  350
================================================================================
NOTES:
# LAST OF SEVERAL OCCURRENCES

COLUMN 17 PEAK WIND IN M.P.H.

PRELIMINARY LOCAL CLIMATOLOGICAL DATA (WS FORM: F-6) , PAGE 2

                                          STATION:  LUFKIN
                                          MONTH:    MARCH
                                          YEAR:     2015
                                          LATITUDE:   31 14 N
                                          LONGITUDE:  94 45 W

[TEMPERATURE DATA]      [PRECIPITATION DATA]       SYMBOLS USED IN COLUMN 16

AVERAGE MONTHLY: 61.4   TOTAL FOR MONTH:   6.17    1 = FOG OR MIST
DPTR FM NORMAL:   1.8   DPTR FM NORMAL:    2.39    2 = FOG REDUCING VISIBILITY
HIGHEST:    86 ON 31    GRTST 24HR  2.14 ON  9- 9      TO 1/4 MILE OR LESS
LOWEST:     27 ON  6                               3 = THUNDER
                        SNOW, ICE PELLETS, HAIL    4 = ICE PELLETS
                        TOTAL MONTH:   0.0 INCH    5 = HAIL
                        GRTST 24HR     0.0         6 = FREEZING RAIN OR DRIZZLE
                        GRTST DEPTH:   0           7 = DUSTSTORM OR SANDSTORM:
                                                       VSBY 1/2 MILE OR LESS
                                                   8 = SMOKE OR HAZE
[NO. OF DAYS WITH]      [WEATHER - DAYS WITH]      9 = BLOWING SNOW
                                                   X = TORNADO
MAX 32 OR BELOW:   0    0.01 INCH OR MORE:  11
MAX 90 OR ABOVE:   0    0.10 INCH OR MORE:  10
MIN 32 OR BELOW:   2    0.50 INCH OR MORE:   5
MIN  0 OR BELOW:   0    1.00 INCH OR MORE:   2

[HDD (BASE 65) ]
TOTAL THIS MO.   162    CLEAR  (SCALE 0-3)  10
DPTR FM NORMAL   -48    PTCLDY (SCALE 4-7)   9
TOTAL FM JUL 1  1682    CLOUDY (SCALE 8-10) 12
DPTR FM NORMAL  -162

[CDD (BASE 65) ]
TOTAL THIS MO.    59
DPTR FM NORMAL    18    [PRESSURE DATA]
TOTAL FM JAN 1    65    HIGHEST SLP 30.62 ON  6
DPTR FM NORMAL     5    LOWEST  SLP 29.78 ON 25

[REMARKS]
#FINAL-03-15#
