000
CXUS51 KRNK 010625
CF6LWB

PRELIMINARY LOCAL CLIMATOLOGICAL DATA (WS FORM: F-6)

                                          STATION:   LEWISBURG WV
                                          MONTH:     MARCH
                                          YEAR:      2015
                                          LATITUDE:   37 52 N
                                          LONGITUDE:  80 24 W

  TEMPERATURE IN F:       :PCPN:    SNOW:  WIND      :SUNSHINE: SKY     :PK WND
================================================================================
1   2   3   4   5  6A  6B    7    8   9   10  11  12  13   14  15   16   17  18
                                     12Z  AVG MX 2MIN
DY MAX MIN AVG DEP HDD CDD  WTR  SNW DPTH SPD SPD DIR MIN PSBL S-S WX    SPD DR
================================================================================

 1  37  23  30  -5  35   0    M    T   11  3.1  9  20   M    M  10 1246    M  M
 2  43  26  35   0  30   0    M  0.0    8  6.2 15 300   M    M   5 2      23 300
 3  36  25  31  -4  34   0    M  0.0    8  5.0  9  20   M    M   7 1       M  M
 4  47  35  41   5  24   0    M  0.0    6  1.2 12  20   M    M  10 12     20  20
 5  39  12  26 -10  39   0    M  4.0   10  4.4 10 320   M    M   9 14      M  M
 6  28  -3  13 -23  52   0    M  0.0    9  1.1  7 210   M    M   0         M  M
 7  50  13  32  -4  33   0    M  0.0    8  5.5 15 240   M    M   0        21 240
 8  56  38  47  10  18   0    M  0.0    5  4.9 12 240   M    M   0        20 250
 9  56  34  45   8  20   0    M  0.0    4  1.8  7 210   M    M   1         M  M
10  46  37  42   5  23   0    M  0.0    3  4.2 10  20   M    M   9 12      M  M
11  56  39  48  10  17   0    M  0.0    2  2.8  8 260   M    M   8 12      M  M
12  63  31  47   9  18   0    M  0.0    0  1.3  6  20   M    M   4 12      M  M
13  51  37  44   6  21   0    M  0.0    0  4.4 10 180   M    M   6 1      16 160
14  55  37  46   7  19   0    M  0.0    0  4.4 12 280   M    M   9 1      18 310
15  60  41  51  12  14   0    M  0.0    0  9.3 18 310   M    M   2        28 310
16  73  32  53  14  12   0    M  0.0    0  5.5 16 240   M    M   0        26 310
17  61  36  49   9  16   0    M  0.0    0  9.2 16 330   M    M   3        25 320
18  52  30  41   1  24   0    M  0.0    0  4.8 12 280   M    M   0        16 280
19  44  35  40   0  25   0    M    T    0  2.8  8  20   M    M   9         M  M
20  47  36  42   1  23   0    M  0.0    0  4.3  9 280   M    M  10 1       M  M
21  63  42  53  12  12   0    M  0.0    0  6.3 15 270   M    M   5 1      22 270
22  62  39  51  10  14   0    M  0.0    0  3.4  9 270   M    M   0         M  M
23  64  38  51   9  14   0    M  0.0    0  2.6 12 240   M    M   5        17 240
24  62  39  51   9  14   0    M  0.0    0  1.9  9 320   M    M  10         M  M
25  67  44  56  14   9   0    M  0.0    0  3.8 12 190   M    M   7        18 190
26  72  43  58  15   7   0    M  0.0    0  6.1 17 240   M    M   8 3      25 240
27  47  30  39  -4  26   0    M    T    0  7.2 15 360   M    M   9        20 340
28  31  21  26 -17  39   0    M    T    0 10.2 17 330   M    M   5        25 330
29  49  16  33 -11  32   0    M  0.0    0  4.0  9 210   M    M   1        10 210
30  56  38  47   3  18   0    M    T    0  7.1 16 280   M    M   5        26 180
31  70  34  52   8  13   0    M  0.0    0  9.6 23 260   M    M   2        33 260
================================================================================
SM 1643  978       695   0    M      4.0 148.4          M      159
================================================================================
AV 53.0 31.5                               4.8 FASTST   M    M   5    MAX(MPH)
                                 MISC ---->  # 23 260               # 33  260
================================================================================
NOTES:
# LAST OF SEVERAL OCCURRENCES

COLUMN 17 PEAK WIND IN M.P.H.

PRELIMINARY LOCAL CLIMATOLOGICAL DATA (WS FORM: F-6) , PAGE 2

                                          STATION:  LEWISBURG WV
                                          MONTH:    MARCH
                                          YEAR:     2015
                                          LATITUDE:   37 52 N
                                          LONGITUDE:  80 24 W

[TEMPERATURE DATA]      [PRECIPITATION DATA]       SYMBOLS USED IN COLUMN 16

AVERAGE MONTHLY: 42.3   TOTAL FOR MONTH:      M    1 = FOG OR MIST
DPTR FM NORMAL:   3.0   DPTR FM NORMAL:       M    2 = FOG REDUCING VISIBILITY
HIGHEST:    73 ON 16    GRTST 24HR    M  ON   M        TO 1/4 MILE OR LESS
LOWEST:     -3 ON  6                               3 = THUNDER
                        SNOW, ICE PELLETS, HAIL    4 = ICE PELLETS
                        TOTAL MONTH:   4.0 INCHES  5 = HAIL
                        GRTST 24HR   4.0 ON  5- 5  6 = FREEZING RAIN OR DRIZZLE
                        GRTST DEPTH:  11 ON  1     7 = DUSTSTORM OR SANDSTORM:
                                                       VSBY 1/2 MILE OR LESS
                                                   8 = SMOKE OR HAZE
[NO. OF DAYS WITH]      [WEATHER - DAYS WITH]      9 = BLOWING SNOW
                                                   X = TORNADO
MAX 32 OR BELOW:   2    0.01 INCH OR MORE:   0
MAX 90 OR ABOVE:   0    0.10 INCH OR MORE:   0
MIN 32 OR BELOW:  12    0.50 INCH OR MORE:   0
MIN  0 OR BELOW:   1    1.00 INCH OR MORE:   0

[HDD (BASE 65) ]
TOTAL THIS MO.   695    CLEAR  (SCALE 0-3)  10
DPTR FM NORMAL  -102    PTCLDY (SCALE 4-7)  12
TOTAL FM JUL 1  4908    CLOUDY (SCALE 8-10)  9
DPTR FM NORMAL  -314

[CDD (BASE 65) ]
TOTAL THIS MO.     0
DPTR FM NORMAL     0    [PRESSURE DATA]
TOTAL FM JAN 1     0    HIGHEST SLP M ON M
DPTR FM NORMAL     0    LOWEST  SLP M ON M

[REMARKS]
DUE TO HIGHLY SUSPECT PRECIPITATION VALUES FROM THE AUTOMATED
RAIN GAUGE...ALL LIQUID PRECIPITATION DATA WILL BE CODED AS MISSING.

#FINAL-03-15#
