000
CXUS54 KJAN 261414
CF6MEI
PRELIMINARY LOCAL CLIMATOLOGICAL DATA (WS FORM: F-6)

                                          STATION:   MERIDIAN
                                          MONTH:     APRIL
                                          YEAR:      2015
                                          LATITUDE:   32 19 N
                                          LONGITUDE:  88 45 W

  TEMPERATURE IN F:       :PCPN:    SNOW:  WIND      :SUNSHINE: SKY     :PK WND
================================================================================
1   2   3   4   5  6A  6B    7    8   9   10  11  12  13   14  15   16   17  18
                                     12Z  AVG MX 2MIN
DY MAX MIN AVG DEP HDD CDD  WTR  SNW DPTH SPD SPD DIR MIN PSBL S-S WX    SPD DR
================================================================================

 1  80  57  69  10   0   4 0.00  0.0    0  5.8 16 190   M    M   4        19 190
 2  83  63  73  14   0   8 0.00  0.0    0 10.4 21 210   M    M   5        25 170
 3  86  64  75  15   0  10 0.71  0.0    0 12.0 28 330   M    M   7 13     37 320
 4  69  43  56  -4   9   0 0.02  0.0    0 10.7 24 360   M    M   2        32 360
 5  69  38  54  -6  11   0    T  0.0    0  3.7 10 140   M    M   1        14 110
 6  77  54  66   6   0   1 0.26  0.0    0  5.0 16 160   M    M   8 1      20 160
 7  79  64  72  12   0   7    T  0.0    0  6.2 15 170   M    M   6 1      19 190
 8  84  61  73  12   0   8 0.00  0.0    0  6.6 16 210   M    M   5 12     23 200
 9  85  66  76  15   0  11 0.00  0.0    0 10.9 22 200   M    M   4        28 190
10  81  60  71  10   0   6 0.08  0.0    0  6.9 20 310   M    M   7 13     26 310
11  80  51  66   5   0   1 0.00  0.0    0  5.6 15  50   M    M   0        19  40
12  73  51  62   0   3   0 0.40  0.0    0  2.7 18 180   M    M   6 1      20 180
13  76  67  72  10   0   7 0.34  0.0    0  8.6 21 180   M    M  10 1      25 170
14  73  64  69   7   0   4 0.04  0.0    0  4.9 14 200   M    M   8 1      18 190
15  80  63  72  10   0   7 0.00  0.0    0  5.5 10 140   M    M   7 12     13 170
16  82  67  75  12   0  10 0.04  0.0    0  7.5 18 210   M    M   7 13     23 200
17  78  62  70   7   0   5 1.62  0.0    0  5.0 15  50   M    M   8 1      18  50
18  70  63  67   4   0   2 0.42  0.0    0  5.9 15 130   M    M  10 1      18 140
19  81  65  73   9   0   8 0.77  0.0    0  8.4 21 280   M    M   5 1      28 240
20  73  51  62  -2   3   0 0.00  0.0    0  8.2 20 280   M    M   2        26 290
21  75  45  60  -4   5   0 0.00  0.0    0  4.2 15 360   M    M   0        17 360
22  80  49  65   1   0   0 0.00  0.0    0  3.0 12 240   M    M   4        17 200
23  72  55  64  -1   1   0    T  0.0    0  5.7 14  10   M    M   5        17 360
24  76  55  66   1   0   1    T  0.0    0  5.9 12 130   M    M   3        15 160
25  80  61  71   6   0   6 0.45  0.0    0  9.7 28 170   M    M   5 13     35 170
================================================================================
SM 1942 1439        32 106  5.15     0.0 169.0          M      129
================================================================================
AV 77.7 57.6                               6.8 FASTST   M    M   5    MAX(MPH)
                                 MISC ---->  # 28 330               # 37  320
================================================================================
NOTES:
# LAST OF SEVERAL OCCURRENCES

COLUMN 17 PEAK WIND IN M.P.H.

PRELIMINARY LOCAL CLIMATOLOGICAL DATA (WS FORM: F-6) , PAGE 2

                                          STATION:  MERIDIAN
                                          MONTH:    APRIL
                                          YEAR:     2015
                                          LATITUDE:   32 19 N
                                          LONGITUDE:  88 45 W

[TEMPERATURE DATA]      [PRECIPITATION DATA]       SYMBOLS USED IN COLUMN 16

AVERAGE MONTHLY: 67.6   TOTAL FOR MONTH:   5.15    1 = FOG OR MIST
DPTR FM NORMAL:   5.6   DPTR FM NORMAL:    1.11    2 = FOG REDUCING VISIBILITY
HIGHEST:    86 ON  3    GRTST 24HR  1.62 ON 17-17      TO 1/4 MILE OR LESS
LOWEST:     38 ON  5                               3 = THUNDER
                        SNOW, ICE PELLETS, HAIL    4 = ICE PELLETS
                        TOTAL MONTH:   0.0 INCH    5 = HAIL
                        GRTST 24HR     0.0         6 = FREEZING RAIN OR DRIZZLE
                        GRTST DEPTH:   0           7 = DUSTSTORM OR SANDSTORM:
                                                       VSBY 1/2 MILE OR LESS
                                                   8 = SMOKE OR HAZE
[NO. OF DAYS WITH]      [WEATHER - DAYS WITH]      9 = BLOWING SNOW
                                                   X = TORNADO
MAX 32 OR BELOW:   0    0.01 INCH OR MORE:  12
MAX 90 OR ABOVE:   0    0.10 INCH OR MORE:   8
MIN 32 OR BELOW:   0    0.50 INCH OR MORE:   3
MIN  0 OR BELOW:   0    1.00 INCH OR MORE:   1

[HDD (BASE 65) ]
TOTAL THIS MO.    32    CLEAR  (SCALE 0-3)   5
DPTR FM NORMAL   -88    PTCLDY (SCALE 4-7)  16
TOTAL FM JUL 1  2483    CLOUDY (SCALE 8-10)  4
DPTR FM NORMAL   -41

[CDD (BASE 65) ]
TOTAL THIS MO.   106
DPTR FM NORMAL    63    [PRESSURE DATA]
TOTAL FM JAN 1   133    HIGHEST SLP M ON M
DPTR FM NORMAL    66    LOWEST  SLP 29.64 ON 25

[REMARKS]
