000
CXUS53 KGRR 191017
CF6MKG
PRELIMINARY LOCAL CLIMATOLOGICAL DATA (WS FORM: F-6)

                                          STATION:   MUSKEGON MI
                                          MONTH:     APRIL
                                          YEAR:      2015
                                          LATITUDE:   43 10 N
                                          LONGITUDE:  86 14 W

  TEMPERATURE IN F:       :PCPN:    SNOW:  WIND      :SUNSHINE: SKY     :PK WND
================================================================================
1   2   3   4   5  6A  6B    7    8   9   10  11  12  13   14  15   16   17  18
                                     12Z  AVG MX 2MIN
DY MAX MIN AVG DEP HDD CDD  WTR  SNW DPTH SPD SPD DIR MIN PSBL S-S WX    SPD DR
================================================================================

 1  65  26  46   5  19   0 0.00  0.0    0  7.7 26 190   M    M   4        36 190
 2  61  40  51  10  14   0 0.08  0.0    0 13.1 29 200   M    M   6 12     38 180
 3  50  29  40  -2  25   0 0.00  0.0    0  9.4 24 340   M    M   6 1      32 350
 4  48  21  35  -7  30   0 0.00  0.0    0  8.1 25 210   M    M   4        31 210
 5  55  37  46   4  19   0 0.00  0.0    0  6.8 15  90   M    M   8        19 100
 6  60  36  48   5  17   0    T  0.0    0  8.1 20  90   M    M   4 18     25  90
 7  56  39  48   5  17   0 0.07  0.0    0 15.3 24  90   M    M   9        32  70
 8  49  38  44   0  21   0 1.07  0.0    0 12.6 22 100   M    M  10 13     28 100
 9  62  39  51   7  14   0 2.24  0.0    0 11.6 24 240   M    M   9 123    31  60
10  59  35  47   3  18   0 0.02  0.0    0 13.6 30 220   M    M   8 1      39 210
11  53  33  43  -2  22   0 0.00  0.0    0  6.5 15 230   M    M   1        19 230
12  65  39  52   7  13   0    T  0.0    0 10.8 23 190   M    M   3        31 190
13  64  38  51   5  14   0 0.26  0.0    0 11.2 29 220   M    M   7 1      40 190
14  62  33  48   2  17   0 0.00  0.0    0  3.9 14 280   M    M   4        16 290
15  68  40  54   8  11   0 0.00  0.0    0 11.7 25 120   M    M   5        31 120
16  57  38  48   1  17   0 0.49  0.0    0  5.5 13 260   M    M   7 1      15 260
17  66  35  51   4  14   0 0.00  0.0    0  3.6 12 210   M    M   4 1      13 230
18  76  44  60  12   5   0 0.00  0.0    0  9.2 21  90   M    M   5        28 100
================================================================================
SM 1076  640       307   0  4.23     0.0 168.7          M      104
================================================================================
AV 59.8 35.6                               9.4 FASTST   M    M   6    MAX(MPH)
                                 MISC ---->  # 30 220               # 40  190
================================================================================
NOTES:
# LAST OF SEVERAL OCCURRENCES

COLUMN 17 PEAK WIND IN M.P.H.

PRELIMINARY LOCAL CLIMATOLOGICAL DATA (WS FORM: F-6) , PAGE 2

                                          STATION:  MUSKEGON MI
                                          MONTH:    APRIL
                                          YEAR:     2015
                                          LATITUDE:   43 10 N
                                          LONGITUDE:  86 14 W

[TEMPERATURE DATA]      [PRECIPITATION DATA]       SYMBOLS USED IN COLUMN 16

AVERAGE MONTHLY: 47.7   TOTAL FOR MONTH:   4.23    1 = FOG OR MIST
DPTR FM NORMAL:   3.4   DPTR FM NORMAL:    2.48    2 = FOG REDUCING VISIBILITY
HIGHEST:    76 ON 18    GRTST 24HR  2.24 ON  9- 9      TO 1/4 MILE OR LESS
LOWEST:     21 ON  4                               3 = THUNDER
                        SNOW, ICE PELLETS, HAIL    4 = ICE PELLETS
                        TOTAL MONTH:   0.0 INCH    5 = HAIL
                        GRTST 24HR     0.0         6 = FREEZING RAIN OR DRIZZLE
                        GRTST DEPTH:   0           7 = DUSTSTORM OR SANDSTORM:
                                                       VSBY 1/2 MILE OR LESS
                                                   8 = SMOKE OR HAZE
[NO. OF DAYS WITH]      [WEATHER - DAYS WITH]      9 = BLOWING SNOW
                                                   X = TORNADO
MAX 32 OR BELOW:   0    0.01 INCH OR MORE:   7
MAX 90 OR ABOVE:   0    0.10 INCH OR MORE:   4
MIN 32 OR BELOW:   3    0.50 INCH OR MORE:   2
MIN  0 OR BELOW:   0    1.00 INCH OR MORE:   2

[HDD (BASE 65) ]
TOTAL THIS MO.   307    CLEAR  (SCALE 0-3)   1
DPTR FM NORMAL   -67    PTCLDY (SCALE 4-7)  14
TOTAL FM JUL 1  6439    CLOUDY (SCALE 8-10)  3
DPTR FM NORMAL   403

[CDD (BASE 65) ]
TOTAL THIS MO.     0
DPTR FM NORMAL     0    [PRESSURE DATA]
TOTAL FM JAN 1     0    HIGHEST SLP M ON M
DPTR FM NORMAL     0    LOWEST  SLP 29.42 ON 10

[REMARKS]
