000
CXUS55 KBYZ 011316
CF6MLS
PRELIMINARY LOCAL CLIMATOLOGICAL DATA (WS FORM: F-6)

                                          STATION:   MILES CITY MT
                                          MONTH:     MARCH
                                          YEAR:      2015
                                          LATITUDE:   46 25 N
                                          LONGITUDE: 105 53 W

  TEMPERATURE IN F:       :PCPN:    SNOW:  WIND      :SUNSHINE: SKY     :PK WND
================================================================================
1   2   3   4   5  6A  6B    7    8   9   10  11  12  13   14  15   16   17  18
                                     12Z  AVG MX 2MIN
DY MAX MIN AVG DEP HDD CDD  WTR  SNW DPTH SPD SPD DIR MIN PSBL S-S WX    SPD DR
================================================================================

 1  29  12  21  -8  44   0    T    M    M 10.3 23 310   M    M   5 18     28 290
 2  46  13  30   1  35   0    T    M    M 16.9 31 350   M    M   2        36 340
 3  19   8  14 -16  51   0    T    M    M 16.4 28 320   M    M   7        41 290
 4  24  -4  10 -20  55   0 0.00    M    M  7.1 17 320   M    M   3        23 290
 5  50   9  30   0  35   0 0.00    M    M   M  22 300   M    M   2 8      26 300
 6  60  27  44  13  21   0 0.00    M    M 15.3 31 310   M    M   M        37 300
 7  51  28  40   9  25   0 0.00    M    M   M   M   M   M    M   M         M  M
 8  60  24  42  10  23   0 0.00    M    M   M   M   M   M    M   M         M  M
 9  64  24  44  12  21   0 0.00    M    M   M   M   M   M    M   M         M  M
10  64  28  46  14  19   0 0.00    M    M   M   M   M   M    M   M         M  M
11  68  29  49  16  16   0 0.00    M    M   M   M   M   M    M   M         M  M
12  69  32  51  18  14   0 0.00    M    M   M   M   M   M    M   M         M  M
13  67  33  50  16  15   0 0.00    M    M   M   M   M   M    M   M         M  M
14  75  30  53  19  12   0 0.00    M    M   M   M   M   M    M   M         M  M
15  72  40  56  22   9   0 0.00    M    M   M   M   M   M    M   M         M  M
16  53  29  41   6  24   0 0.00    M    M   M   M   M   M    M   M 8       M  M
17  41  25  33  -2  32   0 0.00    M    M   M   M   M   M    M   M         M  M
18  50  30  40   4  25   0 0.01    M    M   M   M   M   M    M   M         M  M
19  60  33  47  11  18   0 0.01    M    M   M   M   M   M    M   M         M  M
20  65  35  50  14  15   0 0.00    M    M  9.1 23 310   M    M   0        32 310
21  67  34  51  14  14   0 0.00    M    M  8.0 17  50   M    M   2        21 350
22  63  35  49  12  16   0    T    M    M  8.5 17 290   M    M   4        24 280
23  70  30  50  13  15   0 0.00    M    M 14.5 31 300   M    M   0        41 290
24  51  31  41   3  24   0    T    M    M 17.5 31 320   M    M   4        39 300
25  50  31  41   3  24   0 0.00    M    M  8.6 16 310   M    M   7        22 280
26  59  35  47   8  18   0 0.00    M    M  7.0 15 290   M    M   7 8      22 320
27  72  38  55  16  10   0 0.00    M    M 10.9 24 310   M    M   0        31 330
28  83  38  61  22   4   0 0.08    M    M 18.8 53 290   M    M   3 18     68 300
29  64  37  51  11  14   0 0.00    M    M 11.2 31 310   M    M   2        40 310
30  69  37  53  13  12   0 0.00    M    M  9.7 24 310   M    M   0        29 320
31  80  39  60  20   5   0    T    M    M 10.1 30 320   M    M   0        39 330
================================================================================
SM 1815  870       665   0  0.10    M    199.9          M       48
================================================================================
AV 58.5 28.1                              11.8 FASTST   M    M   3    MAX(MPH)
                                 MISC ---->  # 53 290               # 68  300
================================================================================
NOTES:
# LAST OF SEVERAL OCCURRENCES

COLUMN 17 PEAK WIND IN M.P.H.

PRELIMINARY LOCAL CLIMATOLOGICAL DATA (WS FORM: F-6) , PAGE 2

                                          STATION:  MILES CITY MT
                                          MONTH:    MARCH
                                          YEAR:     2015
                                          LATITUDE:   46 25 N
                                          LONGITUDE: 105 53 W

[TEMPERATURE DATA]      [PRECIPITATION DATA]       SYMBOLS USED IN COLUMN 16

AVERAGE MONTHLY: 43.3   TOTAL FOR MONTH:   0.10    1 = FOG OR MIST
DPTR FM NORMAL:   8.6   DPTR FM NORMAL:   -0.50    2 = FOG REDUCING VISIBILITY
HIGHEST:    83 ON 28    GRTST 24HR  0.08 ON 28-28      TO 1/4 MILE OR LESS
LOWEST:     -4 ON  4                               3 = THUNDER
                        SNOW, ICE PELLETS, HAIL    4 = ICE PELLETS
                        TOTAL MONTH:    M          5 = HAIL
                        GRTST 24HR    M  ON   M    6 = FREEZING RAIN OR DRIZZLE
                        GRTST DEPTH:  M  ON   M    7 = DUSTSTORM OR SANDSTORM:
                                                       VSBY 1/2 MILE OR LESS
                                                   8 = SMOKE OR HAZE
[NO. OF DAYS WITH]      [WEATHER - DAYS WITH]      9 = BLOWING SNOW
                                                   X = TORNADO
MAX 32 OR BELOW:   3    0.01 INCH OR MORE:   3
MAX 90 OR ABOVE:   0    0.10 INCH OR MORE:   0
MIN 32 OR BELOW:  19    0.50 INCH OR MORE:   0
MIN  0 OR BELOW:   1    1.00 INCH OR MORE:   0

[HDD (BASE 65) ]
TOTAL THIS MO.   665    CLEAR  (SCALE 0-3)  11
DPTR FM NORMAL  -276    PTCLDY (SCALE 4-7)   6
TOTAL FM JUL 1  6135    CLOUDY (SCALE 8-10)  0
DPTR FM NORMAL  -540

[CDD (BASE 65) ]
TOTAL THIS MO.     0
DPTR FM NORMAL     0    [PRESSURE DATA]
TOTAL FM JAN 1     0    HIGHEST SLP 30.33 ON 25
DPTR FM NORMAL     0    LOWEST  SLP 29.40 ON 31

[REMARKS]
#FINAL-03-15#
