000
CXUS56 KSTO 261455
CF6MYV
PRELIMINARY LOCAL CLIMATOLOGICAL DATA (WS FORM: F-6)

                                          STATION:   MARYSVILLE AIRPORT CA
                                          MONTH:     APRIL
                                          YEAR:      2015
                                          LATITUDE:   39  5 N
                                          LONGITUDE: 121 34 W

  TEMPERATURE IN F:       :PCPN:    SNOW:  WIND      :SUNSHINE: SKY     :PK WND
================================================================================
1   2   3   4   5  6A  6B    7    8   9   10  11  12  13   14  15   16   17  18
                                     12Z  AVG MX 2MIN
DY MAX MIN AVG DEP HDD CDD  WTR  SNW DPTH SPD SPD DIR MIN PSBL S-S WX    SPD DR
================================================================================

 1  71  41  56   1   9   0 0.00  0.0    0 10.4 24 330   M    M   0        32 330
 2  72  48  60   4   5   0 0.00  0.0    0 14.6 24 330   M    M   0        29 320
 3  76  37  57   1   8   0 0.00  0.0    0  5.5 12 150   M    M   0        15 150
 4  71  43  57   1   8   0 0.00  0.0    0  8.5 18 260   M    M   0        22 270
 5  60  44  52  -4  13   0 0.25    M    0  9.6 18 170   M    M   8 1      24 170
 6  64  37  51  -5  14   0 0.00  0.0    0  8.8 21 180   M    M   1        25 170
 7  57  43  50  -6  15   0 1.00    M    0 11.3 28 170   M    M   9 13     33 170
 8  63  41  52  -5  13   0 0.00  0.0    0  4.0 12 300   M    M   4 18     15 320
 9  69  39  54  -3  11   0 0.00  0.0    0  2.2 10  30   M    M   0        23  70
10  74  42  58   1   7   0 0.00  0.0    0  3.9 12 230   M    M   0        18 230
11  75  47  61   4   4   0 0.00  0.0    0  2.2  8 340   M    M   0        41  30
12  82  48  65   7   0   0 0.00  0.0    0  5.7 14 310   M    M   0        18 310
13  80  47  64   6   1   0 0.00  0.0    0 10.0 22 250   M    M   0        27 250
14  68  45  57  -1   8   0    T  0.0    0 10.4 21 340   M    M   1        27 340
15  75  48  62   4   3   0 0.00  0.0    0 17.5 30 320   M    M   0        39 340
16  83  50  67   8   0   2 0.00  0.0    0  9.3 20 340   M    M   0        24 340
17  83  43  63   4   2   0 0.00  0.0    0  3.4  9  90   M    M   0        17 170
18  85  46  66   7   0   1 0.00  0.0    0  2.4  8  90   M    M   0        12 110
19  89  50  70  10   0   5 0.00  0.0    0  4.7 14 170   M    M   0        17 180
20  84  51  68   8   0   3 0.00  0.0    0  5.8 14 170   M    M   0        18 140
21  75  51  63   3   2   0 0.00  0.0    0 11.7 22 170   M    M   0        29 150
22  79  50  65   5   0   0 0.00  0.0    0  5.9 16 170   M    M   0        20 130
23  81  50  66   5   0   1 0.01  0.0    0  7.4 20 170   M    M   1 3      25 160
24  75  51  63   2   2   0 0.36  0.0    0 10.4 20 150   M    M   5        24 160
25  72  51  62   1   3   0 0.15  0.0    0  5.9 18 160   M    M   5 1      23 150
================================================================================
SM 1863 1143       128  12  1.77     0.0 191.5          M       34
================================================================================
AV 74.5 45.7                               7.7 FASTST   M    M   1    MAX(MPH)
                                 MISC ---->  # 30 320               # 41   30
================================================================================
NOTES:
# LAST OF SEVERAL OCCURRENCES

COLUMN 17 PEAK WIND IN M.P.H.

PRELIMINARY LOCAL CLIMATOLOGICAL DATA (WS FORM: F-6) , PAGE 2

                                          STATION:  MARYSVILLE AIRPORT CA
                                          MONTH:    APRIL
                                          YEAR:     2015
                                          LATITUDE:   39  5 N
                                          LONGITUDE: 121 34 W

[TEMPERATURE DATA]      [PRECIPITATION DATA]       SYMBOLS USED IN COLUMN 16

AVERAGE MONTHLY: 60.1   TOTAL FOR MONTH:   1.77    1 = FOG OR MIST
DPTR FM NORMAL:   2.1   DPTR FM NORMAL:    0.35    2 = FOG REDUCING VISIBILITY
HIGHEST:    89 ON 19    GRTST 24HR  1.00 ON  7- 7      TO 1/4 MILE OR LESS
LOWEST:     37 ON  6, 3                            3 = THUNDER
                        SNOW, ICE PELLETS, HAIL    4 = ICE PELLETS
                        TOTAL MONTH:   0.0 INCH    5 = HAIL
                        GRTST 24HR     0.0         6 = FREEZING RAIN OR DRIZZLE
                        GRTST DEPTH:   0           7 = DUSTSTORM OR SANDSTORM:
                                                       VSBY 1/2 MILE OR LESS
                                                   8 = SMOKE OR HAZE
[NO. OF DAYS WITH]      [WEATHER - DAYS WITH]      9 = BLOWING SNOW
                                                   X = TORNADO
MAX 32 OR BELOW:   0    0.01 INCH OR MORE:   5
MAX 90 OR ABOVE:   0    0.10 INCH OR MORE:   4
MIN 32 OR BELOW:   0    0.50 INCH OR MORE:   1
MIN  0 OR BELOW:   0    1.00 INCH OR MORE:   1

[HDD (BASE 65) ]
TOTAL THIS MO.   128    CLEAR  (SCALE 0-3)  20
DPTR FM NORMAL   -56    PTCLDY (SCALE 4-7)   4
TOTAL FM JUL 1  1779    CLOUDY (SCALE 8-10)  1
DPTR FM NORMAL  -875

[CDD (BASE 65) ]
TOTAL THIS MO.    12
DPTR FM NORMAL     3    [PRESSURE DATA]
TOTAL FM JAN 1    18    HIGHEST SLP M ON M
DPTR FM NORMAL     8    LOWEST  SLP 30.11 ON M

[REMARKS]
