000
CXUS55 KRIW 250903
CF6P60
PRELIMINARY LOCAL CLIMATOLOGICAL DATA (WS FORM: F-6)

                                          STATION:   LAKE YELLOWSTONE WY
                                          MONTH:     APRIL
                                          YEAR:      2015
                                          LATITUDE:   44 32 N
                                          LONGITUDE: 110 25 W

  TEMPERATURE IN F:       :PCPN:    SNOW:  WIND      :SUNSHINE: SKY     :PK WND
================================================================================
1   2   3   4   5  6A  6B    7    8   9   10  11  12  13   14  15   16   17  18
                                     12Z  AVG MX 2MIN
DY MAX MIN AVG DEP HDD CDD  WTR  SNW DPTH SPD SPD DIR MIN PSBL S-S WX    SPD DR
================================================================================

 1  39  17  28   1  37   0 0.07    M    M  4.6 17 280   M    M   0        28 270
 2  29   6  18 -10  47   0 0.01    M    M  1.3  9 340   M    M   0        16  10
 3  34   0  17 -11  48   0 0.00  0.0    M  2.6 13 270   M    M   0        20 260
 4  38  13  26  -2  39   0 0.00  0.0    M  2.9 14 260   M    M   0        29 240
 5  35  24  30   2  35   0 0.09    M    M  1.4 12 250   M    M   0        22 270
 6  36  13  25  -4  40   0 0.23    M    M  1.6 15 280   M    M   0        23 290
 7  39   5  22  -7  43   0 0.00  0.0    M  1.6  9 210   M    M   0        19 230
 8  42  15  29   0  36   0 0.00  0.0    M  2.8 13 330   M    M   0        22 320
 9  40  13  27  -2  38   0 0.01    M    M  1.5  9 260   M    M   0        17 230
10  44  23  34   4  31   0 0.01    M    M  1.8 12 280   M    M   0        20 160
11  46  21  34   4  31   0 0.00  0.0    M  5.2 17 260   M    M   0        32 230
12  35  18  27  -3  38   0 0.11    M    M  6.6 17 280   M    M   0        28 270
13  48  15  32   2  33   0 0.00  0.0    M  2.7 10 270   M    M   0        21 230
14  54  24  39   8  26   0 0.02    M    M  3.5 14 260   M    M   0        27 290
15  36  20  28  -3  37   0 0.09    M    M  4.6 15 320   M    M   0        24 330
16  41  18  30  -1  35   0 0.00    M    M  2.7  8 110   M    M   0        14 350
17  53  18  36   4  29   0 0.00  0.0    M  1.5  7 110   M    M   0         9 100
18  50  20  35   3  30   0 0.00  0.0    M  3.5 14 310   M    M   0        26 330
19  41  20  31  -1  34   0 0.00  0.0    M  2.4  9 130   M    M   0        14 340
20  49  21  35   3  30   0 0.00  0.0    M  2.4 13 280   M    M   0        16 300
21  52  22  37   4  28   0 0.00  0.0    M  2.5 14 280   M    M   0        20 310
22  56  23  40   7  25   0 0.00  0.0    M  1.4  9  80   M    M   0        11  70
23  48  26  37   4  28   0 0.04    M    M  2.1 13 270   M    M   0        21 270
24  50  23  37   3  28   0 0.12    M    M  2.6 14 280   M    M   0        22 250
================================================================================
SM 1035  418       826   0  0.80     0.0  65.8          M        0
================================================================================
AV 43.1 17.4                               2.7 FASTST   M    M   0    MAX(MPH)
                                 MISC ---->  # 17 280               # 32  230
================================================================================
NOTES:
# LAST OF SEVERAL OCCURRENCES

COLUMN 17 PEAK WIND IN M.P.H.

PRELIMINARY LOCAL CLIMATOLOGICAL DATA (WS FORM: F-6) , PAGE 2

                                          STATION:  LAKE YELLOWSTONE WY
                                          MONTH:    APRIL
                                          YEAR:     2015
                                          LATITUDE:   44 32 N
                                          LONGITUDE: 110 25 W

[TEMPERATURE DATA]      [PRECIPITATION DATA]       SYMBOLS USED IN COLUMN 16

AVERAGE MONTHLY: 30.3   TOTAL FOR MONTH:   0.80    1 = FOG OR MIST
DPTR FM NORMAL:  -0.1   DPTR FM NORMAL:   -0.82    2 = FOG REDUCING VISIBILITY
HIGHEST:    56 ON 22    GRTST 24HR  0.27 ON  5- 6      TO 1/4 MILE OR LESS
LOWEST:      0 ON  3                               3 = THUNDER
                        SNOW, ICE PELLETS, HAIL    4 = ICE PELLETS
                        TOTAL MONTH:   0.0 INCH    5 = HAIL
                        GRTST 24HR     0.0         6 = FREEZING RAIN OR DRIZZLE
                        GRTST DEPTH:  M  ON   M    7 = DUSTSTORM OR SANDSTORM:
                                                       VSBY 1/2 MILE OR LESS
                                                   8 = SMOKE OR HAZE
[NO. OF DAYS WITH]      [WEATHER - DAYS WITH]      9 = BLOWING SNOW
                                                   X = TORNADO
MAX 32 OR BELOW:   1    0.01 INCH OR MORE:  11
MAX 90 OR ABOVE:   0    0.10 INCH OR MORE:   3
MIN 32 OR BELOW:  24    0.50 INCH OR MORE:   0
MIN  0 OR BELOW:   1    1.00 INCH OR MORE:   0

[HDD (BASE 65) ]
TOTAL THIS MO.   826    CLEAR  (SCALE 0-3)  24
DPTR FM NORMAL    -5    PTCLDY (SCALE 4-7)   0
TOTAL FM JUL 1  9564    CLOUDY (SCALE 8-10)  0
DPTR FM NORMAL  -506

[CDD (BASE 65) ]
TOTAL THIS MO.     0
DPTR FM NORMAL     0    [PRESSURE DATA]
TOTAL FM JAN 1     0    HIGHEST SLP M ON M
DPTR FM NORMAL     0    LOWEST  SLP 29.60 ON 24

[REMARKS]
