000
CXUS53 KUNR 280945
CF6PHP
PRELIMINARY LOCAL CLIMATOLOGICAL DATA (WS FORM: F-6)

                                          STATION:   PHILIP SD
                                          MONTH:     APRIL
                                          YEAR:      2015
                                          LATITUDE:   44  3 N
                                          LONGITUDE: 101 36 W

  TEMPERATURE IN F:       :PCPN:    SNOW:  WIND      :SUNSHINE: SKY     :PK WND
================================================================================
1   2   3   4   5  6A  6B    7    8   9   10  11  12  13   14  15   16   17  18
                                     12Z  AVG MX 2MIN
DY MAX MIN AVG DEP HDD CDD  WTR  SNW DPTH SPD SPD DIR MIN PSBL S-S WX    SPD DR
================================================================================

 1  69  31  50   9  15   0 0.00    M    M 17.7 35 310   M    M   2        44 330
 2  55  23  39  -2  26   0 0.00    M    M 18.8 37 330   M    M   1        43 330
 3  56  12  34  -8  31   0    T    M    M  9.3 31 290   M    M   1        41 290
 4  67  18  43   1  22   0 0.00    M    M  4.8 14 240   M    M   0        18 260
 5  62  29  46   4  19   0 0.00    M    M 11.5 24  70   M    M   0        31  70
 6  40  28  34  -9  31   0 0.00    M    M 13.8 22  50   M    M   7 18     27  50
 7  44  34  39  -4  26   0    T    M    M  6.2 12  80   M    M  10 1      14  80
 8  43  37  40  -4  25   0 0.07    M    M 11.6 20  20   M    M  10 1      24  20
 9  59  33  46   2  19   0 0.03    M    M 14.8 24 330   M    M   4 1      30 300
10  68  28  48   4  17   0 0.00    M    M  6.5 13 110   M    M   0        17 170
11  82  35  59  14   6   0 0.00    M    M 12.2 26 240   M    M   0        37 240
12  62  29  46   1  19   0 0.00    M    M 17.3 37 330   M    M   2        42 330
13  68  22  45   0  20   0 0.00    M    M  8.1 18 280   M    M   0        24 300
14  82  32  57  11   8   0 0.00    M    M 18.2 35 180   M    M   0        47 180
15  74  46  60  14   5   0    T    M    M 14.0 29 150   M    M   3        38 150
16  66  42  54   8  11   0 0.00    M    M 13.0 26 330   M    M   4        32 330
17  67  34  51   4  14   0 0.17    M    M  6.5 18 170   M    M   7 1      23 180
18  58  47  53   6  12   0 0.06    M    M  8.3 20 340   M    M  10 1      24 340
19  54  25  40  -8  25   0    T    M    M 18.9 38 330   M    M   3        49 330
20  56  25  41  -7  24   0 0.00    M    M 14.8 33 330   M    M   4        41 340
21  57  23  40  -8  25   0 0.00    M    M  9.4 23 350   M    M   3        30 340
22  62  17  40  -9  25   0 0.00    M    M  9.6 18  80   M    M   0        24 130
23  75  32  54   5  11   0    T    M    M 13.4 36 200   M    M   1 3      45 210
24  76  47  62  13   3   0 0.00    M    M  9.9 21  40   M    M   1        28  70
25  59  46  53   3  12   0    T    M    M 10.5 17 100   M    M  10 1      22 120
26  62  49  56   6   9   0    T    M    M  8.3 20 140   M    M   6 1      27 150
27  61  45  53   3  12   0 0.00    M    M  9.4 22 320   M    M   7        27 330
================================================================================
SM 1684  869       472   0  0.33    M    316.8          M       96
================================================================================
AV 62.4 32.2                              11.7 FASTST   M    M   4    MAX(MPH)
                                 MISC ---->  # 38 330               # 49  330
================================================================================
NOTES:
# LAST OF SEVERAL OCCURRENCES

COLUMN 17 PEAK WIND IN M.P.H.

PRELIMINARY LOCAL CLIMATOLOGICAL DATA (WS FORM: F-6) , PAGE 2

                                          STATION:  PHILIP SD
                                          MONTH:    APRIL
                                          YEAR:     2015
                                          LATITUDE:   44  3 N
                                          LONGITUDE: 101 36 W

[TEMPERATURE DATA]      [PRECIPITATION DATA]       SYMBOLS USED IN COLUMN 16

AVERAGE MONTHLY: 47.3   TOTAL FOR MONTH:   0.33    1 = FOG OR MIST
DPTR FM NORMAL:   1.6   DPTR FM NORMAL:   -1.23    2 = FOG REDUCING VISIBILITY
HIGHEST:    82 ON 14,11 GRTST 24HR  0.22 ON 17-18      TO 1/4 MILE OR LESS
LOWEST:     12 ON  3                               3 = THUNDER
                        SNOW, ICE PELLETS, HAIL    4 = ICE PELLETS
                        TOTAL MONTH:    M          5 = HAIL
                        GRTST 24HR    M  ON   M    6 = FREEZING RAIN OR DRIZZLE
                        GRTST DEPTH:  M  ON   M    7 = DUSTSTORM OR SANDSTORM:
                                                       VSBY 1/2 MILE OR LESS
                                                   8 = SMOKE OR HAZE
[NO. OF DAYS WITH]      [WEATHER - DAYS WITH]      9 = BLOWING SNOW
                                                   X = TORNADO
MAX 32 OR BELOW:   0    0.01 INCH OR MORE:   4
MAX 90 OR ABOVE:   0    0.10 INCH OR MORE:   1
MIN 32 OR BELOW:  15    0.50 INCH OR MORE:   0
MIN  0 OR BELOW:   0    1.00 INCH OR MORE:   0

[HDD (BASE 65) ]
TOTAL THIS MO.   472    CLEAR  (SCALE 0-3)  14
DPTR FM NORMAL   -49    PTCLDY (SCALE 4-7)   9
TOTAL FM JUL 1  6342    CLOUDY (SCALE 8-10)  4
DPTR FM NORMAL  -482

[CDD (BASE 65) ]
TOTAL THIS MO.     0
DPTR FM NORMAL     0    [PRESSURE DATA]
TOTAL FM JAN 1     3    HIGHEST SLP M ON M
DPTR FM NORMAL     3    LOWEST  SLP 29.25 ON 12

[REMARKS]
