000
CXUS55 KPSR 261005
CF6PHX
PRELIMINARY LOCAL CLIMATOLOGICAL DATA (WS FORM: F-6)

                                          STATION:   PHOENIX AZ
                                          MONTH:     APRIL
                                          YEAR:      2015
                                          LATITUDE:   33 25 N
                                          LONGITUDE: 112  1 W

  TEMPERATURE IN F:       :PCPN:    SNOW:  WIND      :SUNSHINE: SKY     :PK WND
================================================================================
1   2   3   4   5  6A  6B    7    8   9   10  11  12  13   14  15   16   17  18
                                     12Z  AVG MX 2MIN
DY MAX MIN AVG DEP HDD CDD  WTR  SNW DPTH SPD SPD DIR MIN PSBL S-S WX    SPD DR
================================================================================

 1  91  67  79  10   0  14 0.00  0.0    0  7.7 20 280   M    M   3        25 260
 2  87  64  76   7   0  11 0.00  0.0    0  9.6 21 270   M    M   5        27 280
 3  86  60  73   4   0   8 0.00  0.0    0  5.1 20  70   M    M   7        24  70
 4  89  62  76   7   0  11 0.00  0.0    0  5.6 15 270   M    M   7        20 330
 5  89  61  75   5   0  10 0.00  0.0    0  7.6 16 270   M    M   5        21 290
 6  86  61  74   4   0   9 0.00  0.0    0  7.5 21 280   M    M   5        25 270
 7  84  58  71   1   0   6 0.00  0.0    0  9.2 17 270   M    M   5        25 260
 8  78  61  70   0   0   5 0.00  0.0    0  9.8 20 290   M    M   0        25 270
 9  83  54  69  -2   0   4 0.00  0.0    0  5.2 13 280   M    M   1        21 330
10  87  57  72   1   0   7 0.00  0.0    0  5.3 13 300   M    M   3        18 270
11  86  60  73   2   0   8 0.00  0.0    0  4.3 10 320   M    M   5        16 320
12  86  65  76   4   0  11 0.00  0.0    0  7.9 18 270   M    M   7        26 230
13  90  63  77   5   0  12 0.00  0.0    0  6.2 14 270   M    M   1        17 270
14  94  67  81   9   0  16 0.00  0.0    0  9.4 26 270   M    M   1        35 270
15  84  65  75   3   0  10 0.00  0.0    0 12.5 25 270   M    M   1        34 240
16  75  56  66  -7   0   1 0.00  0.0    0  9.0 21 280   M    M   1        26 220
17  82  55  69  -4   0   4 0.00  0.0    0  6.2 17 230   M    M   2        28 340
18  90  59  75   2   0  10 0.00  0.0    0  7.9 20 290   M    M   1        26 300
19  92  62  77   3   0  12 0.00  0.0    0  5.5 16 290   M    M   2        24 270
20  93  65  79   5   0  14 0.00  0.0    0  6.5 14 260   M    M   2        19 250
21  91  65  78   4   0  13 0.00  0.0    0  8.8 24 270   M    M   4        27 270
22  89  65  77   2   0  12 0.00  0.0    0  8.0 21 190   M    M   2        36 170
23  83  62  73  -2   0   8 0.00  0.0    0  6.5 16 330   M    M   4        22 320
24  78  62  70  -5   0   5 0.02  0.0    0  6.2 23 240   M    M   6        27 260
25  81  56  69  -7   0   4 0.02  0.0    0 11.1 35 320   M    M   7        42 290
================================================================================
SM 2154 1532         0 225  0.04     0.0 188.6          M       87
================================================================================
AV 86.2 61.3                               7.5 FASTST   M    M   3    MAX(MPH)
                                 MISC ---->  # 35 320               # 42  290
================================================================================
NOTES:
# LAST OF SEVERAL OCCURRENCES

COLUMN 17 PEAK WIND IN M.P.H.

PRELIMINARY LOCAL CLIMATOLOGICAL DATA (WS FORM: F-6) , PAGE 2

                                          STATION:  PHOENIX AZ
                                          MONTH:    APRIL
                                          YEAR:     2015
                                          LATITUDE:   33 25 N
                                          LONGITUDE: 112  1 W

[TEMPERATURE DATA]      [PRECIPITATION DATA]       SYMBOLS USED IN COLUMN 16

AVERAGE MONTHLY: 73.7   TOTAL FOR MONTH:   0.04    1 = FOG OR MIST
DPTR FM NORMAL:   1.8   DPTR FM NORMAL:   -0.22    2 = FOG REDUCING VISIBILITY
HIGHEST:    94 ON 14    GRTST 24HR  0.02 ON 25-25      TO 1/4 MILE OR LESS
LOWEST:     54 ON  9                               3 = THUNDER
                        SNOW, ICE PELLETS, HAIL    4 = ICE PELLETS
                        TOTAL MONTH:   0.0 INCH    5 = HAIL
                        GRTST 24HR     0.0         6 = FREEZING RAIN OR DRIZZLE
                        GRTST DEPTH:   0           7 = DUSTSTORM OR SANDSTORM:
                                                       VSBY 1/2 MILE OR LESS
                                                   8 = SMOKE OR HAZE
[NO. OF DAYS WITH]      [WEATHER - DAYS WITH]      9 = BLOWING SNOW
                                                   X = TORNADO
MAX 32 OR BELOW:   0    0.01 INCH OR MORE:   2
MAX 90 OR ABOVE:   7    0.10 INCH OR MORE:   0
MIN 32 OR BELOW:   0    0.50 INCH OR MORE:   0
MIN  0 OR BELOW:   0    1.00 INCH OR MORE:   0

[HDD (BASE 65) ]
TOTAL THIS MO.     0    CLEAR  (SCALE 0-3)  13
DPTR FM NORMAL   -17    PTCLDY (SCALE 4-7)  12
TOTAL FM JUL 1   520    CLOUDY (SCALE 8-10)  0
DPTR FM NORMAL  -411

[CDD (BASE 65) ]
TOTAL THIS MO.   225
DPTR FM NORMAL    32    [PRESSURE DATA]
TOTAL FM JAN 1   528    HIGHEST SLP M ON M
DPTR FM NORMAL   231    LOWEST  SLP 29.62 ON 20

[REMARKS]
