000
CXUS55 KREV 270852
CF6RNO
PRELIMINARY LOCAL CLIMATOLOGICAL DATA (WS FORM: F-6)

                                          STATION:   RENO TAHOE AIRPORT NV
                                          MONTH:     APRIL
                                          YEAR:      2015
                                          LATITUDE:   39 30 N
                                          LONGITUDE: 119 47 W

  TEMPERATURE IN F:       :PCPN:    SNOW:  WIND      :SUNSHINE: SKY     :PK WND
================================================================================
1   2   3   4   5  6A  6B    7    8   9   10  11  12  13   14  15   16   17  18
                                     12Z  AVG MX 2MIN
DY MAX MIN AVG DEP HDD CDD  WTR  SNW DPTH SPD SPD DIR MIN PSBL S-S WX    SPD DR
================================================================================

 1  55  34  45  -3  20   0    T  0.0    0  7.2 28 340   M    M   M        35 330
 2  55  36  46  -2  19   0 0.00  0.0    0  6.4 15 200   M    M   M        20  70
 3  67  31  49   1  16   0 0.00  0.0    0  6.6 22 270   M    M   M        27 280
 4  67  35  51   3  14   0 0.00  0.0    0 12.7 32 170   M    M   M        41 170
 5  50  36  43  -5  22   0    T  0.0    0 17.5 35 170   M    M   M        44 290
 6  54  27  41  -8  24   0 0.00  0.0    0  5.9 17 260   M    M   M        26 270
 7  47  36  42  -7  23   0 0.01    T    0 10.5 29 200   M    M   M 1      37 280
 8  56  32  44  -5  21   0 0.00  0.0    0  8.1 24 300   M    M   M 8      33 360
 9  65  31  48  -1  17   0 0.00  0.0    0  4.9 20 300   M    M   M 8      25 300
10  69  34  52   3  13   0 0.00  0.0    0  7.7 26 300   M    M   M        32 290
11  68  37  53   3  12   0 0.00  0.0    0  7.8 23 300   M    M   M 8      29 300
12  72  36  54   4  11   0 0.00  0.0    0  3.7 15 100   M    M   M        19 110
13  75  38  57   7   8   0 0.00  0.0    0 11.9 37 160   M    M   M 8      46 170
14  55  34  45  -5  20   0    T    T    0 14.3 31 260   M    M   M        39 260
15  57  28  43  -7  22   0 0.00  0.0    0  5.4 22  20   M    M   M        26  10
16  65  31  48  -3  17   0 0.00  0.0    0  3.4 14  20   M    M   M 8      18  10
17  73  33  53   2  12   0 0.00  0.0    0  4.1 15  10   M    M   M 8      19  20
18  76  39  58   7   7   0 0.00  0.0    0  4.5 18  60   M    M   M 8      26  70
19  77  45  61   9   4   0 0.00  0.0    0  2.8 15  10   M    M   M 8      20  40
20  80  43  62  10   3   0 0.00  0.0    0  5.1 26 290   M    M   M 8      35 290
21  79  46  63  11   2   0 0.00  0.0    0  6.7 30 300   M    M   M 8      38 270
22  73  51  62  10   3   0 0.01  0.0    0  6.9 23 280   M    M   M 3      38 310
23  72  45  59   6   6   0 0.11  0.0    0  8.5 35 280   M    M   M        44 290
24  60  44  52  -1  13   0 0.16  0.0    0 10.1 25 220   M    M   M 1      33 280
25  56  40  48  -5  17   0 0.06  0.0    0 11.5 22 330   M    M   M 8      29 300
26  63  41  52  -2  13   0 0.00  0.0    0  5.3 13  80   M    M   M 8      18  40
================================================================================
SM 1686  963       359   0  0.35    T    199.5          M        M
================================================================================
AV 64.8 37.0                               7.7 FASTST   M    M  -1    MAX(MPH)
                                 MISC ---->  # 37 160               # 46  170
================================================================================
NOTES:
# LAST OF SEVERAL OCCURRENCES

COLUMN 17 PEAK WIND IN M.P.H.

PRELIMINARY LOCAL CLIMATOLOGICAL DATA (WS FORM: F-6) , PAGE 2

                                          STATION:  RENO TAHOE AIRPORT NV
                                          MONTH:    APRIL
                                          YEAR:     2015
                                          LATITUDE:   39 30 N
                                          LONGITUDE: 119 47 W

[TEMPERATURE DATA]      [PRECIPITATION DATA]       SYMBOLS USED IN COLUMN 16

AVERAGE MONTHLY: 50.9   TOTAL FOR MONTH:   0.35    1 = FOG OR MIST
DPTR FM NORMAL:   0.6   DPTR FM NORMAL:   -0.06    2 = FOG REDUCING VISIBILITY
HIGHEST:    80 ON 20    GRTST 24HR  0.27 ON 23-24      TO 1/4 MILE OR LESS
LOWEST:     27 ON  6                               3 = THUNDER
                        SNOW, ICE PELLETS, HAIL    4 = ICE PELLETS
                        TOTAL MONTH:    T          5 = HAIL
                        GRTST 24HR    T  ON 14-14  6 = FREEZING RAIN OR DRIZZLE
                        GRTST DEPTH:   0           7 = DUSTSTORM OR SANDSTORM:
                                                       VSBY 1/2 MILE OR LESS
                                                   8 = SMOKE OR HAZE
[NO. OF DAYS WITH]      [WEATHER - DAYS WITH]      9 = BLOWING SNOW
                                                   X = TORNADO
MAX 32 OR BELOW:   0    0.01 INCH OR MORE:   5
MAX 90 OR ABOVE:   0    0.10 INCH OR MORE:   2
MIN 32 OR BELOW:   6    0.50 INCH OR MORE:   0
MIN  0 OR BELOW:   0    1.00 INCH OR MORE:   0

[HDD (BASE 65) ]
TOTAL THIS MO.   359    CLEAR  (SCALE 0-3)   0
DPTR FM NORMAL   -24    PTCLDY (SCALE 4-7)   0
TOTAL FM JUL 1  3618    CLOUDY (SCALE 8-10)  0
DPTR FM NORMAL -1001

[CDD (BASE 65) ]
TOTAL THIS MO.     0
DPTR FM NORMAL     0    [PRESSURE DATA]
TOTAL FM JAN 1     0    HIGHEST SLP M ON M
DPTR FM NORMAL     0    LOWEST  SLP 29.63 ON 23

[REMARKS]
