000
CXUS55 KBYZ 251055
CF6SHR
PRELIMINARY LOCAL CLIMATOLOGICAL DATA (WS FORM: F-6)

                                          STATION:   SHERIDAN WY
                                          MONTH:     APRIL
                                          YEAR:      2015
                                          LATITUDE:   44 46 N
                                          LONGITUDE: 106 58 W

  TEMPERATURE IN F:       :PCPN:    SNOW:  WIND      :SUNSHINE: SKY     :PK WND
================================================================================
1   2   3   4   5  6A  6B    7    8   9   10  11  12  13   14  15   16   17  18
                                     12Z  AVG MX 2MIN
DY MAX MIN AVG DEP HDD CDD  WTR  SNW DPTH SPD SPD DIR MIN PSBL S-S WX    SPD DR
================================================================================

 1  58  30  44   4  21   0 0.00    M    M 18.1 37 320   M    M   7        47 320
 2  46  20  33  -7  32   0 0.00    M    M 15.0 32 320   M    M   2        40 320
 3  53  15  34  -6  31   0 0.00    M    M  5.2 23 340   M    M   1        30 310
 4  58  23  41   0  24   0 0.00    M    M  5.8 16 350   M    M   3        20 360
 5  59  29  44   3  21   0 0.00    M    M  8.7 26 320   M    M   2        32 320
 6  53  33  43   2  22   0 0.00    M    M  6.2 23 300   M    M   7        28 290
 7  56  27  42   1  23   0 0.00    M    M  7.8 25 140   M    M   4 8      33 140
 8  49  32  41  -1  24   0 0.40    M    M  7.9 22  10   M    M   7 1      27  10
 9  54  21  38  -4  27   0 0.00    M    M  2.5 10 210   M    M   0        13 100
10  64  25  45   3  20   0 0.00    M    M  3.4 16 120   M    M   1        21 120
11  70  34  52  10  13   0 0.00    M    M   M   M   M   M    M   M         M  M
12  52  32  42  -1  23   0 0.05    M    M   M   M   M   M    M   M         M  M
13  66  30  48   5  17   0 0.00    M    M   M   M   M   M    M   M         M  M
14  80  36  58  15   7   0 0.00    M    M 14.4 47 300   M    M   2        56 300
15  44  32  38  -5  27   0 0.45    M    M 23.0 38 310   M    M  10 12     50 310
16  52  30  41  -3  24   0 0.02    M    M  7.6 20 300   M    M   7        24 290
17  63  25  44   0  21   0 0.00    M    M  3.3 10 180   M    M   0        15 120
18  64  29  47   3  18   0 0.00    M    M 12.9 35 320   M    M   4        43 320
19  51  25  38  -6  27   0 0.00    M    M 14.7 30 330   M    M   2        36 320
20  56  20  38  -7  27   0 0.00    M    M 10.4 30 330   M    M   1        39 340
21  64  31  48   3  17   0 0.00    M    M  7.6 20 330   M    M   5        26 350
22  71  30  51   6  14   0 0.00    M    M  4.8 15 140   M    M   2        20 130
23  65  42  54   8  11   0    T    M    M  6.6 28 310   M    M   3        37 330
24  69  33  51   5  14   0 0.00    M    M  5.4 23 350   M    M   2 12     26 340
================================================================================
SM 1417  684       505   0  0.92    M    191.3          M       72
================================================================================
AV 59.0 28.5                               9.1 FASTST   M    M   3    MAX(MPH)
                                 MISC ---->  # 47 300                 56    M
================================================================================
NOTES:
# LAST OF SEVERAL OCCURRENCES

COLUMN 17 PEAK WIND IN M.P.H.

PRELIMINARY LOCAL CLIMATOLOGICAL DATA (WS FORM: F-6) , PAGE 2

                                          STATION:  SHERIDAN WY
                                          MONTH:    APRIL
                                          YEAR:     2015
                                          LATITUDE:   44 46 N
                                          LONGITUDE: 106 58 W

[TEMPERATURE DATA]      [PRECIPITATION DATA]       SYMBOLS USED IN COLUMN 16

AVERAGE MONTHLY: 43.8   TOTAL FOR MONTH:   0.92    1 = FOG OR MIST
DPTR FM NORMAL:   1.0   DPTR FM NORMAL:   -0.25    2 = FOG REDUCING VISIBILITY
HIGHEST:    80 ON 14    GRTST 24HR  0.47 ON 15-16      TO 1/4 MILE OR LESS
LOWEST:     15 ON  3                               3 = THUNDER
                        SNOW, ICE PELLETS, HAIL    4 = ICE PELLETS
                        TOTAL MONTH:    M          5 = HAIL
                        GRTST 24HR    M  ON   M    6 = FREEZING RAIN OR DRIZZLE
                        GRTST DEPTH:  M  ON   M    7 = DUSTSTORM OR SANDSTORM:
                                                       VSBY 1/2 MILE OR LESS
                                                   8 = SMOKE OR HAZE
[NO. OF DAYS WITH]      [WEATHER - DAYS WITH]      9 = BLOWING SNOW
                                                   X = TORNADO
MAX 32 OR BELOW:   0    0.01 INCH OR MORE:   4
MAX 90 OR ABOVE:   0    0.10 INCH OR MORE:   2
MIN 32 OR BELOW:  19    0.50 INCH OR MORE:   0
MIN  0 OR BELOW:   0    1.00 INCH OR MORE:   0

[HDD (BASE 65) ]
TOTAL THIS MO.   505    CLEAR  (SCALE 0-3)  12
DPTR FM NORMAL   -28    PTCLDY (SCALE 4-7)   8
TOTAL FM JUL 1  6436    CLOUDY (SCALE 8-10)  1
DPTR FM NORMAL  -556

[CDD (BASE 65) ]
TOTAL THIS MO.     0
DPTR FM NORMAL     0    [PRESSURE DATA]
TOTAL FM JAN 1     0    HIGHEST SLP M ON M
DPTR FM NORMAL     0    LOWEST  SLP 29.48 ON  1

[REMARKS]
