000
CXUS55 KLOX 251155
CF6SMX
PRELIMINARY LOCAL CLIMATOLOGICAL DATA (WS FORM: F-6)

                                          STATION:   SANTA MARIA AIRPORT CA
                                          MONTH:     APRIL
                                          YEAR:      2015
                                          LATITUDE:   34 54 N
                                          LONGITUDE: 120 27 W

  TEMPERATURE IN F:       :PCPN:    SNOW:  WIND      :SUNSHINE: SKY     :PK WND
================================================================================
1   2   3   4   5  6A  6B    7    8   9   10  11  12  13   14  15   16   17  18
                                     12Z  AVG MX 2MIN
DY MAX MIN AVG DEP HDD CDD  WTR  SNW DPTH SPD SPD DIR MIN PSBL S-S WX    SPD DR
================================================================================

 1  69  46  58   3   7   0 0.00  0.0    0 16.5 35 300   M    M   1 18     43 300
 2  75  43  59   4   6   0 0.00  0.0    0 10.1 26 290   M    M   0 18     32 290
 3  81  43  62   7   3   0 0.00  0.0    0  7.3 25 310   M    M   0        29 310
 4  72  44  58   3   7   0 0.00  0.0    0  8.6 28 300   M    M   0 18     33 310
 5  68  40  54  -1  11   0 0.00  0.0    0  8.0 23 300   M    M   2 18     28 300
 6  65  41  53  -2  12   0 0.00  0.0    0  7.1 22 310   M    M   2        26 310
 7  63  45  54  -1  11   0 0.60    M    0  8.5 18 300   M    M   5 18     24 150
 8  66  41  54  -1  11   0 0.00    M    0 10.0 29 300   M    M   1 1      35 300
 9  74  42  58   3   7   0 0.00  0.0    0  5.7 20 300   M    M   2 18     24 310
10  68  44  56   1   9   0 0.00  0.0    0  6.8 20 320   M    M   4        24 310
11  73  44  59   4   6   0 0.00  0.0    0 10.1 28 310   M    M   1        34 300
12  73  48  61   6   4   0 0.00  0.0    0  8.1 22 300   M    M   0 1      26 310
13  67  50  59   4   6   0 0.00  0.0    0  7.9 18 300   M    M   5 18     24 300
14  78  44  61   6   4   0 0.00  0.0    0 12.5 28  20   M    M   1        35  10
15  82  47  65   9   0   0 0.00  0.0    0 14.3 29 300   M    M   0        37  20
16  81  44  63   7   2   0 0.00  0.0    0  5.8 18 300   M    M   0        22 300
17  82  45  64   8   1   0 0.00  0.0    0  6.4 21 320   M    M   0 8      23 330
18  68  46  57   1   8   0 0.00  0.0    0  5.2 14 310   M    M   4 128     M  M
19  68  50  59   3   6   0 0.00  0.0    0  5.6 15 320   M    M   6 18     21 290
20  67  52  60   4   5   0 0.00  0.0    0  6.2 16 310   M    M   7 18     22 320
21  65  53  59   3   6   0 0.00  0.0    0  4.4 14 310   M    M   9        21 290
22  67  54  61   5   4   0 0.00  0.0    0  7.6 18 310   M    M   9 18     27 290
23  66  53  60   4   5   0 0.00  0.0    0  7.9 20 300   M    M   9 18     25 300
24  67  51  59   3   6   0 0.00  0.0    0  9.0 29 300   M    M   6        36 290
================================================================================
SM 1705 1110       147   0  0.60     0.0 199.6          M       74
================================================================================
AV 71.0 46.2                               8.3 FASTST   M    M   3    MAX(MPH)
                                 MISC ---->  # 35 300               # 43  300
================================================================================
NOTES:
# LAST OF SEVERAL OCCURRENCES

COLUMN 17 PEAK WIND IN M.P.H.

PRELIMINARY LOCAL CLIMATOLOGICAL DATA (WS FORM: F-6) , PAGE 2

                                          STATION:  SANTA MARIA AIRPORT CA
                                          MONTH:    APRIL
                                          YEAR:     2015
                                          LATITUDE:   34 54 N
                                          LONGITUDE: 120 27 W

[TEMPERATURE DATA]      [PRECIPITATION DATA]       SYMBOLS USED IN COLUMN 16

AVERAGE MONTHLY: 58.6   TOTAL FOR MONTH:   0.60    1 = FOG OR MIST
DPTR FM NORMAL:   3.2   DPTR FM NORMAL:   -0.25    2 = FOG REDUCING VISIBILITY
HIGHEST:    82 ON 17,15 GRTST 24HR  0.60 ON  7- 7      TO 1/4 MILE OR LESS
LOWEST:     40 ON  5                               3 = THUNDER
                        SNOW, ICE PELLETS, HAIL    4 = ICE PELLETS
                        TOTAL MONTH:   0.0 INCH    5 = HAIL
                        GRTST 24HR     0.0         6 = FREEZING RAIN OR DRIZZLE
                        GRTST DEPTH:   0           7 = DUSTSTORM OR SANDSTORM:
                                                       VSBY 1/2 MILE OR LESS
                                                   8 = SMOKE OR HAZE
[NO. OF DAYS WITH]      [WEATHER - DAYS WITH]      9 = BLOWING SNOW
                                                   X = TORNADO
MAX 32 OR BELOW:   0    0.01 INCH OR MORE:   1
MAX 90 OR ABOVE:   0    0.10 INCH OR MORE:   1
MIN 32 OR BELOW:   0    0.50 INCH OR MORE:   1
MIN  0 OR BELOW:   0    1.00 INCH OR MORE:   0

[HDD (BASE 65) ]
TOTAL THIS MO.   147    CLEAR  (SCALE 0-3)  14
DPTR FM NORMAL   -85    PTCLDY (SCALE 4-7)   7
TOTAL FM JUL 1   967    CLOUDY (SCALE 8-10)  3
DPTR FM NORMAL -1438

[CDD (BASE 65) ]
TOTAL THIS MO.     0
DPTR FM NORMAL     0    [PRESSURE DATA]
TOTAL FM JAN 1    27    HIGHEST SLP M ON M
DPTR FM NORMAL    25    LOWEST  SLP 29.78 ON 20

[REMARKS]
